{"id":4990,"date":"2022-12-06T10:43:00","date_gmt":"2022-12-06T09:43:00","guid":{"rendered":"https:\/\/us.edu.pl\/instytut\/ip\/?page_id=4990"},"modified":"2023-03-09T16:05:50","modified_gmt":"2023-03-09T15:05:50","slug":"zaburzenia-snu-w-ciazy-wplyw-na-zdrowie-psychiczne-matki-i-niemowlecia-sonnomamma","status":"publish","type":"page","link":"https:\/\/us.edu.pl\/instytut\/ip\/nauka\/zespoly-badawcze\/projekty-naukowe-2\/pregnancy-parenthoodlab-prepare-lab\/aktualne-projekty-prepare-lab\/zaburzenia-snu-w-ciazy-wplyw-na-zdrowie-psychiczne-matki-i-niemowlecia-sonnomamma\/","title":{"rendered":"Zaburzenia snu w ci\u0105\u017cy: wp\u0142yw na zdrowie psychiczne matki i niemowl\u0119cia (SonnoMamma)"},"content":{"rendered":"<p>[vc_row][vc_column]\r\n                <div class=\"text-modules \">\r\n                    <div class=\"container\">\r\n                         \r\n                        <div class=\"row m-0\">\r\n                            <div class=\"text-modules__content\">\r\n                                <span style=\"font-size: 14pt;\"><strong>Kierownik projektu:\u00a0<\/strong><a href=\"https:\/\/us.edu.pl\/instytut\/ip\/osoby\/dr-anna-kolodziej-zaleska\/\">dr Anna Ko\u0142odziej-Zaleska<\/a><\/span><\/p>\n<p><span style=\"font-size: 14pt;\"><strong>Tytu\u0142 projektu:\u00a0<\/strong>Zaburzenia snu w ci\u0105\u017cy: wp\u0142yw na zdrowie psychiczne matki i niemowl\u0119cia<\/span><\/p>\n<p><span style=\"font-size: 14pt;\"><strong>Konkurs:<\/strong>\u00a0MINIATURA VI<\/span><\/p>\n<p><span style=\"font-size: 14pt;\"><strong>Finansowanie:<\/strong>\u00a0Narodowe Centrum Bada\u0144 \u2013 NCN<\/span><\/p>\n<p><span style=\"font-size: 14pt;\"><strong>Kontakt:\u00a0<\/strong>anna.kolodziej-zaleska@us.edu.pl<\/span><\/p>\n<p><span style=\"font-size: 14pt;\"><strong>Cel badania:<\/strong> Celem badania jest ocena znaczenia\u00a0problem\u00f3w zwi\u0105zanych ze snem do\u015bwiadczanych w okresie oko\u0142oporodowym dla zdrowia psychicznego kobiet i ich nowo narodzonych dzieci.<\/span><\/p>\n<p><span style=\"font-size: 14pt;\"><strong>Studenci Psychologii U\u015a zaanga\u017cowani w projekt:<\/strong><\/span><\/p>\n<p><span style=\"font-size: 14pt;\">Sonia Bartodziej; Hanna B\u0142och; Patrycja Czauderna; Marlena Gancarz; Natalia Morawiec; Klaudia Olszewska; Adrianna Poloczek<\/span> \r\n                                <div class=\"mt-3\"><\/div>\r\n                            <\/div>\r\n                            \r\n                            <div class=\"text-modules__img\"><img src=\"https:\/\/us.edu.pl\/instytut\/ip\/wp-content\/uploads\/sites\/33\/Bez-kategorii\/pexels-yan-krukov-7156591-scaled.jpg\" alt=\"img\"><\/div>\r\n                        <\/div>\r\n                    <\/div>\r\n                <\/div>[\/vc_column][\/vc_row]<\/p>","protected":false},"excerpt":{"rendered":"<p>[vc_row][vc_column][\/vc_column][\/vc_row] [&#8230;]<\/p>\n<p><a class=\"btn btn-secondary understrap-read-more-link\" href=\"https:\/\/us.edu.pl\/instytut\/ip\/nauka\/zespoly-badawcze\/projekty-naukowe-2\/pregnancy-parenthoodlab-prepare-lab\/aktualne-projekty-prepare-lab\/zaburzenia-snu-w-ciazy-wplyw-na-zdrowie-psychiczne-matki-i-niemowlecia-sonnomamma\/\">Read More&#8230;<\/a><\/p>\n","protected":false},"author":159,"featured_media":0,"parent":4879,"menu_order":0,"comment_status":"closed","ping_status":"closed","template":"","meta":{"_expiration-date-status":"","_expiration-date":0,"_expiration-date-type":"","_expiration-date-categories":[],"_expiration-date-options":[]},"acf":[],"_links":{"self":[{"href":"https:\/\/us.edu.pl\/instytut\/ip\/wp-json\/wp\/v2\/pages\/4990"}],"collection":[{"href":"https:\/\/us.edu.pl\/instytut\/ip\/wp-json\/wp\/v2\/pages"}],"about":[{"href":"https:\/\/us.edu.pl\/instytut\/ip\/wp-json\/wp\/v2\/types\/page"}],"author":[{"embeddable":true,"href":"https:\/\/us.edu.pl\/instytut\/ip\/wp-json\/wp\/v2\/users\/159"}],"replies":[{"embeddable":true,"href":"https:\/\/us.edu.pl\/instytut\/ip\/wp-json\/wp\/v2\/comments?post=4990"}],"version-history":[{"count":4,"href":"https:\/\/us.edu.pl\/instytut\/ip\/wp-json\/wp\/v2\/pages\/4990\/revisions"}],"predecessor-version":[{"id":5297,"href":"https:\/\/us.edu.pl\/instytut\/ip\/wp-json\/wp\/v2\/pages\/4990\/revisions\/5297"}],"up":[{"embeddable":true,"href":"https:\/\/us.edu.pl\/instytut\/ip\/wp-json\/wp\/v2\/pages\/4879"}],"wp:attachment":[{"href":"https:\/\/us.edu.pl\/instytut\/ip\/wp-json\/wp\/v2\/media?parent=4990"}],"curies":[{"name":"wp","href":"https:\/\/api.w.org\/{rel}","templated":true}]}}

Zaburzenia snu w ciąży: wpływ na zdrowie psychiczne matki i niemowlęcia (SonnoMamma)

<p>[vc_row][vc_column]
                <div class="text-modules ">
                    <div class="container">
                         
                        <div class="row m-0">
                            <div class="text-modules__content">
                                <span style="font-size: 14pt;"><strong>Kierownik projektu: </strong><a href="https://us.edu.pl/instytut/ip/osoby/dr-anna-kolodziej-zaleska/">dr Anna Kołodziej-Zaleska</a></span></p>
<p><span style="font-size: 14pt;"><strong>Tytuł projektu: </strong>Zaburzenia snu w ciąży: wpływ na zdrowie psychiczne matki i niemowlęcia</span></p>
<p><span style="font-size: 14pt;"><strong>Konkurs:</strong> MINIATURA VI</span></p>
<p><span style="font-size: 14pt;"><strong>Finansowanie:</strong> Narodowe Centrum Badań – NCN</span></p>
<p><span style="font-size: 14pt;"><strong>Kontakt: </strong>anna.kolodziej-zaleska@us.edu.pl</span></p>
<p><span style="font-size: 14pt;"><strong>Cel badania:</strong> Celem badania jest ocena znaczenia problemów związanych ze snem doświadczanych w okresie okołoporodowym dla zdrowia psychicznego kobiet i ich nowo narodzonych dzieci.</span></p>
<p><span style="font-size: 14pt;"><strong>Studenci Psychologii UŚ zaangażowani w projekt:</strong></span></p>
<p><span style="font-size: 14pt;">Sonia Bartodziej; Hanna Błoch; Patrycja Czauderna; Marlena Gancarz; Natalia Morawiec; Klaudia Olszewska; Adrianna Poloczek</span> 
                                <div class="mt-3"></div>
                            </div>
                            
                            <div class="text-modules__img"><img src="https://us.edu.pl/instytut/ip/wp-content/uploads/sites/33/Bez-kategorii/pexels-yan-krukov-7156591-scaled.jpg" alt="img"></div>
                        </div>
                    </div>
                </div>[/vc_column][/vc_row]</p>
