{"id":1068,"date":"2020-09-30T18:17:32","date_gmt":"2020-09-30T16:17:32","guid":{"rendered":"https:\/\/us.edu.pl\/instytut\/ipe\/?page_id=1068"},"modified":"2020-09-30T18:24:31","modified_gmt":"2020-09-30T16:24:31","slug":"dr-agata-rzymelka-frackiewicz","status":"publish","type":"page","link":"https:\/\/us.edu.pl\/instytut\/ipe\/dr-agata-rzymelka-frackiewicz\/","title":{"rendered":"Dr Agata Rzyme\u0142ka-Fr\u0105ckiewicz"},"content":{"rendered":"<p>[vc_row][vc_column width=&#8221;1\/4&#8243;][vc_single_image image=&#8221;737&#8243; img_size=&#8221;medium&#8221; style=&#8221;vc_box_shadow_3d&#8221;][\/vc_column][vc_column width=&#8221;3\/4&#8243; css=&#8221;.vc_custom_1597521185463{border-bottom-width: -30px !important;}&#8221;][vc_column_text]<\/p>\n<table style=\"width: 72.9397%\">\n<tbody>\n<tr>\n<td style=\"width: 24.6684%\"><span style=\"font-size: 12pt;font-family: tahoma, arial, helvetica, sans-serif\">Stanowisko:<\/span><\/p>\n<p><span style=\"font-size: 12pt;font-family: tahoma, arial, helvetica, sans-serif\">Grupa:<\/span><\/p>\n<p><span style=\"font-size: 12pt;font-family: tahoma, arial, helvetica, sans-serif\">Specjalno\u015b\u0107:<\/span><\/p>\n<p><span style=\"font-size: 12pt;font-family: tahoma, arial, helvetica, sans-serif\">Pok\u00f3j:<\/span><\/p>\n<p><span style=\"font-size: 12pt;font-family: tahoma, arial, helvetica, sans-serif\">Telefon:<\/span><\/p>\n<p><span style=\"font-size: 12pt;font-family: tahoma, arial, helvetica, sans-serif\">e-mail:<\/span><\/p>\n<p><span style=\"font-size: 12pt;font-family: tahoma, arial, helvetica, sans-serif\"><img class=\"size-full wp-image-275\" src=\"http:\/\/us.edu.pl\/instytut\/im\/wp-content\/uploads\/sites\/43\/Nieprzypisane\/ORCID.png\" alt=\"Logo ORCID\" width=\"71\" height=\"22\" \/><\/span><\/td>\n<td style=\"width: 78.7798%\"><span style=\"font-size: 12pt;font-family: tahoma, arial, helvetica, sans-serif\"><strong>Adiunkt<\/strong><\/span><\/p>\n<p><span style=\"font-size: 12pt;font-family: tahoma, arial, helvetica, sans-serif\"><strong>Pracownicy badawczo-dydaktyczni<\/strong><\/span><\/p>\n<p><span style=\"font-size: 12pt;font-family: tahoma, arial, helvetica, sans-serif\"><strong>Pedagogika<br \/>\n<\/strong><\/span><\/p>\n<p>&nbsp;<\/p>\n<p>&nbsp;<\/p>\n<p><span style=\"font-size: 12pt\"><strong><span style=\"font-family: tahoma, arial, helvetica, sans-serif\">agata.rzymelka-frackiewicz@us.edu.pl<\/span><\/strong><\/span><\/p>\n<p><span style=\"font-size: 12pt;font-family: tahoma, arial, helvetica, sans-serif\"><strong><a href=\"https:\/\/orcid.org\/0000-0002-7173-2407\">0000-0002-7173-2407<\/a><\/strong><\/span><\/td>\n<\/tr>\n<\/tbody>\n<\/table>\n<p>[\/vc_column_text][\/vc_column][\/vc_row][vc_row][vc_column]\r\n\t\t\t\t<div class='container'>\r\n\t\t\t\t\t<div class='list-links list-links_blue'>\r\n\t\t\t\t\t\t  \r\n\t\t\t\t\t\t  <ul>\r\n\t\t\t\t\t\t\t\t<li><a href=''><p>Materia\u0142y dodatkowe<\/p><\/a><\/li><\/ul>\r\n\t\t\t\t\t<\/div>\r\n\t\t\t\t<\/div>   \r\n\t\t\t\t\t[\/vc_column][\/vc_row][vc_row][vc_column css=&#8221;.vc_custom_1597523042561{margin-bottom: -50px !important;}&#8221;]\r\n\t\t\t\t\t<div class='container'>\r\n\t\t\t\t\t\t<div class='sidebar_moduls sidebar_dropdown zakladki' style='background-color: #FFFFFF'>\r\n\t\t\t\t\t\t\t<h3 class='page-title'><\/h3>\r\n\t\t\t\t\t\t\t<p class='zakladki__desc'><\/p>\r\n\r\n\t\t\t\t\t\t\t<div class='bookmarks'>\r\n\t\t\t\t\t<div class=\"bookmark\">\r\n\t\t\t\t\t\t<div class=\"bookmark__title\">\r\n                            <h3>\r\n                                <span class=\"short\">Przebieg kariery naukowej<\/span>\r\n                                <span class=\"long\">Przebieg kariery naukowej<\/span>\r\n                            <\/h3>\r\n\t\t\t\t\t\t<\/div>\r\n\t\t\t\t\t\t\r\n\t\t\t\t\t\t<div class=\"bookmark__content-wrap\">\r\n\t\t\t\t\t\t\t<div class=\"bookmark__content\">\r\n\r\n\t\t\t\t\t\t\t\t\r\n\r\n\t\t\t\t\t\t\t\t<div class=\"bookmark_text\" style=\"font-size:20px;\">\r\n\t\t\t\t\t\t\t\t<li>2002 \u2013 uzyskanie tytu\u0142u magistra socjologii, Wydzia\u0142 Nauk Spo\u0142ecznych,  Uniwersytet \u015al\u0105ski w Katowicach. \n<li>2002 \u2013 uko\u0144czenie 2-letnich dziennikarskich studi\u00f3w podyplomowych, Wydzia\u0142 Nauk Spo\u0142ecznych, Uniwersytet \u015al\u0105ski w Katowicach (10.2000-06.2002).\n<li>2006 \u2013 uko\u0144czenie 4-letnich studi\u00f3w doktoranckich z zakresu pedagogiki, Wydzia\u0142 Nauk Spo\u0142ecznych, Uniwersytet \u015al\u0105ski w Katowicach (10.2002-06.2006).\n<li>2007 \u2013 uzyskanie stopnia doktora nauk humanistycznych, Wydzia\u0142 Pedagogiki i Psychologii,  Uniwersytet \u015al\u0105ski w Katowicach. \n<li>2015-2019 - cz\u0142onkostwo w Komitecie Nauk Pedagogicznych Polskiej Akademii Nauki (cz\u0142onek specjalista), kadencja 2015-2019.\n\n\n\n\n\r\n\t\t\t\t\t\t\t\t<br>\r\n\t\t\t\t\t\t\t\t\r\n\t\t\t\t\t\t\t\t<\/div>\r\n\t\t\t\t\t\t\t<\/div>\r\n\t\t\t\t\t\t<\/div>\r\n\t\t\t\t\t<\/div>\r\n\t\t\t\t\t<div class=\"bookmark\">\r\n\t\t\t\t\t\t<div class=\"bookmark__title\">\r\n                            <h3>\r\n                                <span class=\"short\">Zainteresowania badawcze<\/span>\r\n                                <span class=\"long\">Zainteresowania badawcze<\/span>\r\n                            <\/h3>\r\n\t\t\t\t\t\t<\/div>\r\n\t\t\t\t\t\t\r\n\t\t\t\t\t\t<div class=\"bookmark__content-wrap\">\r\n\t\t\t\t\t\t\t<div class=\"bookmark__content\">\r\n\r\n\t\t\t\t\t\t\t\t\r\n\r\n\t\t\t\t\t\t\t\t<div class=\"bookmark_text\" style=\"font-size:20px;\">\r\n\t\t\t\t\t\t\t\t<li>funkcjonowanie systemu edukacji w Polsce i wybranych krajach,\n<li>reforma systemu edukacji na r\u00f3\u017cnych szczeblach,\n<li>funkcjonowanie \u015brodowiska szkolnego w dzisiejszej rzeczywisto\u015bci,\n<li>relacje mi\u0119dzy rodzicami \u2013 szko\u0142\u0105 \u2013 uczniem \u2013 spo\u0142eczno\u015bci\u0105 lokaln\u0105,\n<li>wsp\u00f3\u0142czesna szko\u0142a w nast\u0119pstwie przemian spo\u0142eczno-kulturowych,  \n<li>wykszta\u0142cenie wy\u017csze a konstruowanie indywidualnego sukcesu \u017cyciowego i  rozwoju og\u00f3lnospo\u0142ecznego,\n<li>wy\u017csze wykszta\u0142cenie Polak\u00f3w w okresie wieloaspektowych przemian pocz\u0105tku XXI wieku,\n<li>aspiracje i oczekiwania edukacyjne a realia indywidualnej i spo\u0142ecznej rzeczywisto\u015bci,\n<li>zale\u017cno\u015b\u0107, wsp\u00f3\u0142praca, wzajemne warunkowanie mi\u0119dzy edukacj\u0105 a kultur\u0105 i sztuk\u0105.\n\n\n\n\n\n\n\r\n\t\t\t\t\t\t\t\t<br>\r\n\t\t\t\t\t\t\t\t\r\n\t\t\t\t\t\t\t\t<\/div>\r\n\t\t\t\t\t\t\t<\/div>\r\n\t\t\t\t\t\t<\/div>\r\n\t\t\t\t\t<\/div>\r\n\t\t\t\t\t<div class=\"bookmark\">\r\n\t\t\t\t\t\t<div class=\"bookmark__title\">\r\n                            <h3>\r\n                                <span class=\"short\">Najwa\u017cniejsze osi\u0105gni\u0119cia naukowe, wyr\u00f3\u017cnienia i nagrody<\/span>\r\n                                <span class=\"long\">Najwa\u017cniejsze osi\u0105gni\u0119cia naukowe, wyr\u00f3\u017cnienia i nagrody<\/span>\r\n                            <\/h3>\r\n\t\t\t\t\t\t<\/div>\r\n\t\t\t\t\t\t\r\n\t\t\t\t\t\t<div class=\"bookmark__content-wrap\">\r\n\t\t\t\t\t\t\t<div class=\"bookmark__content\">\r\n\r\n\t\t\t\t\t\t\t\t\r\n\r\n\t\t\t\t\t\t\t\t<div class=\"bookmark_text\" style=\"font-size:20px;\">\r\n\t\t\t\t\t\t\t\t<li>2010 \u2013 Rzyme\u0142ka-Fr\u0105ckiewicz Agata, Politycy wobec przemian edukacyjnych. Studium odpowiedzialno\u015bci spo\u0142ecznej, Wydawnictwo Adam Marsza\u0142ek, Toru\u0144 2010, ss. 247; ISBN 978-83-7611-517-7. \n<li>2014 \u2013 Wsp\u00f3\u0142czesna szko\u0142a w nast\u0119pstwie przemian spo\u0142eczno-kulturowych. Studia i refleksje socjopedagogiczne, Rzyme\u0142ka-Fr\u0105ckiewicz Agata (Red.), Wydawnictwo Edukacyjne \u201eAkapit\u201d, Toru\u0144 2014, ss.271; ISBN 978-83-63955-14-4.\n<li>2014 \u2013 Rzyme\u0142ka-Fr\u0105ckiewicz Agata, Wilk Teresa, Logic of some \u2013 selected \u2013 concepts in contemporary education (between education and perception of committed art.\/theatre), Toru\u0144 2014, Wydawnictwo Edukacyjne \u201eAkapit\u201d, ss. 262; ISBN 978-83-63955-19-9. \n<li>2016 \u2013 Edukacja, kultura, sztuka - spoisto\u015b\u0107 a integracja, Rzyme\u0142ka-Fr\u0105ckiewicz Agata, Wilk Teresa (Red.), Wydawnictwo Uniwersytetu \u015al\u0105skiego, Katowice 2016, ss. 211; ISBN 978-83-8012-666-4.\n<li>2017 \u2013 Rzyme\u0142ka-Fr\u0105ckiewicz Agata, Sze\u015bciolatek w szkolnej \u0142awce \u2013 obni\u017cenie obowi\u0105zkowego wieku szkolnego w polskim systemie edukacyjnym, Wydawnictwo Uniwersytetu \u015al\u0105skiego, Katowice 2017,  ss.134; ISBN 978-83-226-3280-2 (wersja drukowana), ISBN 978-83-226-3281-9 (wersja elektroniczna).\n<li>2020 \u2013 Problematyczno\u015b\u0107 rozwoju cz\u0142owieka w obszarach edukacji, kultury wsp\u00f3\u0142czesnej. Socjopedagogiczne zbiorowe szkice polemiczne, Rzyme\u0142ka-Fr\u0105ckiewicz Agata, Wilk Teresa (Red.), Toru\u0144 2020, Wydawnictwo Edukacyjne \u201eAkapit\u201d.\n<br>\n<br>\n<li>Jedna indywidualna i trzy zespo\u0142owe nagrody JM Rektora Uniwersytetu \u015alaskiego\n\r\n\t\t\t\t\t\t\t\t<br>\r\n\t\t\t\t\t\t\t\t\r\n\t\t\t\t\t\t\t\t<\/div>\r\n\t\t\t\t\t\t\t<\/div>\r\n\t\t\t\t\t\t<\/div>\r\n\t\t\t\t\t<\/div>\r\n\t\t\t\t\t<div class=\"bookmark\">\r\n\t\t\t\t\t\t<div class=\"bookmark__title\">\r\n                            <h3>\r\n                                <span class=\"short\">Sta\u017ce naukowe\/Wizyty studyjne<\/span>\r\n                                <span class=\"long\">Sta\u017ce naukowe\/Wizyty studyjne<\/span>\r\n                            <\/h3>\r\n\t\t\t\t\t\t<\/div>\r\n\t\t\t\t\t\t\r\n\t\t\t\t\t\t<div class=\"bookmark__content-wrap\">\r\n\t\t\t\t\t\t\t<div class=\"bookmark__content\">\r\n\r\n\t\t\t\t\t\t\t\t\r\n\r\n\t\t\t\t\t\t\t\t<div class=\"bookmark_text\" style=\"font-size:20px;\">\r\n\t\t\t\t\t\t\t\t<b>Sta\u017c naukowy (kr\u00f3tkoterminowy):<\/b>\n <li>Uniwersytet Borysa Grinczenki w Kijowie\n   Kij\u00f3w, Ukraina, 26.11 \u2013 03.12. 2016r.\n<br>\n<br>\n<b>Sta\u017c naukowy (kr\u00f3tkoterminowy):<\/b>\n <li>Bia\u0142oruski Pa\u0144stwowy Uniwersytet w Mi\u0144sku \n  Mi\u0144sk, Bia\u0142oru\u015b 22.05. \u2013 26.05. 2017r.\n\r\n\t\t\t\t\t\t\t\t<br>\r\n\t\t\t\t\t\t\t\t\r\n\t\t\t\t\t\t\t\t<\/div>\r\n\t\t\t\t\t\t\t<\/div>\r\n\t\t\t\t\t\t<\/div>\r\n\t\t\t\t\t<\/div>\r\n\t\t\t\t\t<div class=\"bookmark\">\r\n\t\t\t\t\t\t<div class=\"bookmark__title\">\r\n                            <h3>\r\n                                <span class=\"short\">Cz\u0142onkostwo w radach naukowych i radach redakcyjnych <\/span>\r\n                                <span class=\"long\">Cz\u0142onkostwo w radach naukowych i radach redakcyjnych <\/span>\r\n                            <\/h3>\r\n\t\t\t\t\t\t<\/div>\r\n\t\t\t\t\t\t\r\n\t\t\t\t\t\t<div class=\"bookmark__content-wrap\">\r\n\t\t\t\t\t\t\t<div class=\"bookmark__content\">\r\n\r\n\t\t\t\t\t\t\t\t\r\n\r\n\t\t\t\t\t\t\t\t<div class=\"bookmark_text\" style=\"font-size:20px;\">\r\n\t\t\t\t\t\t\t\t\r\n\t\t\t\t\t\t\t\t<br>\r\n\t\t\t\t\t\t\t\t\r\n\t\t\t\t\t\t\t\t<\/div>\r\n\t\t\t\t\t\t\t<\/div>\r\n\t\t\t\t\t\t<\/div>\r\n\t\t\t\t\t<\/div><\/div>\r\n\t\t\t\t\t\t<\/div>\r\n\t\t\t\t\t <\/div>[\/vc_column][\/vc_row]<\/p>","protected":false},"excerpt":{"rendered":"<p>[vc_row][vc_column width=&#8221;1\/4&#8243;][vc_single_image image=&#8221;737&#8243; img_size=&#8221;medium&#8221; style=&#8221;vc_box_shadow_3d&#8221;][\/vc_column][vc_column width=&#8221;3\/4&#8243; css=&#8221;.vc_custom_1597521185463{border-bottom-width: -30px !important;}&#8221;][vc_column_text] Stanowisko: Grupa: Specjalno\u015b\u0107: Pok\u00f3j: Telefon: e-mail: Adiunkt Pracownicy badawczo-dydaktyczni Pedagogika &nbsp; &nbsp; agata.rzymelka-frackiewicz@us.edu.pl 0000-0002-7173-2407 [\/vc_column_text][\/vc_column][\/vc_row][vc_row][vc_column][\/vc_column][\/vc_row][vc_row][vc_column css=&#8221;.vc_custom_1597523042561{margin-bottom: -50px !important;}&#8221;][\/vc_column][\/vc_row] [&#8230;]<\/p>\n<p><a class=\"btn btn-secondary understrap-read-more-link\" href=\"https:\/\/us.edu.pl\/instytut\/ipe\/dr-agata-rzymelka-frackiewicz\/\">Read More&#8230;<\/a><\/p>\n","protected":false},"author":2293,"featured_media":0,"parent":0,"menu_order":0,"comment_status":"closed","ping_status":"closed","template":"page-templates\/page-with-bookmarks.php","meta":{"_expiration-date-status":"saved","_expiration-date":0,"_expiration-date-type":"","_expiration-date-categories":[],"_expiration-date-options":[]},"acf":[],"_links":{"self":[{"href":"https:\/\/us.edu.pl\/instytut\/ipe\/wp-json\/wp\/v2\/pages\/1068"}],"collection":[{"href":"https:\/\/us.edu.pl\/instytut\/ipe\/wp-json\/wp\/v2\/pages"}],"about":[{"href":"https:\/\/us.edu.pl\/instytut\/ipe\/wp-json\/wp\/v2\/types\/page"}],"author":[{"embeddable":true,"href":"https:\/\/us.edu.pl\/instytut\/ipe\/wp-json\/wp\/v2\/users\/2293"}],"replies":[{"embeddable":true,"href":"https:\/\/us.edu.pl\/instytut\/ipe\/wp-json\/wp\/v2\/comments?post=1068"}],"version-history":[{"count":3,"href":"https:\/\/us.edu.pl\/instytut\/ipe\/wp-json\/wp\/v2\/pages\/1068\/revisions"}],"predecessor-version":[{"id":1071,"href":"https:\/\/us.edu.pl\/instytut\/ipe\/wp-json\/wp\/v2\/pages\/1068\/revisions\/1071"}],"wp:attachment":[{"href":"https:\/\/us.edu.pl\/instytut\/ipe\/wp-json\/wp\/v2\/media?parent=1068"}],"curies":[{"name":"wp","href":"https:\/\/api.w.org\/{rel}","templated":true}]}}