{"id":1223,"date":"2020-12-10T15:30:14","date_gmt":"2020-12-10T14:30:14","guid":{"rendered":"https:\/\/us.edu.pl\/instytut\/ipe\/?page_id=1223"},"modified":"2020-12-10T15:37:17","modified_gmt":"2020-12-10T14:37:17","slug":"dr-hab-urszula-klajmon-lech","status":"publish","type":"page","link":"https:\/\/us.edu.pl\/instytut\/ipe\/dr-hab-urszula-klajmon-lech\/","title":{"rendered":"dr hab. Urszula Klajmon-Lech, prof. U\u015a"},"content":{"rendered":"<p>[vc_row][vc_column width=&#8221;1\/4&#8243;][vc_single_image image=&#8221;1224&#8243; img_size=&#8221;medium&#8221; style=&#8221;vc_box_shadow_3d&#8221;][\/vc_column][vc_column width=&#8221;3\/4&#8243; css=&#8221;.vc_custom_1597521185463{border-bottom-width: -30px !important;}&#8221;][vc_column_text]<\/p>\n<table style=\"width: 72.9397%\">\n<tbody>\n<tr>\n<td style=\"width: 24.6684%\"><span style=\"font-size: 12pt;font-family: tahoma, arial, helvetica, sans-serif\">Stanowisko:<\/span><\/p>\n<p><span style=\"font-size: 12pt;font-family: tahoma, arial, helvetica, sans-serif\">Grupa:<\/span><\/p>\n<p><span style=\"font-size: 12pt;font-family: tahoma, arial, helvetica, sans-serif\">Specjalno\u015b\u0107:<\/span><\/p>\n<p><span style=\"font-size: 12pt;font-family: tahoma, arial, helvetica, sans-serif\">Pok\u00f3j:<\/span><\/p>\n<p><span style=\"font-size: 12pt;font-family: tahoma, arial, helvetica, sans-serif\">Telefon:<\/span><\/p>\n<p><span style=\"font-size: 12pt;font-family: tahoma, arial, helvetica, sans-serif\">e-mail:<\/span><\/p>\n<p><span style=\"font-size: 12pt;font-family: tahoma, arial, helvetica, sans-serif\"><img class=\"size-full wp-image-275\" src=\"http:\/\/us.edu.pl\/instytut\/im\/wp-content\/uploads\/sites\/43\/Nieprzypisane\/ORCID.png\" alt=\"Logo ORCID\" width=\"71\" height=\"22\" \/><\/span><\/td>\n<td style=\"width: 78.7798%\"><span style=\"font-size: 12pt;font-family: tahoma, arial, helvetica, sans-serif\"><strong>Profesor Uczelni<\/strong><\/span><\/p>\n<p><span style=\"font-size: 12pt;font-family: tahoma, arial, helvetica, sans-serif\"><strong>Pracownicy badawczo-dydaktyczni<\/strong><\/span><\/p>\n<p><span style=\"font-size: 12pt;font-family: tahoma, arial, helvetica, sans-serif\"><strong>Pedagogika<br \/>\n<\/strong><\/span><\/p>\n<p><strong><span style=\"font-family: tahoma, arial, helvetica, sans-serif;font-size: 12pt\">253<\/span><\/strong><\/p>\n<p>&nbsp;<\/p>\n<p><strong><span style=\"font-family: tahoma, arial, helvetica, sans-serif;font-size: medium\">urszula.klajmon-lech@us.edu.pl<\/span><\/strong><\/p>\n<p><span style=\"font-size: 12pt;font-family: tahoma, arial, helvetica, sans-serif\"><strong><a href=\"https:\/\/orcid.org\/0000-0003-4195-2094\">0000-0003-4195-2094<\/a><\/strong><\/span><\/td>\n<\/tr>\n<\/tbody>\n<\/table>\n<p>[\/vc_column_text][\/vc_column][\/vc_row][vc_row][vc_column]\r\n\t\t\t\t<div class='container'>\r\n\t\t\t\t\t<div class='list-links list-links_blue'>\r\n\t\t\t\t\t\t  \r\n\t\t\t\t\t\t  <ul>\r\n\t\t\t\t\t\t\t\t<li><a href=''><p>Materia\u0142y dodatkowe<\/p><\/a><\/li><\/ul>\r\n\t\t\t\t\t<\/div>\r\n\t\t\t\t<\/div>   \r\n\t\t\t\t\t[\/vc_column][\/vc_row][vc_row][vc_column css=&#8221;.vc_custom_1597523042561{margin-bottom: -50px !important;}&#8221;]\r\n\t\t\t\t\t<div class='container'>\r\n\t\t\t\t\t\t<div class='sidebar_moduls sidebar_dropdown zakladki' style='background-color: #FFFFFF'>\r\n\t\t\t\t\t\t\t<h3 class='page-title'><\/h3>\r\n\t\t\t\t\t\t\t<p class='zakladki__desc'><\/p>\r\n\r\n\t\t\t\t\t\t\t<div class='bookmarks'>\r\n\t\t\t\t\t<div class=\"bookmark\">\r\n\t\t\t\t\t\t<div class=\"bookmark__title\">\r\n                            <h3>\r\n                                <span class=\"short\">Przebieg kariery naukowej<\/span>\r\n                                <span class=\"long\">Przebieg kariery naukowej<\/span>\r\n                            <\/h3>\r\n\t\t\t\t\t\t<\/div>\r\n\t\t\t\t\t\t\r\n\t\t\t\t\t\t<div class=\"bookmark__content-wrap\">\r\n\t\t\t\t\t\t\t<div class=\"bookmark__content\">\r\n\r\n\t\t\t\t\t\t\t\t\r\n\r\n\t\t\t\t\t\t\t\t<div class=\"bookmark_text\" style=\"font-size:20px;\">\r\n\t\t\t\t\t\t\t\t<li>1994 rok uzyskanie tytu\u0142u zawodowego magistra filologii polskiej, Uniwersytet \u015al\u0105ski w Katowicach, Wydzia\u0142 Filologiczny, specjalno\u015b\u0107: filologia polska.\n<li>1996 rok uzyskanie tytu\u0142u zawodowego magistra teologii, Katolicki Uniwersytet Lubelski, Wydzia\u0142 Teologiczny, specjalno\u015b\u0107: teologia.\n<li>2004 rok  Katolicki Uniwersytet Lubelski, Wydzia\u0142 Nauk Spo\u0142ecznych. Stopie\u0144 doktora nauk humanistycznych w zakresie pedagogiki uzyskany na podstawie rozprawy doktorskiej pt. Dzia\u0142alno\u015b\u0107 edukacyjna Ko\u015bcio\u0142a Rzymskokatolickiego na \u015al\u0105sku Cieszy\u0144skim po II Wojnie \u015awiatowej napisanej pod kierunkiem prof. zw. dr hab. Tadeusza Lewowickiego. Recenzentami byli prof. zw. dr hab. Katarzyna Olbrycht i ks. prof. dr hab. Marian Nowak.\n<li>2018 rok uzyskanie stopnia doktor habilitowany nauk humanistycznych w zakresie pedagogiki, temat rozprawy habilitacyjnej: Trajektoria \u017cycia rodzic\u00f3w dzieci z rzadkimi chorobami genetycznymi. Formy spo\u0142ecznego wsparcia. \n\r\n\t\t\t\t\t\t\t\t<br>\r\n\t\t\t\t\t\t\t\t\r\n\t\t\t\t\t\t\t\t<\/div>\r\n\t\t\t\t\t\t\t<\/div>\r\n\t\t\t\t\t\t<\/div>\r\n\t\t\t\t\t<\/div>\r\n\t\t\t\t\t<div class=\"bookmark\">\r\n\t\t\t\t\t\t<div class=\"bookmark__title\">\r\n                            <h3>\r\n                                <span class=\"short\">Zainteresowania badawcze<\/span>\r\n                                <span class=\"long\">Zainteresowania badawcze<\/span>\r\n                            <\/h3>\r\n\t\t\t\t\t\t<\/div>\r\n\t\t\t\t\t\t\r\n\t\t\t\t\t\t<div class=\"bookmark__content-wrap\">\r\n\t\t\t\t\t\t\t<div class=\"bookmark__content\">\r\n\r\n\t\t\t\t\t\t\t\t\r\n\r\n\t\t\t\t\t\t\t\t<div class=\"bookmark_text\" style=\"font-size:20px;\">\r\n\t\t\t\t\t\t\t\tProblematyka zainteresowa\u0144 naukowych dotyczy:\n<li>Pedagogiki rodziny, w tym pedagogizacji rodzic\u00f3w, ma\u0142\u017ce\u0144stwa i rodziny w aspekcie przemian jej funkcji; \n<li>Pedagogiki specjalnej, w tym rodziny z dzieckiem z rzadk\u0105 chorob\u0105 genetyczn\u0105, rodziny z dzieckiem z niepe\u0142nosprawno\u015bci\u0105 umys\u0142ow\u0105, rodze\u0144stwem os\u00f3b chorych\/z niepe\u0142nosprawno\u015bci\u0105;\n<li>Metodologii bada\u0144 jako\u015bciowych, zw\u0142aszcza wywiadu narracyjnego;\n<li>Edukacji wielo- i mi\u0119dzykulturowej, a w szczeg\u00f3lno\u015bci kwesti\u0105 to\u017csamo\u015bci kulturowej i religijnej os\u00f3b \u017cyj\u0105cych na Pograniczu. \n\r\n\t\t\t\t\t\t\t\t<br>\r\n\t\t\t\t\t\t\t\t\r\n\t\t\t\t\t\t\t\t<\/div>\r\n\t\t\t\t\t\t\t<\/div>\r\n\t\t\t\t\t\t<\/div>\r\n\t\t\t\t\t<\/div>\r\n\t\t\t\t\t<div class=\"bookmark\">\r\n\t\t\t\t\t\t<div class=\"bookmark__title\">\r\n                            <h3>\r\n                                <span class=\"short\">Najwa\u017cniejsze osi\u0105gni\u0119cia naukowe, wyr\u00f3\u017cnienia i nagrody<\/span>\r\n                                <span class=\"long\">Najwa\u017cniejsze osi\u0105gni\u0119cia naukowe, wyr\u00f3\u017cnienia i nagrody<\/span>\r\n                            <\/h3>\r\n\t\t\t\t\t\t<\/div>\r\n\t\t\t\t\t\t\r\n\t\t\t\t\t\t<div class=\"bookmark__content-wrap\">\r\n\t\t\t\t\t\t\t<div class=\"bookmark__content\">\r\n\r\n\t\t\t\t\t\t\t\t\r\n\r\n\t\t\t\t\t\t\t\t<div class=\"bookmark_text\" style=\"font-size:20px;\">\r\n\t\t\t\t\t\t\t\t<li>Autor, wsp\u00f3\u0142autor i wsp\u00f3\u0142redaktor naukowy 7 monografii  oraz 54 artyku\u0142\u00f3w.\n<li>Czynny udzia\u0142 w 64 mi\u0119dzynarodowych konferencjach.\n<li>Nagroda Zespo\u0142owa II stopnia JM Rektora Uniwersytetu \u015al\u0105skiego za dzia\u0142alno\u015b\u0107 naukowo-badawcz\u0105 \u2013 1. 10. 2014 roku. \n<li>Udzia\u0142 w projekcie badawczym Narodowego centrum Nauki: Edukacja dzieci w polskich szko\u0142ach na obczy\u017anie: strategie kulturalizacyjne \u2013 poczucie to\u017csamo\u015bci \u2013 dystans kulturowy. \n<li>Realizacja projektu Ministerstwa Edukacji Narodowej Studia podyplomowe dla nauczycieli w zakresie ICT, j\u0119zyk\u00f3w obcych oraz drugiego przedmiot uwsp\u00f3\u0142finansowanego przez Europejski Fundusz Spo\u0142eczny.\n\n\r\n\t\t\t\t\t\t\t\t<br>\r\n\t\t\t\t\t\t\t\t\r\n\t\t\t\t\t\t\t\t<\/div>\r\n\t\t\t\t\t\t\t<\/div>\r\n\t\t\t\t\t\t<\/div>\r\n\t\t\t\t\t<\/div>\r\n\t\t\t\t\t<div class=\"bookmark\">\r\n\t\t\t\t\t\t<div class=\"bookmark__title\">\r\n                            <h3>\r\n                                <span class=\"short\">Sta\u017ce naukowe\/Wizyty studyjne<\/span>\r\n                                <span class=\"long\">Sta\u017ce naukowe\/Wizyty studyjne<\/span>\r\n                            <\/h3>\r\n\t\t\t\t\t\t<\/div>\r\n\t\t\t\t\t\t\r\n\t\t\t\t\t\t<div class=\"bookmark__content-wrap\">\r\n\t\t\t\t\t\t\t<div class=\"bookmark__content\">\r\n\r\n\t\t\t\t\t\t\t\t\r\n\r\n\t\t\t\t\t\t\t\t<div class=\"bookmark_text\" style=\"font-size:20px;\">\r\n\t\t\t\t\t\t\t\t<li>Sta\u017c naukowy w Uniwersytecie im. B. Grincenki w Kijowie (2017)\n<li>Sta\u017c naukowy w Wydziale Pedagogiki i Psychologii Uniwersytetu w Bia\u0142ymstoku ( 2017).\n<li>Wyjazd dydaktyczny (STA) w ramach programu Erasmus+ (2018) w Pre\u0161ovska Univerzita w Pre\u0161ove.\n\r\n\t\t\t\t\t\t\t\t<br>\r\n\t\t\t\t\t\t\t\t\r\n\t\t\t\t\t\t\t\t<\/div>\r\n\t\t\t\t\t\t\t<\/div>\r\n\t\t\t\t\t\t<\/div>\r\n\t\t\t\t\t<\/div>\r\n\t\t\t\t\t<div class=\"bookmark\">\r\n\t\t\t\t\t\t<div class=\"bookmark__title\">\r\n                            <h3>\r\n                                <span class=\"short\">Cz\u0142onkostwo w radach naukowych i radach redakcyjnych <\/span>\r\n                                <span class=\"long\">Cz\u0142onkostwo w radach naukowych i radach redakcyjnych <\/span>\r\n                            <\/h3>\r\n\t\t\t\t\t\t<\/div>\r\n\t\t\t\t\t\t\r\n\t\t\t\t\t\t<div class=\"bookmark__content-wrap\">\r\n\t\t\t\t\t\t\t<div class=\"bookmark__content\">\r\n\r\n\t\t\t\t\t\t\t\t\r\n\r\n\t\t\t\t\t\t\t\t<div class=\"bookmark_text\" style=\"font-size:20px;\">\r\n\t\t\t\t\t\t\t\t<li>Cz\u0142onkostwo w zespole redakcyjnym czasopisma \u201eEdukacja Mi\u0119dzykulturowa\u201d (redaktor j\u0119zykowy \u2013 j\u0119zyk polski). Redaktor naukowy tomu 2017 nr 2 (7) tego czasopisma.\n<li>Cz\u0142onek zarz\u0105du Polskiego Towarzystwa Pedagogicznego Oddzia\u0142 w Cieszynie (2015-2020).\n\r\n\t\t\t\t\t\t\t\t<br>\r\n\t\t\t\t\t\t\t\t\r\n\t\t\t\t\t\t\t\t<\/div>\r\n\t\t\t\t\t\t\t<\/div>\r\n\t\t\t\t\t\t<\/div>\r\n\t\t\t\t\t<\/div><\/div>\r\n\t\t\t\t\t\t<\/div>\r\n\t\t\t\t\t <\/div>[\/vc_column][\/vc_row]<\/p>","protected":false},"excerpt":{"rendered":"<p>[vc_row][vc_column width=&#8221;1\/4&#8243;][vc_single_image image=&#8221;1224&#8243; img_size=&#8221;medium&#8221; style=&#8221;vc_box_shadow_3d&#8221;][\/vc_column][vc_column width=&#8221;3\/4&#8243; css=&#8221;.vc_custom_1597521185463{border-bottom-width: -30px !important;}&#8221;][vc_column_text] Stanowisko: Grupa: Specjalno\u015b\u0107: Pok\u00f3j: Telefon: e-mail: Profesor Uczelni Pracownicy badawczo-dydaktyczni Pedagogika 253 &nbsp; urszula.klajmon-lech@us.edu.pl 0000-0003-4195-2094 [\/vc_column_text][\/vc_column][\/vc_row][vc_row][vc_column][\/vc_column][\/vc_row][vc_row][vc_column css=&#8221;.vc_custom_1597523042561{margin-bottom: -50px !important;}&#8221;][\/vc_column][\/vc_row] [&#8230;]<\/p>\n<p><a class=\"btn btn-secondary understrap-read-more-link\" href=\"https:\/\/us.edu.pl\/instytut\/ipe\/dr-hab-urszula-klajmon-lech\/\">Read More&#8230;<\/a><\/p>\n","protected":false},"author":2293,"featured_media":0,"parent":0,"menu_order":0,"comment_status":"closed","ping_status":"closed","template":"page-templates\/page-with-bookmarks.php","meta":{"_expiration-date-status":"saved","_expiration-date":0,"_expiration-date-type":"","_expiration-date-categories":[],"_expiration-date-options":[]},"acf":[],"_links":{"self":[{"href":"https:\/\/us.edu.pl\/instytut\/ipe\/wp-json\/wp\/v2\/pages\/1223"}],"collection":[{"href":"https:\/\/us.edu.pl\/instytut\/ipe\/wp-json\/wp\/v2\/pages"}],"about":[{"href":"https:\/\/us.edu.pl\/instytut\/ipe\/wp-json\/wp\/v2\/types\/page"}],"author":[{"embeddable":true,"href":"https:\/\/us.edu.pl\/instytut\/ipe\/wp-json\/wp\/v2\/users\/2293"}],"replies":[{"embeddable":true,"href":"https:\/\/us.edu.pl\/instytut\/ipe\/wp-json\/wp\/v2\/comments?post=1223"}],"version-history":[{"count":3,"href":"https:\/\/us.edu.pl\/instytut\/ipe\/wp-json\/wp\/v2\/pages\/1223\/revisions"}],"predecessor-version":[{"id":1227,"href":"https:\/\/us.edu.pl\/instytut\/ipe\/wp-json\/wp\/v2\/pages\/1223\/revisions\/1227"}],"wp:attachment":[{"href":"https:\/\/us.edu.pl\/instytut\/ipe\/wp-json\/wp\/v2\/media?parent=1223"}],"curies":[{"name":"wp","href":"https:\/\/api.w.org\/{rel}","templated":true}]}}

dr hab. Urszula Klajmon-Lech, prof. UŚ

<p>[vc_row][vc_column width=&#8221;1/4&#8243;][vc_single_image image=&#8221;1224&#8243; img_size=&#8221;medium&#8221; style=&#8221;vc_box_shadow_3d&#8221;][/vc_column][vc_column width=&#8221;3/4&#8243; css=&#8221;.vc_custom_1597521185463{border-bottom-width: -30px !important;}&#8221;][vc_column_text]</p>
<table style="width: 72.9397%">
<tbody>
<tr>
<td style="width: 24.6684%"><span style="font-size: 12pt;font-family: tahoma, arial, helvetica, sans-serif">Stanowisko:</span></p>
<p><span style="font-size: 12pt;font-family: tahoma, arial, helvetica, sans-serif">Grupa:</span></p>
<p><span style="font-size: 12pt;font-family: tahoma, arial, helvetica, sans-serif">Specjalność:</span></p>
<p><span style="font-size: 12pt;font-family: tahoma, arial, helvetica, sans-serif">Pokój:</span></p>
<p><span style="font-size: 12pt;font-family: tahoma, arial, helvetica, sans-serif">Telefon:</span></p>
<p><span style="font-size: 12pt;font-family: tahoma, arial, helvetica, sans-serif">e-mail:</span></p>
<p><span style="font-size: 12pt;font-family: tahoma, arial, helvetica, sans-serif"><img class="size-full wp-image-275" src="http://us.edu.pl/instytut/im/wp-content/uploads/sites/43/Nieprzypisane/ORCID.png" alt="Logo ORCID" width="71" height="22" /></span></td>
<td style="width: 78.7798%"><span style="font-size: 12pt;font-family: tahoma, arial, helvetica, sans-serif"><strong>Profesor Uczelni</strong></span></p>
<p><span style="font-size: 12pt;font-family: tahoma, arial, helvetica, sans-serif"><strong>Pracownicy badawczo-dydaktyczni</strong></span></p>
<p><span style="font-size: 12pt;font-family: tahoma, arial, helvetica, sans-serif"><strong>Pedagogika<br />
</strong></span></p>
<p><strong><span style="font-family: tahoma, arial, helvetica, sans-serif;font-size: 12pt">253</span></strong></p>
<p>&nbsp;</p>
<p><strong><span style="font-family: tahoma, arial, helvetica, sans-serif;font-size: medium">urszula.klajmon-lech@us.edu.pl</span></strong></p>
<p><span style="font-size: 12pt;font-family: tahoma, arial, helvetica, sans-serif"><strong><a href="https://orcid.org/0000-0003-4195-2094">0000-0003-4195-2094</a></strong></span></td>
</tr>
</tbody>
</table>
<p>[/vc_column_text][/vc_column][/vc_row][vc_row][vc_column]
				<div class='container'>
					<div class='list-links list-links_blue'>
						  
						  <ul>
								<li><a href=''><p>Materiały dodatkowe</p></a></li></ul>
					</div>
				</div>   
					[/vc_column][/vc_row][vc_row][vc_column css=&#8221;.vc_custom_1597523042561{margin-bottom: -50px !important;}&#8221;]
					<div class='container'>
						<div class='sidebar_moduls sidebar_dropdown zakladki' style='background-color: #FFFFFF'>
							<h3 class='page-title'></h3>
							<p class='zakladki__desc'></p>

							<div class='bookmarks'>
					<div class="bookmark">
						<div class="bookmark__title">
                            <h3>
                                <span class="short">Przebieg kariery naukowej</span>
                                <span class="long">Przebieg kariery naukowej</span>
                            </h3>
						</div>
						
						<div class="bookmark__content-wrap">
							<div class="bookmark__content">

								

								<div class="bookmark_text" style="font-size:20px;">
								<li>1994 rok uzyskanie tytułu zawodowego magistra filologii polskiej, Uniwersytet Śląski w Katowicach, Wydział Filologiczny, specjalność: filologia polska.
<li>1996 rok uzyskanie tytułu zawodowego magistra teologii, Katolicki Uniwersytet Lubelski, Wydział Teologiczny, specjalność: teologia.
<li>2004 rok  Katolicki Uniwersytet Lubelski, Wydział Nauk Społecznych. Stopień doktora nauk humanistycznych w zakresie pedagogiki uzyskany na podstawie rozprawy doktorskiej pt. Działalność edukacyjna Kościoła Rzymskokatolickiego na Śląsku Cieszyńskim po II Wojnie Światowej napisanej pod kierunkiem prof. zw. dr hab. Tadeusza Lewowickiego. Recenzentami byli prof. zw. dr hab. Katarzyna Olbrycht i ks. prof. dr hab. Marian Nowak.
<li>2018 rok uzyskanie stopnia doktor habilitowany nauk humanistycznych w zakresie pedagogiki, temat rozprawy habilitacyjnej: Trajektoria życia rodziców dzieci z rzadkimi chorobami genetycznymi. Formy społecznego wsparcia. 

								<br>
								
								</div>
							</div>
						</div>
					</div>
					<div class="bookmark">
						<div class="bookmark__title">
                            <h3>
                                <span class="short">Zainteresowania badawcze</span>
                                <span class="long">Zainteresowania badawcze</span>
                            </h3>
						</div>
						
						<div class="bookmark__content-wrap">
							<div class="bookmark__content">

								

								<div class="bookmark_text" style="font-size:20px;">
								Problematyka zainteresowań naukowych dotyczy:
<li>Pedagogiki rodziny, w tym pedagogizacji rodziców, małżeństwa i rodziny w aspekcie przemian jej funkcji; 
<li>Pedagogiki specjalnej, w tym rodziny z dzieckiem z rzadką chorobą genetyczną, rodziny z dzieckiem z niepełnosprawnością umysłową, rodzeństwem osób chorych/z niepełnosprawnością;
<li>Metodologii badań jakościowych, zwłaszcza wywiadu narracyjnego;
<li>Edukacji wielo- i międzykulturowej, a w szczególności kwestią tożsamości kulturowej i religijnej osób żyjących na Pograniczu. 

								<br>
								
								</div>
							</div>
						</div>
					</div>
					<div class="bookmark">
						<div class="bookmark__title">
                            <h3>
                                <span class="short">Najważniejsze osiągnięcia naukowe, wyróżnienia i nagrody</span>
                                <span class="long">Najważniejsze osiągnięcia naukowe, wyróżnienia i nagrody</span>
                            </h3>
						</div>
						
						<div class="bookmark__content-wrap">
							<div class="bookmark__content">

								

								<div class="bookmark_text" style="font-size:20px;">
								<li>Autor, współautor i współredaktor naukowy 7 monografii  oraz 54 artykułów.
<li>Czynny udział w 64 międzynarodowych konferencjach.
<li>Nagroda Zespołowa II stopnia JM Rektora Uniwersytetu Śląskiego za działalność naukowo-badawczą – 1. 10. 2014 roku. 
<li>Udział w projekcie badawczym Narodowego centrum Nauki: Edukacja dzieci w polskich szkołach na obczyźnie: strategie kulturalizacyjne – poczucie tożsamości – dystans kulturowy. 
<li>Realizacja projektu Ministerstwa Edukacji Narodowej Studia podyplomowe dla nauczycieli w zakresie ICT, języków obcych oraz drugiego przedmiot uwspółfinansowanego przez Europejski Fundusz Społeczny.


								<br>
								
								</div>
							</div>
						</div>
					</div>
					<div class="bookmark">
						<div class="bookmark__title">
                            <h3>
                                <span class="short">Staże naukowe/Wizyty studyjne</span>
                                <span class="long">Staże naukowe/Wizyty studyjne</span>
                            </h3>
						</div>
						
						<div class="bookmark__content-wrap">
							<div class="bookmark__content">

								

								<div class="bookmark_text" style="font-size:20px;">
								<li>Staż naukowy w Uniwersytecie im. B. Grincenki w Kijowie (2017)
<li>Staż naukowy w Wydziale Pedagogiki i Psychologii Uniwersytetu w Białymstoku ( 2017).
<li>Wyjazd dydaktyczny (STA) w ramach programu Erasmus+ (2018) w Prešovska Univerzita w Prešove.

								<br>
								
								</div>
							</div>
						</div>
					</div>
					<div class="bookmark">
						<div class="bookmark__title">
                            <h3>
                                <span class="short">Członkostwo w radach naukowych i radach redakcyjnych </span>
                                <span class="long">Członkostwo w radach naukowych i radach redakcyjnych </span>
                            </h3>
						</div>
						
						<div class="bookmark__content-wrap">
							<div class="bookmark__content">

								

								<div class="bookmark_text" style="font-size:20px;">
								<li>Członkostwo w zespole redakcyjnym czasopisma „Edukacja Międzykulturowa” (redaktor językowy – język polski). Redaktor naukowy tomu 2017 nr 2 (7) tego czasopisma.
<li>Członek zarządu Polskiego Towarzystwa Pedagogicznego Oddział w Cieszynie (2015-2020).

								<br>
								
								</div>
							</div>
						</div>
					</div></div>
						</div>
					 </div>[/vc_column][/vc_row]</p>

<p>[vc_row][vc_column width=&#8221;1/4&#8243;][vc_single_image image=&#8221;1224&#8243; img_size=&#8221;medium&#8221; style=&#8221;vc_box_shadow_3d&#8221;][/vc_column][vc_column width=&#8221;3/4&#8243; css=&#8221;.vc_custom_1597521185463{border-bottom-width: -30px !important;}&#8221;][vc_column_text] Stanowisko: Grupa: Specjalność: Pokój: Telefon: e-mail: Profesor Uczelni Pracownicy badawczo-dydaktyczni Pedagogika 253 &nbsp; urszula.klajmon-lech@us.edu.pl 0000-0003-4195-2094 [/vc_column_text][/vc_column][/vc_row][vc_row][vc_column][/vc_column][/vc_row][vc_row][vc_column css=&#8221;.vc_custom_1597523042561{margin-bottom: -50px !important;}&#8221;][/vc_column][/vc_row] [&#8230;]</p>
<p><a class="btn btn-secondary understrap-read-more-link" href="https://us.edu.pl/instytut/ipe/dr-hab-urszula-klajmon-lech/">Read More&#8230;</a></p>
