{"id":125,"date":"2019-12-01T15:12:47","date_gmt":"2019-12-01T14:12:47","guid":{"rendered":"http:\/\/us.edu.pl\/instytut\/ipe\/?page_id=125"},"modified":"2022-12-01T21:39:19","modified_gmt":"2022-12-01T20:39:19","slug":"zespoly-instytutu","status":"publish","type":"page","link":"https:\/\/us.edu.pl\/instytut\/ipe\/zespoly-instytutu\/","title":{"rendered":"Zespo\u0142y Instytutu"},"content":{"rendered":"<p>[vc_row][vc_column][vc_column_text][\/vc_column_text][\/vc_column][\/vc_row][vc_row][vc_column]\r\n                <div class=\"text-modules\">\r\n                    <div class=\"container\">\r\n                        \r\n                        <div class=\"text-modules__content\"><p><span style=\"font-size: 12pt;\"><strong>Zesp\u00f3\u0142 ds. <\/strong><strong>umi\u0119dzynarodowienia<\/strong><\/span><\/p>\n<ul>\n<li><span style=\"font-size: 12pt;\">dr Marcin Gierczyk &#8211; <strong>lider zespo\u0142u<\/strong><\/span><\/li>\n<li><span style=\"font-size: 12pt;\">dr hab. Katarzyna Borzucka-Sitkiewicz, prof. U\u015a<\/span><\/li>\n<li><span style=\"font-size: 12pt;\">dr hab. Eugenia Smyrnova -Trybulska, prof. U\u015a<\/span><\/li>\n<li><span style=\"font-size: 12pt;\">dr hab. Tomasz Huk, prof. U\u015a<br \/>\n<\/span><\/li>\n<li><span style=\"font-size: 12pt;\">dr Monika Frania<\/span><\/li>\n<li><span style=\"font-size: 12pt;\">dr Mariola Kozubek<\/span><\/li>\n<li><span style=\"font-size: 12pt;\">dr Anna Brosch<\/span><\/li>\n<li><span style=\"font-size: 12pt;\">mgr Dagmara Dobosz<\/span><\/li>\n<\/ul>\n<p>&nbsp;<\/p>\n<p><span style=\"font-size: 12pt;\"><strong>Zesp\u00f3\u0142 ds<\/strong><strong>. <\/strong><strong>widzialno\u015bci<\/strong><\/span><\/p>\n<ul>\n<li><span style=\"font-size: 12pt;\">dr hab. Tomasz Huk, prof. U\u015a<br \/>\n<\/span><\/li>\n<li><span style=\"font-size: 12pt;\">dr Marcin Gierczyk<\/span><\/li>\n<li><span style=\"font-size: 12pt;\">dr hab. Eugenia Smyrnova -Trybulska, prof. U\u015a<\/span><\/li>\n<li><span style=\"font-size: 12pt;\">dr Anna Brosch<\/span><\/li>\n<\/ul>\n<p>&nbsp;<\/p>\n<p><span style=\"font-size: 12pt;\"><strong>Zesp\u00f3\u0142 ds. <\/strong><strong>dzia\u0142alno\u015bci badawczej &#8211; <\/strong>oceniaj\u0105cy \u00a0projekty w konkursie o II cz\u0119\u015b\u0107 subwencji<\/span><\/p>\n<ul>\n<li><span style=\"font-size: 12pt;\">prof. dr hab. Ewa Ogrodzka-Mazur, (do 30.09.2020)<\/span><\/li>\n<li><span style=\"font-size: 12pt;\">prof. dr hab. Ewa Jarosz<\/span><\/li>\n<li><span style=\"font-size: 12pt;\">dr hab. Ewa Bielskiej, prof. U\u015a<\/span><\/li>\n<li><span style=\"font-size: 12pt;\">dr hab. Irena Polewczyk, prof. U\u015a<\/span><\/li>\n<li><span style=\"font-size: 12pt;\">dr hab. Anna Szafra\u0144ska, prof. U\u015a<\/span><\/li>\n<li><span style=\"font-size: 12pt;\">prof. dr hab. Urszula Szu\u015bcik<\/span><\/li>\n<li><span style=\"font-size: 12pt;\">dr Monika Sulik<\/span><\/li>\n<\/ul>\n<p>&nbsp;<\/p>\n<p><span style=\"font-size: 12pt;\"><strong>Zesp\u00f3\u0142 ds. <\/strong><strong>wypracowania zasad podzia\u0142u subwencji<\/strong><\/span><\/p>\n<ul>\n<li><span style=\"font-size: 12pt;\">prof. dr hab. Zenon Gajdzica,<\/span><\/li>\n<li><span style=\"font-size: 12pt;\">prof. dr hab. Ewa Jarosz,<\/span><\/li>\n<li><span style=\"font-size: 12pt;\">prof. dr hab. Anna Nowak,<\/span><\/li>\n<li><span style=\"font-size: 12pt;\">prof. dr hab. Alina Szczurek -Boruta,<\/span><\/li>\n<li><span style=\"font-size: 12pt;\">dr hab. Krzysztof Maliszewski, prof. U\u015a<\/span><\/li>\n<li><span style=\"font-size: 12pt;\">dr hab. Violetta Rodek, prof. U\u015a<\/span><\/li>\n<li><span style=\"font-size: 12pt;\">dr hab. Andrzej Kasperek, prof. U\u015a<\/span><\/li>\n<\/ul>\n<p>&nbsp;<\/p>\n<p><span style=\"font-size: 12pt;\"><strong>Zesp\u00f3\u0142 ds. <\/strong><strong>wsp\u00f3\u0142pracy z otoczeniem<\/strong><\/span><\/p>\n<ul>\n<li><span style=\"font-size: 12pt;\">dr Edyta Nieduziak \u2013 <strong>lider zespo\u0142u<\/strong>,<\/span><\/li>\n<li><span style=\"font-size: 12pt;\">dr Ilona Fajfer-Kruczek,<\/span><\/li>\n<li><span style=\"font-size: 12pt;\">dr Dorota Prysak<\/span><\/li>\n<li><span style=\"font-size: 12pt;\">dr Agnieszka Majewska-Kafarowska<\/span><\/li>\n<\/ul>\n<p>\n<\/div>\r\n                    <\/div>\r\n                <\/div>[\/vc_column][\/vc_row][vc_row][vc_column][vc_column_text][\/vc_column_text][\/vc_column][\/vc_row]<\/p>","protected":false},"excerpt":{"rendered":"<p>[vc_row][vc_column][vc_column_text][\/vc_column_text][\/vc_column][\/vc_row][vc_row][vc_column][\/vc_column][\/vc_row][vc_row][vc_column][vc_column_text][\/vc_column_text][\/vc_column][\/vc_row] [&#8230;]<\/p>\n<p><a class=\"btn btn-secondary understrap-read-more-link\" href=\"https:\/\/us.edu.pl\/instytut\/ipe\/zespoly-instytutu\/\">Read More&#8230;<\/a><\/p>\n","protected":false},"author":201,"featured_media":0,"parent":0,"menu_order":0,"comment_status":"closed","ping_status":"closed","template":"","meta":{"_expiration-date-status":"","_expiration-date":0,"_expiration-date-type":"","_expiration-date-categories":[],"_expiration-date-options":[]},"acf":[],"_links":{"self":[{"href":"https:\/\/us.edu.pl\/instytut\/ipe\/wp-json\/wp\/v2\/pages\/125"}],"collection":[{"href":"https:\/\/us.edu.pl\/instytut\/ipe\/wp-json\/wp\/v2\/pages"}],"about":[{"href":"https:\/\/us.edu.pl\/instytut\/ipe\/wp-json\/wp\/v2\/types\/page"}],"author":[{"embeddable":true,"href":"https:\/\/us.edu.pl\/instytut\/ipe\/wp-json\/wp\/v2\/users\/201"}],"replies":[{"embeddable":true,"href":"https:\/\/us.edu.pl\/instytut\/ipe\/wp-json\/wp\/v2\/comments?post=125"}],"version-history":[{"count":10,"href":"https:\/\/us.edu.pl\/instytut\/ipe\/wp-json\/wp\/v2\/pages\/125\/revisions"}],"predecessor-version":[{"id":2082,"href":"https:\/\/us.edu.pl\/instytut\/ipe\/wp-json\/wp\/v2\/pages\/125\/revisions\/2082"}],"wp:attachment":[{"href":"https:\/\/us.edu.pl\/instytut\/ipe\/wp-json\/wp\/v2\/media?parent=125"}],"curies":[{"name":"wp","href":"https:\/\/api.w.org\/{rel}","templated":true}]}}

Zespoły Instytutu

<p>[vc_row][vc_column][vc_column_text][/vc_column_text][/vc_column][/vc_row][vc_row][vc_column]
                <div class="text-modules">
                    <div class="container">
                        
                        <div class="text-modules__content"><p><span style="font-size: 12pt;"><strong>Zespół ds. </strong><strong>umiędzynarodowienia</strong></span></p>
<ul>
<li><span style="font-size: 12pt;">dr Marcin Gierczyk &#8211; <strong>lider zespołu</strong></span></li>
<li><span style="font-size: 12pt;">dr hab. Katarzyna Borzucka-Sitkiewicz, prof. UŚ</span></li>
<li><span style="font-size: 12pt;">dr hab. Eugenia Smyrnova -Trybulska, prof. UŚ</span></li>
<li><span style="font-size: 12pt;">dr hab. Tomasz Huk, prof. UŚ<br />
</span></li>
<li><span style="font-size: 12pt;">dr Monika Frania</span></li>
<li><span style="font-size: 12pt;">dr Mariola Kozubek</span></li>
<li><span style="font-size: 12pt;">dr Anna Brosch</span></li>
<li><span style="font-size: 12pt;">mgr Dagmara Dobosz</span></li>
</ul>
<p>&nbsp;</p>
<p><span style="font-size: 12pt;"><strong>Zespół ds</strong><strong>. </strong><strong>widzialności</strong></span></p>
<ul>
<li><span style="font-size: 12pt;">dr hab. Tomasz Huk, prof. UŚ<br />
</span></li>
<li><span style="font-size: 12pt;">dr Marcin Gierczyk</span></li>
<li><span style="font-size: 12pt;">dr hab. Eugenia Smyrnova -Trybulska, prof. UŚ</span></li>
<li><span style="font-size: 12pt;">dr Anna Brosch</span></li>
</ul>
<p>&nbsp;</p>
<p><span style="font-size: 12pt;"><strong>Zespół ds. </strong><strong>działalności badawczej &#8211; </strong>oceniający  projekty w konkursie o II część subwencji</span></p>
<ul>
<li><span style="font-size: 12pt;">prof. dr hab. Ewa Ogrodzka-Mazur, (do 30.09.2020)</span></li>
<li><span style="font-size: 12pt;">prof. dr hab. Ewa Jarosz</span></li>
<li><span style="font-size: 12pt;">dr hab. Ewa Bielskiej, prof. UŚ</span></li>
<li><span style="font-size: 12pt;">dr hab. Irena Polewczyk, prof. UŚ</span></li>
<li><span style="font-size: 12pt;">dr hab. Anna Szafrańska, prof. UŚ</span></li>
<li><span style="font-size: 12pt;">prof. dr hab. Urszula Szuścik</span></li>
<li><span style="font-size: 12pt;">dr Monika Sulik</span></li>
</ul>
<p>&nbsp;</p>
<p><span style="font-size: 12pt;"><strong>Zespół ds. </strong><strong>wypracowania zasad podziału subwencji</strong></span></p>
<ul>
<li><span style="font-size: 12pt;">prof. dr hab. Zenon Gajdzica,</span></li>
<li><span style="font-size: 12pt;">prof. dr hab. Ewa Jarosz,</span></li>
<li><span style="font-size: 12pt;">prof. dr hab. Anna Nowak,</span></li>
<li><span style="font-size: 12pt;">prof. dr hab. Alina Szczurek -Boruta,</span></li>
<li><span style="font-size: 12pt;">dr hab. Krzysztof Maliszewski, prof. UŚ</span></li>
<li><span style="font-size: 12pt;">dr hab. Violetta Rodek, prof. UŚ</span></li>
<li><span style="font-size: 12pt;">dr hab. Andrzej Kasperek, prof. UŚ</span></li>
</ul>
<p>&nbsp;</p>
<p><span style="font-size: 12pt;"><strong>Zespół ds. </strong><strong>współpracy z otoczeniem</strong></span></p>
<ul>
<li><span style="font-size: 12pt;">dr Edyta Nieduziak – <strong>lider zespołu</strong>,</span></li>
<li><span style="font-size: 12pt;">dr Ilona Fajfer-Kruczek,</span></li>
<li><span style="font-size: 12pt;">dr Dorota Prysak</span></li>
<li><span style="font-size: 12pt;">dr Agnieszka Majewska-Kafarowska</span></li>
</ul>
<p>
</div>
                    </div>
                </div>[/vc_column][/vc_row][vc_row][vc_column][vc_column_text][/vc_column_text][/vc_column][/vc_row]</p>
