{"id":1693,"date":"2021-12-28T08:32:44","date_gmt":"2021-12-28T07:32:44","guid":{"rendered":"https:\/\/us.edu.pl\/instytut\/ipe\/?page_id=1693"},"modified":"2021-12-28T08:42:28","modified_gmt":"2021-12-28T07:42:28","slug":"dr-hab-marek-rembierz-prof-us","status":"publish","type":"page","link":"https:\/\/us.edu.pl\/instytut\/ipe\/dr-hab-marek-rembierz-prof-us\/","title":{"rendered":"dr hab. Marek Rembierz, prof. U\u015a"},"content":{"rendered":"<p>[vc_row][vc_column width=&#8221;1\/4&#8243;][vc_single_image image=&#8221;1696&#8243; img_size=&#8221;medium&#8221; style=&#8221;vc_box_shadow_3d&#8221;][\/vc_column][vc_column width=&#8221;3\/4&#8243; css=&#8221;.vc_custom_1597521185463{border-bottom-width: -30px !important;}&#8221;][vc_column_text]<\/p>\n<table style=\"width: 72.9397%;\">\n<tbody>\n<tr>\n<td style=\"width: 24.6684%;\"><span style=\"font-size: 12pt; font-family: tahoma, arial, helvetica, sans-serif;\">Stanowisko:<\/span><\/p>\n<p><span style=\"font-size: 12pt; font-family: tahoma, arial, helvetica, sans-serif;\">Grupa:<\/span><\/p>\n<p><span style=\"font-size: 12pt; font-family: tahoma, arial, helvetica, sans-serif;\">Specjalno\u015b\u0107:<\/span><\/p>\n<p><span style=\"font-size: 12pt; font-family: tahoma, arial, helvetica, sans-serif;\">Pok\u00f3j:<\/span><\/p>\n<p><span style=\"font-size: 12pt; font-family: tahoma, arial, helvetica, sans-serif;\">Telefon:<\/span><\/p>\n<p><span style=\"font-size: 12pt; font-family: tahoma, arial, helvetica, sans-serif;\">e-mail:<\/span><\/p>\n<p><span style=\"font-size: 12pt; font-family: tahoma, arial, helvetica, sans-serif;\"><img class=\"size-full wp-image-275\" src=\"http:\/\/us.edu.pl\/instytut\/im\/wp-content\/uploads\/sites\/43\/Nieprzypisane\/ORCID.png\" alt=\"Logo ORCID\" width=\"71\" height=\"22\" \/><\/span><\/td>\n<td style=\"width: 78.7798%;\"><span style=\"font-size: 12pt; font-family: tahoma, arial, helvetica, sans-serif;\"><strong>Profesor Uczelni<\/strong><\/span><\/p>\n<p><span style=\"font-size: 12pt; font-family: tahoma, arial, helvetica, sans-serif;\"><strong>Pracownicy badawczo-dydaktyczni<\/strong><\/span><\/p>\n<p><span style=\"font-size: 12pt; font-family: tahoma, arial, helvetica, sans-serif;\"><strong>Pedagogika<br \/>\n<\/strong><\/span><\/p>\n<p><strong><span style=\"font-family: tahoma, arial, helvetica, sans-serif; font-size: 12pt;\">\u00a0<\/span><\/strong><\/p>\n<p>&nbsp;<\/p>\n<p><strong><span style=\"font-family: tahoma, arial, helvetica, sans-serif; font-size: medium;\">marek.rembierz@us.edu.pl<\/span><\/strong><\/p>\n<p><span style=\"font-size: 12pt; font-family: tahoma, arial, helvetica, sans-serif;\"><strong><a href=\"https:\/\/orcid.org\/0000-0003-0295-0256\">0000-0003-0295-0256<\/a><\/strong><\/span><\/td>\n<\/tr>\n<\/tbody>\n<\/table>\n<p>[\/vc_column_text][\/vc_column][\/vc_row][vc_row][vc_column]\r\n\t\t\t\t<div class='container'>\r\n\t\t\t\t\t<div class='list-links list-links_blue'>\r\n\t\t\t\t\t\t  \r\n\t\t\t\t\t\t  <ul>\r\n\t\t\t\t\t\t\t\t<li><a href=''><p>Materia\u0142y dodatkowe<\/p><\/a><\/li><\/ul>\r\n\t\t\t\t\t<\/div>\r\n\t\t\t\t<\/div>   \r\n\t\t\t\t\t[\/vc_column][\/vc_row][vc_row][vc_column css=&#8221;.vc_custom_1597523042561{margin-bottom: -50px !important;}&#8221;]\r\n\t\t\t\t\t<div class='container'>\r\n\t\t\t\t\t\t<div class='sidebar_moduls sidebar_dropdown zakladki' style='background-color: #FFFFFF'>\r\n\t\t\t\t\t\t\t<h3 class='page-title'><\/h3>\r\n\t\t\t\t\t\t\t<p class='zakladki__desc'><\/p>\r\n\r\n\t\t\t\t\t\t\t<div class='bookmarks'>\r\n\t\t\t\t\t<div class=\"bookmark\">\r\n\t\t\t\t\t\t<div class=\"bookmark__title\">\r\n                            <h3>\r\n                                <span class=\"short\">Przebieg kariery naukowej<\/span>\r\n                                <span class=\"long\">Przebieg kariery naukowej<\/span>\r\n                            <\/h3>\r\n\t\t\t\t\t\t<\/div>\r\n\t\t\t\t\t\t\r\n\t\t\t\t\t\t<div class=\"bookmark__content-wrap\">\r\n\t\t\t\t\t\t\t<div class=\"bookmark__content\">\r\n\r\n\t\t\t\t\t\t\t\t\r\n\r\n\t\t\t\t\t\t\t\t<div class=\"bookmark_text\" style=\"font-size:20px;\">\r\n\t\t\t\t\t\t\t\t\r\n\t\t\t\t\t\t\t\t<br>\r\n\t\t\t\t\t\t\t\t\r\n\t\t\t\t\t\t\t\t<\/div>\r\n\t\t\t\t\t\t\t<\/div>\r\n\t\t\t\t\t\t<\/div>\r\n\t\t\t\t\t<\/div>\r\n\t\t\t\t\t<div class=\"bookmark\">\r\n\t\t\t\t\t\t<div class=\"bookmark__title\">\r\n                            <h3>\r\n                                <span class=\"short\">Zainteresowania badawcze<\/span>\r\n                                <span class=\"long\">Zainteresowania badawcze<\/span>\r\n                            <\/h3>\r\n\t\t\t\t\t\t<\/div>\r\n\t\t\t\t\t\t\r\n\t\t\t\t\t\t<div class=\"bookmark__content-wrap\">\r\n\t\t\t\t\t\t\t<div class=\"bookmark__content\">\r\n\r\n\t\t\t\t\t\t\t\t\r\n\r\n\t\t\t\t\t\t\t\t<div class=\"bookmark_text\" style=\"font-size:20px;\">\r\n\t\t\t\t\t\t\t\tProblematyka zainteresowa\u0144 naukowych dotyczy:\n<li>\n<li>\r\n\t\t\t\t\t\t\t\t<br>\r\n\t\t\t\t\t\t\t\t\r\n\t\t\t\t\t\t\t\t<\/div>\r\n\t\t\t\t\t\t\t<\/div>\r\n\t\t\t\t\t\t<\/div>\r\n\t\t\t\t\t<\/div>\r\n\t\t\t\t\t<div class=\"bookmark\">\r\n\t\t\t\t\t\t<div class=\"bookmark__title\">\r\n                            <h3>\r\n                                <span class=\"short\">Najwa\u017cniejsze osi\u0105gni\u0119cia naukowe, wyr\u00f3\u017cnienia i nagrody<\/span>\r\n                                <span class=\"long\">Najwa\u017cniejsze osi\u0105gni\u0119cia naukowe, wyr\u00f3\u017cnienia i nagrody<\/span>\r\n                            <\/h3>\r\n\t\t\t\t\t\t<\/div>\r\n\t\t\t\t\t\t\r\n\t\t\t\t\t\t<div class=\"bookmark__content-wrap\">\r\n\t\t\t\t\t\t\t<div class=\"bookmark__content\">\r\n\r\n\t\t\t\t\t\t\t\t\r\n\r\n\t\t\t\t\t\t\t\t<div class=\"bookmark_text\" style=\"font-size:20px;\">\r\n\t\t\t\t\t\t\t\t<li>  Tropy transcendencji\u2026 Wsp\u00f3\u0142czesne my\u015blenie religijne wobec pluralizmu \u015bwiatopogl\u0105dowego i relacji mi\u0119dzykulturowych [Tropes of transcendence\u2026 Modern religious thought on worldview pluralism and intercultural relations]. \u015awiat i S\u0142owo 2 (12) (2014), pp. 17-50.\n<li>   Kultura intelektualna, w\u0105tpliwo\u015bci metodologiczne i refleksja metapedagogiczna w rozwijaniu teorii i praktyki edukacji mi\u0119dzykulturowej [Intellectual culture, methodological doubts and metapedagogical reflection in the development of intercultural education theory and practice]. Edukacja Mi\u0119dzykulturowa 2 (7) (2017), pp. 37-67.\n<li>    Uczenie si\u0119 pluralizmu i kszta\u0142towanie to\u017csamo\u015bci religijnej w kontek\u015bcie kulturowych i \u015bwiatopogl\u0105dowych odmienno\u015bci\u2013mi\u0119dzy tradycyjnym zr\u00f3\u017cnicowaniem a wsp\u00f3\u0142czesnym pluralizmem [Pluralism learning and religious identity construction in the context of cultural and worldview diversity \u2014 between traditional diversity and modern pluralism]. Politeja 46 (2017), pp. 191-237\n<li>  Nadzieja\u2013transcendencja\u2013paideia. O perspektywach nadziei i pedagogii nadziei w kontek\u015bcie (przekraczania) ludzkiej niedoskona\u0142o\u015bci [Hope \u2014 transcendence \u2014 paideia. On prospects of hope and hope pedagogy in the context of (surpassing of) human perfection]. \u015awiat i S\u0142owo 14 (1) (2016), pp. 13-38.\n<li>   O splocie problem\u00f3w i bada\u0144 pedagogiki specjalnej z refleksj\u0105 metodologiczn\u0105, aksjologiczn\u0105 i antropologiczn\u0105 [On the combination of special education problems and research with methodological, axiological and anthropological reflections]. Problemy Edukacji, Rehabilitacji i Socjalizacji Os\u00f3b Niepe\u0142nosprawnych, vol. 2 (2016), pp. 15-38.\n\n<li>\n\r\n\t\t\t\t\t\t\t\t<br>\r\n\t\t\t\t\t\t\t\t\r\n\t\t\t\t\t\t\t\t<\/div>\r\n\t\t\t\t\t\t\t<\/div>\r\n\t\t\t\t\t\t<\/div>\r\n\t\t\t\t\t<\/div>\r\n\t\t\t\t\t<div class=\"bookmark\">\r\n\t\t\t\t\t\t<div class=\"bookmark__title\">\r\n                            <h3>\r\n                                <span class=\"short\">Sta\u017ce naukowe\/Wizyty studyjne<\/span>\r\n                                <span class=\"long\">Sta\u017ce naukowe\/Wizyty studyjne<\/span>\r\n                            <\/h3>\r\n\t\t\t\t\t\t<\/div>\r\n\t\t\t\t\t\t\r\n\t\t\t\t\t\t<div class=\"bookmark__content-wrap\">\r\n\t\t\t\t\t\t\t<div class=\"bookmark__content\">\r\n\r\n\t\t\t\t\t\t\t\t\r\n\r\n\t\t\t\t\t\t\t\t<div class=\"bookmark_text\" style=\"font-size:20px;\">\r\n\t\t\t\t\t\t\t\t<li>\n<li>\n\r\n\t\t\t\t\t\t\t\t<br>\r\n\t\t\t\t\t\t\t\t\r\n\t\t\t\t\t\t\t\t<\/div>\r\n\t\t\t\t\t\t\t<\/div>\r\n\t\t\t\t\t\t<\/div>\r\n\t\t\t\t\t<\/div>\r\n\t\t\t\t\t<div class=\"bookmark\">\r\n\t\t\t\t\t\t<div class=\"bookmark__title\">\r\n                            <h3>\r\n                                <span class=\"short\">Cz\u0142onkostwo w radach naukowych i radach redakcyjnych <\/span>\r\n                                <span class=\"long\">Cz\u0142onkostwo w radach naukowych i radach redakcyjnych <\/span>\r\n                            <\/h3>\r\n\t\t\t\t\t\t<\/div>\r\n\t\t\t\t\t\t\r\n\t\t\t\t\t\t<div class=\"bookmark__content-wrap\">\r\n\t\t\t\t\t\t\t<div class=\"bookmark__content\">\r\n\r\n\t\t\t\t\t\t\t\t\r\n\r\n\t\t\t\t\t\t\t\t<div class=\"bookmark_text\" style=\"font-size:20px;\">\r\n\t\t\t\t\t\t\t\t<li>\n<li>\r\n\t\t\t\t\t\t\t\t<br>\r\n\t\t\t\t\t\t\t\t\r\n\t\t\t\t\t\t\t\t<\/div>\r\n\t\t\t\t\t\t\t<\/div>\r\n\t\t\t\t\t\t<\/div>\r\n\t\t\t\t\t<\/div><\/div>\r\n\t\t\t\t\t\t<\/div>\r\n\t\t\t\t\t <\/div>[\/vc_column][\/vc_row]<\/p>","protected":false},"excerpt":{"rendered":"<p>[vc_row][vc_column width=&#8221;1\/4&#8243;][vc_single_image image=&#8221;1696&#8243; img_size=&#8221;medium&#8221; style=&#8221;vc_box_shadow_3d&#8221;][\/vc_column][vc_column width=&#8221;3\/4&#8243; css=&#8221;.vc_custom_1597521185463{border-bottom-width: -30px !important;}&#8221;][vc_column_text] Stanowisko: Grupa: Specjalno\u015b\u0107: Pok\u00f3j: Telefon: e-mail: Profesor Uczelni Pracownicy badawczo-dydaktyczni Pedagogika \u00a0 &nbsp; marek.rembierz@us.edu.pl 0000-0003-0295-0256 [\/vc_column_text][\/vc_column][\/vc_row][vc_row][vc_column][\/vc_column][\/vc_row][vc_row][vc_column css=&#8221;.vc_custom_1597523042561{margin-bottom: -50px !important;}&#8221;][\/vc_column][\/vc_row] [&#8230;]<\/p>\n<p><a class=\"btn btn-secondary understrap-read-more-link\" href=\"https:\/\/us.edu.pl\/instytut\/ipe\/dr-hab-marek-rembierz-prof-us\/\">Read More&#8230;<\/a><\/p>\n","protected":false},"author":201,"featured_media":0,"parent":0,"menu_order":0,"comment_status":"closed","ping_status":"closed","template":"page-templates\/page-with-bookmarks.php","meta":{"_expiration-date-status":"saved","_expiration-date":0,"_expiration-date-type":"","_expiration-date-categories":[],"_expiration-date-options":[]},"acf":[],"_links":{"self":[{"href":"https:\/\/us.edu.pl\/instytut\/ipe\/wp-json\/wp\/v2\/pages\/1693"}],"collection":[{"href":"https:\/\/us.edu.pl\/instytut\/ipe\/wp-json\/wp\/v2\/pages"}],"about":[{"href":"https:\/\/us.edu.pl\/instytut\/ipe\/wp-json\/wp\/v2\/types\/page"}],"author":[{"embeddable":true,"href":"https:\/\/us.edu.pl\/instytut\/ipe\/wp-json\/wp\/v2\/users\/201"}],"replies":[{"embeddable":true,"href":"https:\/\/us.edu.pl\/instytut\/ipe\/wp-json\/wp\/v2\/comments?post=1693"}],"version-history":[{"count":2,"href":"https:\/\/us.edu.pl\/instytut\/ipe\/wp-json\/wp\/v2\/pages\/1693\/revisions"}],"predecessor-version":[{"id":1697,"href":"https:\/\/us.edu.pl\/instytut\/ipe\/wp-json\/wp\/v2\/pages\/1693\/revisions\/1697"}],"wp:attachment":[{"href":"https:\/\/us.edu.pl\/instytut\/ipe\/wp-json\/wp\/v2\/media?parent=1693"}],"curies":[{"name":"wp","href":"https:\/\/api.w.org\/{rel}","templated":true}]}}

dr hab. Marek Rembierz, prof. UŚ

<p>[vc_row][vc_column width=&#8221;1/4&#8243;][vc_single_image image=&#8221;1696&#8243; img_size=&#8221;medium&#8221; style=&#8221;vc_box_shadow_3d&#8221;][/vc_column][vc_column width=&#8221;3/4&#8243; css=&#8221;.vc_custom_1597521185463{border-bottom-width: -30px !important;}&#8221;][vc_column_text]</p>
<table style="width: 72.9397%;">
<tbody>
<tr>
<td style="width: 24.6684%;"><span style="font-size: 12pt; font-family: tahoma, arial, helvetica, sans-serif;">Stanowisko:</span></p>
<p><span style="font-size: 12pt; font-family: tahoma, arial, helvetica, sans-serif;">Grupa:</span></p>
<p><span style="font-size: 12pt; font-family: tahoma, arial, helvetica, sans-serif;">Specjalność:</span></p>
<p><span style="font-size: 12pt; font-family: tahoma, arial, helvetica, sans-serif;">Pokój:</span></p>
<p><span style="font-size: 12pt; font-family: tahoma, arial, helvetica, sans-serif;">Telefon:</span></p>
<p><span style="font-size: 12pt; font-family: tahoma, arial, helvetica, sans-serif;">e-mail:</span></p>
<p><span style="font-size: 12pt; font-family: tahoma, arial, helvetica, sans-serif;"><img class="size-full wp-image-275" src="http://us.edu.pl/instytut/im/wp-content/uploads/sites/43/Nieprzypisane/ORCID.png" alt="Logo ORCID" width="71" height="22" /></span></td>
<td style="width: 78.7798%;"><span style="font-size: 12pt; font-family: tahoma, arial, helvetica, sans-serif;"><strong>Profesor Uczelni</strong></span></p>
<p><span style="font-size: 12pt; font-family: tahoma, arial, helvetica, sans-serif;"><strong>Pracownicy badawczo-dydaktyczni</strong></span></p>
<p><span style="font-size: 12pt; font-family: tahoma, arial, helvetica, sans-serif;"><strong>Pedagogika<br />
</strong></span></p>
<p><strong><span style="font-family: tahoma, arial, helvetica, sans-serif; font-size: 12pt;"> </span></strong></p>
<p>&nbsp;</p>
<p><strong><span style="font-family: tahoma, arial, helvetica, sans-serif; font-size: medium;">marek.rembierz@us.edu.pl</span></strong></p>
<p><span style="font-size: 12pt; font-family: tahoma, arial, helvetica, sans-serif;"><strong><a href="https://orcid.org/0000-0003-0295-0256">0000-0003-0295-0256</a></strong></span></td>
</tr>
</tbody>
</table>
<p>[/vc_column_text][/vc_column][/vc_row][vc_row][vc_column]
				<div class='container'>
					<div class='list-links list-links_blue'>
						  
						  <ul>
								<li><a href=''><p>Materiały dodatkowe</p></a></li></ul>
					</div>
				</div>   
					[/vc_column][/vc_row][vc_row][vc_column css=&#8221;.vc_custom_1597523042561{margin-bottom: -50px !important;}&#8221;]
					<div class='container'>
						<div class='sidebar_moduls sidebar_dropdown zakladki' style='background-color: #FFFFFF'>
							<h3 class='page-title'></h3>
							<p class='zakladki__desc'></p>

							<div class='bookmarks'>
					<div class="bookmark">
						<div class="bookmark__title">
                            <h3>
                                <span class="short">Przebieg kariery naukowej</span>
                                <span class="long">Przebieg kariery naukowej</span>
                            </h3>
						</div>
						
						<div class="bookmark__content-wrap">
							<div class="bookmark__content">

								

								<div class="bookmark_text" style="font-size:20px;">
								
								<br>
								
								</div>
							</div>
						</div>
					</div>
					<div class="bookmark">
						<div class="bookmark__title">
                            <h3>
                                <span class="short">Zainteresowania badawcze</span>
                                <span class="long">Zainteresowania badawcze</span>
                            </h3>
						</div>
						
						<div class="bookmark__content-wrap">
							<div class="bookmark__content">

								

								<div class="bookmark_text" style="font-size:20px;">
								Problematyka zainteresowań naukowych dotyczy:
<li>
<li>
								<br>
								
								</div>
							</div>
						</div>
					</div>
					<div class="bookmark">
						<div class="bookmark__title">
                            <h3>
                                <span class="short">Najważniejsze osiągnięcia naukowe, wyróżnienia i nagrody</span>
                                <span class="long">Najważniejsze osiągnięcia naukowe, wyróżnienia i nagrody</span>
                            </h3>
						</div>
						
						<div class="bookmark__content-wrap">
							<div class="bookmark__content">

								

								<div class="bookmark_text" style="font-size:20px;">
								<li>  Tropy transcendencji… Współczesne myślenie religijne wobec pluralizmu światopoglądowego i relacji międzykulturowych [Tropes of transcendence… Modern religious thought on worldview pluralism and intercultural relations]. Świat i Słowo 2 (12) (2014), pp. 17-50.
<li>   Kultura intelektualna, wątpliwości metodologiczne i refleksja metapedagogiczna w rozwijaniu teorii i praktyki edukacji międzykulturowej [Intellectual culture, methodological doubts and metapedagogical reflection in the development of intercultural education theory and practice]. Edukacja Międzykulturowa 2 (7) (2017), pp. 37-67.
<li>    Uczenie się pluralizmu i kształtowanie tożsamości religijnej w kontekście kulturowych i światopoglądowych odmienności–między tradycyjnym zróżnicowaniem a współczesnym pluralizmem [Pluralism learning and religious identity construction in the context of cultural and worldview diversity — between traditional diversity and modern pluralism]. Politeja 46 (2017), pp. 191-237
<li>  Nadzieja–transcendencja–paideia. O perspektywach nadziei i pedagogii nadziei w kontekście (przekraczania) ludzkiej niedoskonałości [Hope — transcendence — paideia. On prospects of hope and hope pedagogy in the context of (surpassing of) human perfection]. Świat i Słowo 14 (1) (2016), pp. 13-38.
<li>   O splocie problemów i badań pedagogiki specjalnej z refleksją metodologiczną, aksjologiczną i antropologiczną [On the combination of special education problems and research with methodological, axiological and anthropological reflections]. Problemy Edukacji, Rehabilitacji i Socjalizacji Osób Niepełnosprawnych, vol. 2 (2016), pp. 15-38.

<li>

								<br>
								
								</div>
							</div>
						</div>
					</div>
					<div class="bookmark">
						<div class="bookmark__title">
                            <h3>
                                <span class="short">Staże naukowe/Wizyty studyjne</span>
                                <span class="long">Staże naukowe/Wizyty studyjne</span>
                            </h3>
						</div>
						
						<div class="bookmark__content-wrap">
							<div class="bookmark__content">

								

								<div class="bookmark_text" style="font-size:20px;">
								<li>
<li>

								<br>
								
								</div>
							</div>
						</div>
					</div>
					<div class="bookmark">
						<div class="bookmark__title">
                            <h3>
                                <span class="short">Członkostwo w radach naukowych i radach redakcyjnych </span>
                                <span class="long">Członkostwo w radach naukowych i radach redakcyjnych </span>
                            </h3>
						</div>
						
						<div class="bookmark__content-wrap">
							<div class="bookmark__content">

								

								<div class="bookmark_text" style="font-size:20px;">
								<li>
<li>
								<br>
								
								</div>
							</div>
						</div>
					</div></div>
						</div>
					 </div>[/vc_column][/vc_row]</p>

<p>[vc_row][vc_column width=&#8221;1/4&#8243;][vc_single_image image=&#8221;1696&#8243; img_size=&#8221;medium&#8221; style=&#8221;vc_box_shadow_3d&#8221;][/vc_column][vc_column width=&#8221;3/4&#8243; css=&#8221;.vc_custom_1597521185463{border-bottom-width: -30px !important;}&#8221;][vc_column_text] Stanowisko: Grupa: Specjalność: Pokój: Telefon: e-mail: Profesor Uczelni Pracownicy badawczo-dydaktyczni Pedagogika   &nbsp; marek.rembierz@us.edu.pl 0000-0003-0295-0256 [/vc_column_text][/vc_column][/vc_row][vc_row][vc_column][/vc_column][/vc_row][vc_row][vc_column css=&#8221;.vc_custom_1597523042561{margin-bottom: -50px !important;}&#8221;][/vc_column][/vc_row] [&#8230;]</p>
<p><a class="btn btn-secondary understrap-read-more-link" href="https://us.edu.pl/instytut/ipe/dr-hab-marek-rembierz-prof-us/">Read More&#8230;</a></p>
