{"id":742,"date":"2020-08-19T13:11:46","date_gmt":"2020-08-19T11:11:46","guid":{"rendered":"https:\/\/us.edu.pl\/instytut\/ipe\/?page_id=742"},"modified":"2026-03-16T09:25:04","modified_gmt":"2026-03-16T08:25:04","slug":"dr-marcin-gierczyk","status":"publish","type":"page","link":"https:\/\/us.edu.pl\/instytut\/ipe\/dr-marcin-gierczyk\/","title":{"rendered":"Dr hab. Marcin Gierczyk, prof. U\u015a"},"content":{"rendered":"<p>[vc_row][vc_column][vc_column_text][\/vc_column_text][\/vc_column][\/vc_row][vc_row][vc_column][vc_column_text][\/vc_column_text][\/vc_column][\/vc_row][vc_row][vc_column width=&#8221;1\/4&#8243;][vc_single_image image=&#8221;2580&#8243; img_size=&#8221;medium&#8221; style=&#8221;vc_box_shadow_3d&#8221;][\/vc_column][vc_column width=&#8221;3\/4&#8243; css=&#8221;.vc_custom_1597521185463{border-bottom-width: -30px !important;}&#8221;][vc_column_text]<\/p>\n<table style=\"width: 72.9397%;\">\n<tbody>\n<tr>\n<td style=\"width: 24.6684%;\"><span style=\"font-size: 12pt; font-family: tahoma, arial, helvetica, sans-serif;\">Stanowisko:<\/span><\/p>\n<p><span style=\"font-size: 12pt; font-family: tahoma, arial, helvetica, sans-serif;\">Grupa:<\/span><\/p>\n<p><span style=\"font-size: 12pt; font-family: tahoma, arial, helvetica, sans-serif;\">Specjalno\u015b\u0107:<\/span><\/p>\n<p><span style=\"font-size: 12pt; font-family: tahoma, arial, helvetica, sans-serif;\">Pok\u00f3j:<\/span><\/p>\n<p><span style=\"font-size: 12pt; font-family: tahoma, arial, helvetica, sans-serif;\">Telefon:<\/span><\/p>\n<p><span style=\"font-size: 12pt; font-family: tahoma, arial, helvetica, sans-serif;\">e-mail:<\/span><\/p>\n<p><span style=\"font-size: 12pt; font-family: tahoma, arial, helvetica, sans-serif;\"><img class=\"size-full wp-image-275\" src=\"http:\/\/us.edu.pl\/instytut\/im\/wp-content\/uploads\/sites\/43\/Nieprzypisane\/ORCID.png\" alt=\"Logo ORCID\" width=\"71\" height=\"22\" \/><\/span><\/td>\n<td style=\"width: 78.7798%;\"><span style=\"font-size: 12pt; font-family: tahoma, arial, helvetica, sans-serif;\"><strong>Profesor uczelni<\/strong><\/span><\/p>\n<p><span style=\"font-size: 12pt; font-family: tahoma, arial, helvetica, sans-serif;\"><strong>Pracownicy badawczo-dydaktyczni<\/strong><\/span><\/p>\n<p><span style=\"font-size: 12pt; font-family: tahoma, arial, helvetica, sans-serif;\"><strong>Pedagogika<br \/>\n<\/strong><\/span><\/p>\n<p><span style=\"font-size: 12pt; font-family: tahoma, arial, helvetica, sans-serif;\"><strong>134<\/strong><\/span><\/p>\n<p><span style=\"font-size: 12pt; font-family: tahoma, arial, helvetica, sans-serif;\"><strong>brak<\/strong><\/span><\/p>\n<p><span style=\"font-size: 12pt; font-family: tahoma, arial, helvetica, sans-serif;\"><strong>marcin.gierczyk@us.edu.pl <\/strong><\/span><\/p>\n<p><span style=\"font-size: 12pt; font-family: tahoma, arial, helvetica, sans-serif;\"><strong><a href=\"https:\/\/orcid.org\/0000-0001-6734-2521\">0000-0001-6734-2521<\/a><\/strong><\/span><\/td>\n<\/tr>\n<\/tbody>\n<\/table>\n<p>[\/vc_column_text][\/vc_column][\/vc_row][vc_row][vc_column]\r\n\t\t\t\t<div class='container'>\r\n\t\t\t\t\t<div class='list-links list-links_blue'>\r\n\t\t\t\t\t\t  \r\n\t\t\t\t\t\t  <ul>\r\n\t\t\t\t\t\t\t\t<li><a href=''><p>Materia\u0142y dodatkowe<\/p><\/a><\/li><\/ul>\r\n\t\t\t\t\t<\/div>\r\n\t\t\t\t<\/div>   \r\n\t\t\t\t\t[\/vc_column][\/vc_row][vc_row][vc_column css=&#8221;.vc_custom_1597523042561{margin-bottom: -50px !important;}&#8221;]\r\n\t\t\t\t\t<div class='container'>\r\n\t\t\t\t\t\t<div class='sidebar_moduls sidebar_dropdown zakladki' style='background-color: #FFFFFF'>\r\n\t\t\t\t\t\t\t<h3 class='page-title'><\/h3>\r\n\t\t\t\t\t\t\t<p class='zakladki__desc'><\/p>\r\n\r\n\t\t\t\t\t\t\t<div class='bookmarks'>\r\n\t\t\t\t\t<div class=\"bookmark\">\r\n\t\t\t\t\t\t<div class=\"bookmark__title\">\r\n                            <h3>\r\n                                <span class=\"short\">Przebieg kariery naukowej<\/span>\r\n                                <span class=\"long\">Przebieg kariery naukowej<\/span>\r\n                            <\/h3>\r\n\t\t\t\t\t\t<\/div>\r\n\t\t\t\t\t\t\r\n\t\t\t\t\t\t<div class=\"bookmark__content-wrap\">\r\n\t\t\t\t\t\t\t<div class=\"bookmark__content\">\r\n\r\n\t\t\t\t\t\t\t\t\r\n\r\n\t\t\t\t\t\t\t\t<div class=\"bookmark_text\" style=\"font-size:20px;\">\r\n\t\t\t\t\t\t\t\t<li>2012r. \u2013 uzyskanie tytu\u0142u magistra pedagogiki. Uniwersytet \u015al\u0105ski w Katowicach. \n<li>2016r. \u2013 uzyskanie stopnia doktora nauk spo\u0142ecznych w dyscyplinie pedagogika. Uniwersytet \u015al\u0105ski w Katowicach. \n<li>2021 - uko\u0144czone studia podyplomowe na kierunku Resocjalizacja i socjoterapia\n<li>2021 - uko\u0144czone studia podyplomowe na kierunku Kryzys i interwencje kryzysowe \n<li>2021 - uko\u0144czone studia podyplomowe na kierunku Organizacja i zarz\u0105dzanie o\u015bwiat\u0105\n<li>2017 Visiting Teaching Fellow w The Jubilee Centre for Character and Values, University of Birmingham.\n<li>2018 Honorary Research Fellow w The Jubilee Centre for Character and Values, University of Birmingham, School of Education. \n<li>Cz\u0142onek Stowarzyszenia Ruch Pedagog\u00f3w Spo\u0142ecznie Zaanga\u017cowanych.\n<li>Cz\u0142onek Polskiej Sieci Badawczej Rodzice w Edukacji (Polish Network About Parents in Education)\n\r\n\t\t\t\t\t\t\t\t<br>\r\n\t\t\t\t\t\t\t\t\r\n\t\t\t\t\t\t\t\t<\/div>\r\n\t\t\t\t\t\t\t<\/div>\r\n\t\t\t\t\t\t<\/div>\r\n\t\t\t\t\t<\/div>\r\n\t\t\t\t\t<div class=\"bookmark\">\r\n\t\t\t\t\t\t<div class=\"bookmark__title\">\r\n                            <h3>\r\n                                <span class=\"short\">Zainteresowania badawcze<\/span>\r\n                                <span class=\"long\">Zainteresowania badawcze<\/span>\r\n                            <\/h3>\r\n\t\t\t\t\t\t<\/div>\r\n\t\t\t\t\t\t\r\n\t\t\t\t\t\t<div class=\"bookmark__content-wrap\">\r\n\t\t\t\t\t\t\t<div class=\"bookmark__content\">\r\n\r\n\t\t\t\t\t\t\t\t\r\n\r\n\t\t\t\t\t\t\t\t<div class=\"bookmark_text\" style=\"font-size:20px;\">\r\n\t\t\t\t\t\t\t\t<li>\u015arodowiskowe i edukacyjne wsparcia dzieci i m\u0142odzie\u017cy uzdolnionej\n<li>Nowoczesne rozwi\u0105za\u0144 metodologiczne diagnozowania i optymalizacji dobrostanu dzieci i m\u0142odzie\u017cy\n<li>Statusu p\u0142ci w r\u00f3\u017cnych kontekstach spo\u0142ecznych i edukacyjnych \n<li>Badania komparatystyczne zwi\u0105zane z mobilno\u015bci spo\u0142eczn\u0105 i wielokulturowo\u015bci\u0105\n\n\r\n\t\t\t\t\t\t\t\t<br>\r\n\t\t\t\t\t\t\t\t\r\n\t\t\t\t\t\t\t\t<\/div>\r\n\t\t\t\t\t\t\t<\/div>\r\n\t\t\t\t\t\t<\/div>\r\n\t\t\t\t\t<\/div>\r\n\t\t\t\t\t<div class=\"bookmark\">\r\n\t\t\t\t\t\t<div class=\"bookmark__title\">\r\n                            <h3>\r\n                                <span class=\"short\">Najwa\u017cniejsze osi\u0105gni\u0119cia naukowe, wyr\u00f3\u017cnienia i nagrody<\/span>\r\n                                <span class=\"long\">Najwa\u017cniejsze osi\u0105gni\u0119cia naukowe, wyr\u00f3\u017cnienia i nagrody<\/span>\r\n                            <\/h3>\r\n\t\t\t\t\t\t<\/div>\r\n\t\t\t\t\t\t\r\n\t\t\t\t\t\t<div class=\"bookmark__content-wrap\">\r\n\t\t\t\t\t\t\t<div class=\"bookmark__content\">\r\n\r\n\t\t\t\t\t\t\t\t\r\n\r\n\t\t\t\t\t\t\t\t<div class=\"bookmark_text\" style=\"font-size:20px;\">\r\n\t\t\t\t\t\t\t\t<li>Autor i wsp\u00f3\u0142autor 21 publikacji naukowych,  w tym 1 monografia oraz  wsp\u00f3\u0142redaktor 1 monografii zbiorowej\r\n\t\t\t\t\t\t\t\t<br>\r\n\t\t\t\t\t\t\t\t\r\n\t\t\t\t\t\t\t\t<\/div>\r\n\t\t\t\t\t\t\t<\/div>\r\n\t\t\t\t\t\t<\/div>\r\n\t\t\t\t\t<\/div>\r\n\t\t\t\t\t<div class=\"bookmark\">\r\n\t\t\t\t\t\t<div class=\"bookmark__title\">\r\n                            <h3>\r\n                                <span class=\"short\">Sta\u017ce naukowe\/Wizyty studyjne<\/span>\r\n                                <span class=\"long\">Sta\u017ce naukowe\/Wizyty studyjne<\/span>\r\n                            <\/h3>\r\n\t\t\t\t\t\t<\/div>\r\n\t\t\t\t\t\t\r\n\t\t\t\t\t\t<div class=\"bookmark__content-wrap\">\r\n\t\t\t\t\t\t\t<div class=\"bookmark__content\">\r\n\r\n\t\t\t\t\t\t\t\t\r\n\r\n\t\t\t\t\t\t\t\t<div class=\"bookmark_text\" style=\"font-size:20px;\">\r\n\t\t\t\t\t\t\t\t<li>2019 -  Junior Dean w Somerville College, University of Oxford (Summer in Oxford).\n<li>2018 Complutense University of Madrid, Madryt \n<li>2019: The National Institute for Childhood, Malta\n<li>2019 Masters of Didactics - University of Oslo\n\n\r\n\t\t\t\t\t\t\t\t<br>\r\n\t\t\t\t\t\t\t\t\r\n\t\t\t\t\t\t\t\t<\/div>\r\n\t\t\t\t\t\t\t<\/div>\r\n\t\t\t\t\t\t<\/div>\r\n\t\t\t\t\t<\/div>\r\n\t\t\t\t\t<div class=\"bookmark\">\r\n\t\t\t\t\t\t<div class=\"bookmark__title\">\r\n                            <h3>\r\n                                <span class=\"short\">Cz\u0142onkostwo w radach naukowych i radach redakcyjnych <\/span>\r\n                                <span class=\"long\">Cz\u0142onkostwo w radach naukowych i radach redakcyjnych <\/span>\r\n                            <\/h3>\r\n\t\t\t\t\t\t<\/div>\r\n\t\t\t\t\t\t\r\n\t\t\t\t\t\t<div class=\"bookmark__content-wrap\">\r\n\t\t\t\t\t\t\t<div class=\"bookmark__content\">\r\n\r\n\t\t\t\t\t\t\t\t\r\n\r\n\t\t\t\t\t\t\t\t<div class=\"bookmark_text\" style=\"font-size:20px;\">\r\n\t\t\t\t\t\t\t\t<li>Cz\u0142onek Rady Naukowej Instututu Pedagogiki Uniwersytetu \u015al\u0105skiego (2019-2021)\n<li>Redaktor wsp\u00f3\u0142prowadz\u0105cy w Journal of Gender and Power.\n<li>Eksperta w projekcie NCBiR-u \"Uniwersytet Jutra\".\n<br>\n<br>\nRecenzent w czasopi\u015bmach z listy MNiSW:\n<li>Social Sciences\n<li>Education Sciences\n<li>International Journal of Environmental Research and Public Health\n<li>HUMAN RELATIONS\r\n\t\t\t\t\t\t\t\t<br>\r\n\t\t\t\t\t\t\t\t\r\n\t\t\t\t\t\t\t\t<\/div>\r\n\t\t\t\t\t\t\t<\/div>\r\n\t\t\t\t\t\t<\/div>\r\n\t\t\t\t\t<\/div><\/div>\r\n\t\t\t\t\t\t<\/div>\r\n\t\t\t\t\t <\/div>[\/vc_column][\/vc_row][vc_row][vc_column][vc_column_text][\/vc_column_text][\/vc_column][\/vc_row][vc_row][vc_column][vc_column_text][\/vc_column_text][\/vc_column][\/vc_row]<\/p>","protected":false},"excerpt":{"rendered":"<p>[vc_row][vc_column][vc_column_text][\/vc_column_text][\/vc_column][\/vc_row][vc_row][vc_column][vc_column_text][\/vc_column_text][\/vc_column][\/vc_row][vc_row][vc_column width=&#8221;1\/4&#8243;][vc_single_image image=&#8221;2580&#8243; img_size=&#8221;medium&#8221; style=&#8221;vc_box_shadow_3d&#8221;][\/vc_column][vc_column width=&#8221;3\/4&#8243; css=&#8221;.vc_custom_1597521185463{border-bottom-width: -30px !important;}&#8221;][vc_column_text] Stanowisko: Grupa: Specjalno\u015b\u0107: Pok\u00f3j: Telefon: e-mail: Profesor uczelni Pracownicy badawczo-dydaktyczni Pedagogika 134 brak marcin.gierczyk@us.edu.pl 0000-0001-6734-2521 [\/vc_column_text][\/vc_column][\/vc_row][vc_row][vc_column][\/vc_column][\/vc_row][vc_row][vc_column css=&#8221;.vc_custom_1597523042561{margin-bottom: -50px !important;}&#8221;][\/vc_column][\/vc_row][vc_row][vc_column][vc_column_text][\/vc_column_text][\/vc_column][\/vc_row][vc_row][vc_column][vc_column_text][\/vc_column_text][\/vc_column][\/vc_row] [&#8230;]<\/p>\n<p><a class=\"btn btn-secondary understrap-read-more-link\" href=\"https:\/\/us.edu.pl\/instytut\/ipe\/dr-marcin-gierczyk\/\">Read More&#8230;<\/a><\/p>\n","protected":false},"author":201,"featured_media":0,"parent":0,"menu_order":0,"comment_status":"closed","ping_status":"closed","template":"page-templates\/page-with-bookmarks.php","meta":{"_expiration-date-status":"","_expiration-date":0,"_expiration-date-type":"","_expiration-date-categories":[],"_expiration-date-options":[]},"acf":[],"_links":{"self":[{"href":"https:\/\/us.edu.pl\/instytut\/ipe\/wp-json\/wp\/v2\/pages\/742"}],"collection":[{"href":"https:\/\/us.edu.pl\/instytut\/ipe\/wp-json\/wp\/v2\/pages"}],"about":[{"href":"https:\/\/us.edu.pl\/instytut\/ipe\/wp-json\/wp\/v2\/types\/page"}],"author":[{"embeddable":true,"href":"https:\/\/us.edu.pl\/instytut\/ipe\/wp-json\/wp\/v2\/users\/201"}],"replies":[{"embeddable":true,"href":"https:\/\/us.edu.pl\/instytut\/ipe\/wp-json\/wp\/v2\/comments?post=742"}],"version-history":[{"count":10,"href":"https:\/\/us.edu.pl\/instytut\/ipe\/wp-json\/wp\/v2\/pages\/742\/revisions"}],"predecessor-version":[{"id":3281,"href":"https:\/\/us.edu.pl\/instytut\/ipe\/wp-json\/wp\/v2\/pages\/742\/revisions\/3281"}],"wp:attachment":[{"href":"https:\/\/us.edu.pl\/instytut\/ipe\/wp-json\/wp\/v2\/media?parent=742"}],"curies":[{"name":"wp","href":"https:\/\/api.w.org\/{rel}","templated":true}]}}

Dr hab. Marcin Gierczyk, prof. UŚ

<p>[vc_row][vc_column][vc_column_text][/vc_column_text][/vc_column][/vc_row][vc_row][vc_column][vc_column_text][/vc_column_text][/vc_column][/vc_row][vc_row][vc_column width=&#8221;1/4&#8243;][vc_single_image image=&#8221;2580&#8243; img_size=&#8221;medium&#8221; style=&#8221;vc_box_shadow_3d&#8221;][/vc_column][vc_column width=&#8221;3/4&#8243; css=&#8221;.vc_custom_1597521185463{border-bottom-width: -30px !important;}&#8221;][vc_column_text]</p>
<table style="width: 72.9397%;">
<tbody>
<tr>
<td style="width: 24.6684%;"><span style="font-size: 12pt; font-family: tahoma, arial, helvetica, sans-serif;">Stanowisko:</span></p>
<p><span style="font-size: 12pt; font-family: tahoma, arial, helvetica, sans-serif;">Grupa:</span></p>
<p><span style="font-size: 12pt; font-family: tahoma, arial, helvetica, sans-serif;">Specjalność:</span></p>
<p><span style="font-size: 12pt; font-family: tahoma, arial, helvetica, sans-serif;">Pokój:</span></p>
<p><span style="font-size: 12pt; font-family: tahoma, arial, helvetica, sans-serif;">Telefon:</span></p>
<p><span style="font-size: 12pt; font-family: tahoma, arial, helvetica, sans-serif;">e-mail:</span></p>
<p><span style="font-size: 12pt; font-family: tahoma, arial, helvetica, sans-serif;"><img class="size-full wp-image-275" src="http://us.edu.pl/instytut/im/wp-content/uploads/sites/43/Nieprzypisane/ORCID.png" alt="Logo ORCID" width="71" height="22" /></span></td>
<td style="width: 78.7798%;"><span style="font-size: 12pt; font-family: tahoma, arial, helvetica, sans-serif;"><strong>Profesor uczelni</strong></span></p>
<p><span style="font-size: 12pt; font-family: tahoma, arial, helvetica, sans-serif;"><strong>Pracownicy badawczo-dydaktyczni</strong></span></p>
<p><span style="font-size: 12pt; font-family: tahoma, arial, helvetica, sans-serif;"><strong>Pedagogika<br />
</strong></span></p>
<p><span style="font-size: 12pt; font-family: tahoma, arial, helvetica, sans-serif;"><strong>134</strong></span></p>
<p><span style="font-size: 12pt; font-family: tahoma, arial, helvetica, sans-serif;"><strong>brak</strong></span></p>
<p><span style="font-size: 12pt; font-family: tahoma, arial, helvetica, sans-serif;"><strong>marcin.gierczyk@us.edu.pl </strong></span></p>
<p><span style="font-size: 12pt; font-family: tahoma, arial, helvetica, sans-serif;"><strong><a href="https://orcid.org/0000-0001-6734-2521">0000-0001-6734-2521</a></strong></span></td>
</tr>
</tbody>
</table>
<p>[/vc_column_text][/vc_column][/vc_row][vc_row][vc_column]
				<div class='container'>
					<div class='list-links list-links_blue'>
						  
						  <ul>
								<li><a href=''><p>Materiały dodatkowe</p></a></li></ul>
					</div>
				</div>   
					[/vc_column][/vc_row][vc_row][vc_column css=&#8221;.vc_custom_1597523042561{margin-bottom: -50px !important;}&#8221;]
					<div class='container'>
						<div class='sidebar_moduls sidebar_dropdown zakladki' style='background-color: #FFFFFF'>
							<h3 class='page-title'></h3>
							<p class='zakladki__desc'></p>

							<div class='bookmarks'>
					<div class="bookmark">
						<div class="bookmark__title">
                            <h3>
                                <span class="short">Przebieg kariery naukowej</span>
                                <span class="long">Przebieg kariery naukowej</span>
                            </h3>
						</div>
						
						<div class="bookmark__content-wrap">
							<div class="bookmark__content">

								

								<div class="bookmark_text" style="font-size:20px;">
								<li>2012r. – uzyskanie tytułu magistra pedagogiki. Uniwersytet Śląski w Katowicach. 
<li>2016r. – uzyskanie stopnia doktora nauk społecznych w dyscyplinie pedagogika. Uniwersytet Śląski w Katowicach. 
<li>2021 - ukończone studia podyplomowe na kierunku Resocjalizacja i socjoterapia
<li>2021 - ukończone studia podyplomowe na kierunku Kryzys i interwencje kryzysowe 
<li>2021 - ukończone studia podyplomowe na kierunku Organizacja i zarządzanie oświatą
<li>2017 Visiting Teaching Fellow w The Jubilee Centre for Character and Values, University of Birmingham.
<li>2018 Honorary Research Fellow w The Jubilee Centre for Character and Values, University of Birmingham, School of Education. 
<li>Członek Stowarzyszenia Ruch Pedagogów Społecznie Zaangażowanych.
<li>Członek Polskiej Sieci Badawczej Rodzice w Edukacji (Polish Network About Parents in Education)

								<br>
								
								</div>
							</div>
						</div>
					</div>
					<div class="bookmark">
						<div class="bookmark__title">
                            <h3>
                                <span class="short">Zainteresowania badawcze</span>
                                <span class="long">Zainteresowania badawcze</span>
                            </h3>
						</div>
						
						<div class="bookmark__content-wrap">
							<div class="bookmark__content">

								

								<div class="bookmark_text" style="font-size:20px;">
								<li>Środowiskowe i edukacyjne wsparcia dzieci i młodzieży uzdolnionej
<li>Nowoczesne rozwiązań metodologiczne diagnozowania i optymalizacji dobrostanu dzieci i młodzieży
<li>Statusu płci w różnych kontekstach społecznych i edukacyjnych 
<li>Badania komparatystyczne związane z mobilności społeczną i wielokulturowością


								<br>
								
								</div>
							</div>
						</div>
					</div>
					<div class="bookmark">
						<div class="bookmark__title">
                            <h3>
                                <span class="short">Najważniejsze osiągnięcia naukowe, wyróżnienia i nagrody</span>
                                <span class="long">Najważniejsze osiągnięcia naukowe, wyróżnienia i nagrody</span>
                            </h3>
						</div>
						
						<div class="bookmark__content-wrap">
							<div class="bookmark__content">

								

								<div class="bookmark_text" style="font-size:20px;">
								<li>Autor i współautor 21 publikacji naukowych,  w tym 1 monografia oraz  współredaktor 1 monografii zbiorowej
								<br>
								
								</div>
							</div>
						</div>
					</div>
					<div class="bookmark">
						<div class="bookmark__title">
                            <h3>
                                <span class="short">Staże naukowe/Wizyty studyjne</span>
                                <span class="long">Staże naukowe/Wizyty studyjne</span>
                            </h3>
						</div>
						
						<div class="bookmark__content-wrap">
							<div class="bookmark__content">

								

								<div class="bookmark_text" style="font-size:20px;">
								<li>2019 -  Junior Dean w Somerville College, University of Oxford (Summer in Oxford).
<li>2018 Complutense University of Madrid, Madryt 
<li>2019: The National Institute for Childhood, Malta
<li>2019 Masters of Didactics - University of Oslo


								<br>
								
								</div>
							</div>
						</div>
					</div>
					<div class="bookmark">
						<div class="bookmark__title">
                            <h3>
                                <span class="short">Członkostwo w radach naukowych i radach redakcyjnych </span>
                                <span class="long">Członkostwo w radach naukowych i radach redakcyjnych </span>
                            </h3>
						</div>
						
						<div class="bookmark__content-wrap">
							<div class="bookmark__content">

								

								<div class="bookmark_text" style="font-size:20px;">
								<li>Członek Rady Naukowej Instututu Pedagogiki Uniwersytetu Śląskiego (2019-2021)
<li>Redaktor współprowadzący w Journal of Gender and Power.
<li>Eksperta w projekcie NCBiR-u "Uniwersytet Jutra".
<br>
<br>
Recenzent w czasopiśmach z listy MNiSW:
<li>Social Sciences
<li>Education Sciences
<li>International Journal of Environmental Research and Public Health
<li>HUMAN RELATIONS
								<br>
								
								</div>
							</div>
						</div>
					</div></div>
						</div>
					 </div>[/vc_column][/vc_row][vc_row][vc_column][vc_column_text][/vc_column_text][/vc_column][/vc_row][vc_row][vc_column][vc_column_text][/vc_column_text][/vc_column][/vc_row]</p>

<p>[vc_row][vc_column][vc_column_text][/vc_column_text][/vc_column][/vc_row][vc_row][vc_column][vc_column_text][/vc_column_text][/vc_column][/vc_row][vc_row][vc_column width=&#8221;1/4&#8243;][vc_single_image image=&#8221;2580&#8243; img_size=&#8221;medium&#8221; style=&#8221;vc_box_shadow_3d&#8221;][/vc_column][vc_column width=&#8221;3/4&#8243; css=&#8221;.vc_custom_1597521185463{border-bottom-width: -30px !important;}&#8221;][vc_column_text] Stanowisko: Grupa: Specjalność: Pokój: Telefon: e-mail: Profesor uczelni Pracownicy badawczo-dydaktyczni Pedagogika 134 brak marcin.gierczyk@us.edu.pl 0000-0001-6734-2521 [/vc_column_text][/vc_column][/vc_row][vc_row][vc_column][/vc_column][/vc_row][vc_row][vc_column css=&#8221;.vc_custom_1597523042561{margin-bottom: -50px !important;}&#8221;][/vc_column][/vc_row][vc_row][vc_column][vc_column_text][/vc_column_text][/vc_column][/vc_row][vc_row][vc_column][vc_column_text][/vc_column_text][/vc_column][/vc_row] [&#8230;]</p>
<p><a class="btn btn-secondary understrap-read-more-link" href="https://us.edu.pl/instytut/ipe/dr-marcin-gierczyk/">Read More&#8230;</a></p>
