{"id":747,"date":"2020-08-19T13:40:39","date_gmt":"2020-08-19T11:40:39","guid":{"rendered":"https:\/\/us.edu.pl\/instytut\/ipe\/?page_id=747"},"modified":"2021-02-23T12:18:23","modified_gmt":"2021-02-23T11:18:23","slug":"prof-dr-hab-ewa-wysocka","status":"publish","type":"page","link":"https:\/\/us.edu.pl\/instytut\/ipe\/prof-dr-hab-ewa-wysocka\/","title":{"rendered":"Prof. dr hab. Ewa Wysocka"},"content":{"rendered":"<p>[vc_row][vc_column width=&#8221;1\/4&#8243;][vc_single_image image=&#8221;751&#8243; img_size=&#8221;medium&#8221; style=&#8221;vc_box_shadow_3d&#8221;][\/vc_column][vc_column width=&#8221;3\/4&#8243; css=&#8221;.vc_custom_1597521185463{border-bottom-width: -30px !important;}&#8221;][vc_column_text]<\/p>\n<table style=\"width: 72.9397%\">\n<tbody>\n<tr>\n<td style=\"width: 24.6684%\"><span style=\"font-size: 12pt;font-family: tahoma, arial, helvetica, sans-serif\">Stanowisko:<\/span><\/p>\n<p><span style=\"font-size: 12pt;font-family: tahoma, arial, helvetica, sans-serif\">Grupa:<\/span><\/p>\n<p><span style=\"font-size: 12pt;font-family: tahoma, arial, helvetica, sans-serif\">Specjalno\u015b\u0107:<\/span><\/p>\n<p><span style=\"font-size: 12pt;font-family: tahoma, arial, helvetica, sans-serif\">Pok\u00f3j:<\/span><\/p>\n<p><span style=\"font-size: 12pt;font-family: tahoma, arial, helvetica, sans-serif\">Telefon:<\/span><\/p>\n<p><span style=\"font-size: 12pt;font-family: tahoma, arial, helvetica, sans-serif\">e-mail:<\/span><\/p>\n<p><span style=\"font-size: 12pt;font-family: tahoma, arial, helvetica, sans-serif\"><img class=\"size-full wp-image-275\" src=\"http:\/\/us.edu.pl\/instytut\/im\/wp-content\/uploads\/sites\/43\/Nieprzypisane\/ORCID.png\" alt=\"Logo ORCID\" width=\"71\" height=\"22\" \/><\/span><\/td>\n<td style=\"width: 78.7798%\"><span style=\"font-size: 12pt;font-family: tahoma, arial, helvetica, sans-serif\"><strong>Profesor<\/strong><\/span><\/p>\n<p><span style=\"font-size: 12pt;font-family: tahoma, arial, helvetica, sans-serif\"><strong>Pracownicy badawczo-dydaktyczni<\/strong><\/span><\/p>\n<p><span style=\"font-size: 12pt;font-family: tahoma, arial, helvetica, sans-serif\"><strong>Pedagogika<br \/>\n<\/strong><\/span><\/p>\n<p>&nbsp;<\/p>\n<p><span style=\"font-size: 12pt;font-family: tahoma, arial, helvetica, sans-serif\"><strong>brak<\/strong><\/span><\/p>\n<p><span style=\"font-size: 12pt;font-family: tahoma, arial, helvetica, sans-serif\"><strong>ewa.wysocka@us.edu.pl <\/strong><\/span><\/p>\n<p><span style=\"font-size: 12pt;font-family: tahoma, arial, helvetica, sans-serif\"><strong><a href=\"https:\/\/orcid.org\/0000-0003-0298-3234\">0000-0003-0298-3234<\/a><\/strong><\/span><\/td>\n<\/tr>\n<\/tbody>\n<\/table>\n<p>[\/vc_column_text][\/vc_column][\/vc_row][vc_row][vc_column]\r\n\t\t\t\t<div class='container'>\r\n\t\t\t\t\t<div class='list-links list-links_blue'>\r\n\t\t\t\t\t\t  \r\n\t\t\t\t\t\t  <ul>\r\n\t\t\t\t\t\t\t\t<li><a href=''><p>Materia\u0142y dodatkowe<\/p><\/a><\/li><\/ul>\r\n\t\t\t\t\t<\/div>\r\n\t\t\t\t<\/div>   \r\n\t\t\t\t\t[\/vc_column][\/vc_row][vc_row][vc_column css=&#8221;.vc_custom_1597523042561{margin-bottom: -50px !important;}&#8221;]\r\n\t\t\t\t\t<div class='container'>\r\n\t\t\t\t\t\t<div class='sidebar_moduls sidebar_dropdown zakladki' style='background-color: #FFFFFF'>\r\n\t\t\t\t\t\t\t<h3 class='page-title'><\/h3>\r\n\t\t\t\t\t\t\t<p class='zakladki__desc'><\/p>\r\n\r\n\t\t\t\t\t\t\t<div class='bookmarks'>\r\n\t\t\t\t\t<div class=\"bookmark\">\r\n\t\t\t\t\t\t<div class=\"bookmark__title\">\r\n                            <h3>\r\n                                <span class=\"short\">Przebieg kariery naukowej<\/span>\r\n                                <span class=\"long\">Przebieg kariery naukowej<\/span>\r\n                            <\/h3>\r\n\t\t\t\t\t\t<\/div>\r\n\t\t\t\t\t\t\r\n\t\t\t\t\t\t<div class=\"bookmark__content-wrap\">\r\n\t\t\t\t\t\t\t<div class=\"bookmark__content\">\r\n\r\n\t\t\t\t\t\t\t\t\r\n\r\n\t\t\t\t\t\t\t\t<div class=\"bookmark_text\" style=\"font-size:20px;\">\r\n\t\t\t\t\t\t\t\t<li>1987 \u2013 uzyskanie tytu\u0142u magistra pedagogiki. Uniwersytet \u015al\u0105ski w Katowicach. \n<li>1989 \u2013 uzyskanie tytu\u0142u magistra psychologii. Uniwersytet \u015al\u0105ski w Katowicach.\n<li>1998 \u2013 uzyskanie stopnia doktora nauk humanistycznych. Uniwersytet \u015al\u0105ski w Katowicach. \n<li>2010 \u2013 uzyskanie stopnia doktora habilitowanego w zakresie pedagogiki. Uniwersytet \u015al\u0105ski w Katowicach.\n<li>2016 \u2013 uzyskanie stanowiska profesora nadzwyczajnego w Uniwersytecie \u015al\u0105skim. \n<li>2020 \u2013 uzyskanie tytu\u0142u profesora. \n\r\n\t\t\t\t\t\t\t\t<br>\r\n\t\t\t\t\t\t\t\t\r\n\t\t\t\t\t\t\t\t<\/div>\r\n\t\t\t\t\t\t\t<\/div>\r\n\t\t\t\t\t\t<\/div>\r\n\t\t\t\t\t<\/div>\r\n\t\t\t\t\t<div class=\"bookmark\">\r\n\t\t\t\t\t\t<div class=\"bookmark__title\">\r\n                            <h3>\r\n                                <span class=\"short\">Zainteresowania badawcze<\/span>\r\n                                <span class=\"long\">Zainteresowania badawcze<\/span>\r\n                            <\/h3>\r\n\t\t\t\t\t\t<\/div>\r\n\t\t\t\t\t\t\r\n\t\t\t\t\t\t<div class=\"bookmark__content-wrap\">\r\n\t\t\t\t\t\t\t<div class=\"bookmark__content\">\r\n\r\n\t\t\t\t\t\t\t\t\r\n\r\n\t\t\t\t\t\t\t\t<div class=\"bookmark_text\" style=\"font-size:20px;\">\r\n\t\t\t\t\t\t\t\t<li>problematyka zagro\u017ce\u0144 rozwojowych m\u0142odzie\u017cy, \n<li>teoria wychowania i wsparcia rozwoju m\u0142odego pokolenia, \n<li>metodologia nauk spo\u0142ecznych i diagnostyka psychopedagogiczna (konstruowanie profesjonalnie przygotowanych narz\u0119dzi diagnostycznych do oceny funkcjonowania psychospo\u0142ecznego m\u0142odego pokolenia). \n\n<li>Zespo\u0142y badawcze: \nKierownik, koordynator i wykonawca w wielu grantach z funduszy unijnych, ministerialnych i Narodowego Centrum Bada\u0144 i Rozwoju, realizowanych we wsp\u00f3\u0142pracy z r\u00f3\u017cnymi o\u015brodkami naukowymi w Polsce oraz instytucjami edukacyjnymi i organizacjami, kt\u00f3rych celem by\u0142o opracowanie warsztatu diagnostycznego pedagoga. Autorka i wsp\u00f3\u0142autorka ponad 30 wystandaryzowanych narz\u0119dzi diagnostycznych do oceny r\u00f3\u017cnych wymiar\u00f3w funkcjonowania m\u0142odego pokolenia, m. in. wykorzystywanych w poradnictwie oraz w doradztwie zawodowym.\n\n\r\n\t\t\t\t\t\t\t\t<br>\r\n\t\t\t\t\t\t\t\t\r\n\t\t\t\t\t\t\t\t<\/div>\r\n\t\t\t\t\t\t\t<\/div>\r\n\t\t\t\t\t\t<\/div>\r\n\t\t\t\t\t<\/div>\r\n\t\t\t\t\t<div class=\"bookmark\">\r\n\t\t\t\t\t\t<div class=\"bookmark__title\">\r\n                            <h3>\r\n                                <span class=\"short\">Najwa\u017cniejsze osi\u0105gni\u0119cia naukowe, wyr\u00f3\u017cnienia i nagrody<\/span>\r\n                                <span class=\"long\">Najwa\u017cniejsze osi\u0105gni\u0119cia naukowe, wyr\u00f3\u017cnienia i nagrody<\/span>\r\n                            <\/h3>\r\n\t\t\t\t\t\t<\/div>\r\n\t\t\t\t\t\t\r\n\t\t\t\t\t\t<div class=\"bookmark__content-wrap\">\r\n\t\t\t\t\t\t\t<div class=\"bookmark__content\">\r\n\r\n\t\t\t\t\t\t\t\t\r\n\r\n\t\t\t\t\t\t\t\t<div class=\"bookmark_text\" style=\"font-size:20px;\">\r\n\t\t\t\t\t\t\t\t<li>Autorka, wsp\u00f3\u0142autorka i redaktorka 24 opracowa\u0144 zwartych i ponad 350 artyku\u0142\u00f3w. \n<li>Do najwa\u017cniejszych ksi\u0105\u017cek zalicza: M\u0142odzie\u017c a religia. Spo\u0142eczny wymiar religijno\u015bci m\u0142odzie\u017cy (Wydawnictwo Uniwersytetu \u015al\u0105skiego, Katowice 2000); Religijno\u015b\u0107 a tolerancja \u2013 obszary zale\u017cno\u015bci (Wydawnictwo Nomos, Krak\u00f3w 2000); Cz\u0142owiek a \u015brodowisko \u017cycia \u2013 podstawy teoretyczno-metodologiczne diagnozy (Wydawnictwo Akademickie \u017bak, Warszawa 2007); Diagnoza w resocjalizacji. Obszary problemowe i modele rozwi\u0105za\u0144 w uj\u0119ciu psychopedagogicznym (Wydawnictwo Naukowe PWN, Warszawa 2008\/2009); Do\u015bwiadczanie \u017cycia w m\u0142odo\u015bci \u2013 problemy, kryzysy i strategie ich rozwi\u0105zywania (Wydawnictwo Uniwersytetu \u015al\u0105skiego, Katowice 2009\/2010); \u201eKim jestem i kim mog\u0119 si\u0119 sta\u0107\u201d. Niekt\u00f3re problemy okresu dorastania zwi\u0105zane z wyborem zawodu (Ministerstwo Edukacji Narodowej, Oficyna Wydawnicza AFM, Krak\u00f3w 2011); Problemy i zagro\u017cenia spo\u0142eczne we wsp\u00f3\u0142czesnym \u015bwiecie (Wydawnictwo \u015al\u0105sk, Katowice 2001; wsp\u00f3\u0142autor A. Nowak); Diagnoza psychopedagogiczna (Wydawnictwo Akademickie \u017bak, Warszawa 2006; wsp\u00f3\u0142autor E. Jarosz); Dzieci i m\u0142odzie\u017c w niego\u015bcinnym \u015bwiecie \u2013 zagro\u017cenia rozwojowe i spo\u0142eczne (redakcja; Wydawnictwo Akademickie \u017bak, Warszawa 2012); Diagnostyka pedagogiczna, Oficyna Impuls, Krak\u00f3w 2013), Diagnoza pozytywna w resocjalizacji. Model teoretyczny i metodologiczny, cz\u0119\u015b\u0107 I, Wyd. U\u015a, Katowice 2015; Diagnoza w resocjalizacji. Warsztat diagnostyczny pedagoga praktyka, cz\u0119\u015b\u0107 II, Wyd. U\u015a, Katowice 2019).\n\nII.\tLaureatka Nagr\u00f3d:\n<li>Laureatka Nagrody im. Profesor Ireny Lepalczyk \u0141\u00f3dzkiego Towarzystwa Naukowego za prac\u0119 badawcz\u0105 z zakresu pedagogiki spo\u0142ecznej (2010).\n<li>Laureatka Nagrody Indywidualnej II stopnia Ministra Nauki i Szkolnictwa Wy\u017cszego (2011). \n<li>Nagroda specjalna I Stopnia JM Rektora U\u015a za wybitne osi\u0105gni\u0119cia naukowe (2018). \n\n\r\n\t\t\t\t\t\t\t\t<br>\r\n\t\t\t\t\t\t\t\t\r\n\t\t\t\t\t\t\t\t<\/div>\r\n\t\t\t\t\t\t\t<\/div>\r\n\t\t\t\t\t\t<\/div>\r\n\t\t\t\t\t<\/div>\r\n\t\t\t\t\t<div class=\"bookmark\">\r\n\t\t\t\t\t\t<div class=\"bookmark__title\">\r\n                            <h3>\r\n                                <span class=\"short\">Sta\u017ce naukowe\/Wizyty studyjne<\/span>\r\n                                <span class=\"long\">Sta\u017ce naukowe\/Wizyty studyjne<\/span>\r\n                            <\/h3>\r\n\t\t\t\t\t\t<\/div>\r\n\t\t\t\t\t\t\r\n\t\t\t\t\t\t<div class=\"bookmark__content-wrap\">\r\n\t\t\t\t\t\t\t<div class=\"bookmark__content\">\r\n\r\n\t\t\t\t\t\t\t\t\r\n\r\n\t\t\t\t\t\t\t\t<div class=\"bookmark_text\" style=\"font-size:20px;\">\r\n\t\t\t\t\t\t\t\t<li>Realizacja 3 sta\u017cy zagranicznych \u2013 2 kr\u00f3tkoterminowe i 1 d\u0142ugoterminowy, w ramach umowy bilateralnej i pozyskanego stypendium MNiSW (na Ukrainie, Kij\u00f3w, Kijowski Uniwersytet im. B. Grinczenki), oraz na zaproszenie jednostek zagranicznych (Uniwersytet Konstantina Filozofa w Nitrze \u2013 S\u0142owacja; wsp\u00f3\u0142praca z Ostrawskim Uniwersytetem (Czechy), w ramach kt\u00f3rych zrealizowane zosta\u0142y projekty badawcze o charakterze por\u00f3wnawczym oraz wyk\u0142ady i seminaria zwi\u0105zane z metodologi\u0105 profesjonalnej diagnozy. Kontynuacja tych projekt\u00f3w rozszerzona zosta\u0142a na Litw\u0119 (wyjazdy studyjne zaplanowane w ramach pozyskanego grantu przez U\u015a) oraz w zamierzeniu na Skandynawi\u0119, Finlandi\u0119 i Europ\u0119 Zachodni\u0105. \n<li>Przeprowadzenie w ramach kr\u00f3tkoterminowego sta\u017cu w Kijowskim Uniwersytecie im. B. Grinczenki, oraz w Uniwersytecie Konstantina Filozofa w Nitrze (jako profesor wizytuj\u0105cy) wyk\u0142ad\u00f3w dotycz\u0105cych diagnostyki pedagogicznej, metodologii bada\u0144, a tak\u017ce problematyki wsp\u00f3\u0142czesnej m\u0142odzie\u017cy.\n\r\n\t\t\t\t\t\t\t\t<br>\r\n\t\t\t\t\t\t\t\t\r\n\t\t\t\t\t\t\t\t<\/div>\r\n\t\t\t\t\t\t\t<\/div>\r\n\t\t\t\t\t\t<\/div>\r\n\t\t\t\t\t<\/div>\r\n\t\t\t\t\t<div class=\"bookmark\">\r\n\t\t\t\t\t\t<div class=\"bookmark__title\">\r\n                            <h3>\r\n                                <span class=\"short\">Cz\u0142onkostwo w radach naukowych i radach redakcyjnych <\/span>\r\n                                <span class=\"long\">Cz\u0142onkostwo w radach naukowych i radach redakcyjnych <\/span>\r\n                            <\/h3>\r\n\t\t\t\t\t\t<\/div>\r\n\t\t\t\t\t\t\r\n\t\t\t\t\t\t<div class=\"bookmark__content-wrap\">\r\n\t\t\t\t\t\t\t<div class=\"bookmark__content\">\r\n\r\n\t\t\t\t\t\t\t\t\r\n\r\n\t\t\t\t\t\t\t\t<div class=\"bookmark_text\" style=\"font-size:20px;\">\r\n\t\t\t\t\t\t\t\t<li>Cz\u0142onkini w radach naukowych, programowych, redakcyjnych i wydawniczych 8 czasopism, w wi\u0119kszo\u015bci rejestrowanych obecnie na ministerialnej li\u015bcie B;\n<li>Cz\u0142onkini Rady Naukowej: \u201eEdukacyjna Analiza Transakcyjna\u201d, Lista B: 6 pkt. Pismo Zespo\u0142u Badawczego Edukacyjnej Analizy Transakcyjnej, Instytut Pedagogiki\nZak\u0142ad Pedagogiki Spo\u0142ecznej i Terapii Pedagogicznej Uniwersytetu Przyrodniczo-Humanistycznego im. Jana D\u0142ugosza w Cze\u0328stochowie. ISSN 2299-7466; Baz Hum: CEJSH, Index Copernicus, CEJSH, CEON\/DOI: https:\/\/doi.org\/10.16926\/eat.\n<li>Cz\u0142onkini Rady Naukowej: \u201cJournal of Human Dignity and Wellbeing\u201d. Angloj\u0119zyczne czasopismo: Humanities and social sciences and in particular: pedagogy, psychology, sociology, philosophy, theology, philology, but also economics, computer sciences, law etc. PUBLISHER: Faculty of Humanities,University of Bielsko-Biala University College of Social Sciences and Philologies, Silesian University of Technology. ISSN 2451-3520.\n<li>Cz\u0142onkini Rady Naukowej\/Programowej: \u201cDydaktyka Informatyki\u201d. Lista B: 6 pkt.  Rocznik naukowy wydawany przez Laboratorium Zagadnie\u0144 Spo\u0142ecze\u0144stwa Informacyjnego na Wydziale Matematyczno-Przyrodniczym Uniwersytetu Rzeszowskiego. ISSN 2083-3156, e-ISSN 2543-9847; DOI: 10.15584\/di.\n<li>Cz\u0142onkini Rady Naukowej: \u201cNauki o Edukacji\u201d \u2013 Rocznik Naukowy Kujawsko-Pomorskiej Szko\u0142y Wy\u017cszej w Bydgoszczy, ISSN 1896-5903 (do zmiany red. naczelnego).\n<li>Cz\u0142onkini Rady Redakcyjnej: \u201cPedagogika Spo\u0142eczna\u201d (do 2012 roku). Lista B: 11 pkt. Wydawnictwo: PEDAGOGIUM Wy\u017csza Szko\u0142a Nauk Spo\u0142ecznych w Warszawie. Patronat: Komitent Nauk Pedagogicznych PAN. ISSN 1642-672X.\n<li>Redaktor naczelny: \u201ePrzegl\u0105d Naukowo-Metodyczny \u2013 Edukacja dla Bezpiecze\u0144stwa\u201d. Lista B: 9 pkt. Kwartalnik WSB w Poznaniu (lata: 2014-2015). ISSN 1899-3524.\n<li>Redaktor tematyczny w zakresie teorii wychowania: \u201eChowanna\u201d. Lista B: 10 pkt. Czasopismo naukowe(p\u00f3\u0142rocznik) Instytutu Pedagogiki, Wydzia\u0142u Pedagogiki i Psychologii Uniwersytetu \u015al\u0105skiego w Katowicach. ISSN: 0137-706X.\n<li>Cz\u0142onkini Rady Naukowej: \u201ePedagogika\u201d: Lista B: 4 pkt. (lata: 2012-2015). Czasopismo wydawane przez GWSP w Gliwicach \u201ePedagogika\u201d (ISSN 2084-297X).\n<li>Redaktor serii \u201ePedagogika\u201d w Wydawnictwie U\u015a (2 kadencje). \n<li>Cz\u0142onkini Zespo\u0142\u00f3w Pedagogiki Og\u00f3lnej i Teorii Wychowania oraz Pedagogiki Resocjalizacyjnej przy KNP PAN; Polskiego Towarzystwa Pedagogicznego i Polskiego Towarzystwa Psychologicznego\n<li>Cz\u0142onkini mi\u0119dzynarodowego Stowarzyszenia Profesor\u00f3w Kraj\u00f3w S\u0142owia\u0144skich (Association Professors of Slavonic Countries \u2013 APS.C.).\n\r\n\t\t\t\t\t\t\t\t<br>\r\n\t\t\t\t\t\t\t\t\r\n\t\t\t\t\t\t\t\t<\/div>\r\n\t\t\t\t\t\t\t<\/div>\r\n\t\t\t\t\t\t<\/div>\r\n\t\t\t\t\t<\/div><\/div>\r\n\t\t\t\t\t\t<\/div>\r\n\t\t\t\t\t <\/div>[\/vc_column][\/vc_row]<\/p>","protected":false},"excerpt":{"rendered":"<p>[vc_row][vc_column width=&#8221;1\/4&#8243;][vc_single_image image=&#8221;751&#8243; img_size=&#8221;medium&#8221; style=&#8221;vc_box_shadow_3d&#8221;][\/vc_column][vc_column width=&#8221;3\/4&#8243; css=&#8221;.vc_custom_1597521185463{border-bottom-width: -30px !important;}&#8221;][vc_column_text] Stanowisko: Grupa: Specjalno\u015b\u0107: Pok\u00f3j: Telefon: e-mail: Profesor Pracownicy badawczo-dydaktyczni Pedagogika &nbsp; brak ewa.wysocka@us.edu.pl 0000-0003-0298-3234 [\/vc_column_text][\/vc_column][\/vc_row][vc_row][vc_column][\/vc_column][\/vc_row][vc_row][vc_column css=&#8221;.vc_custom_1597523042561{margin-bottom: -50px !important;}&#8221;][\/vc_column][\/vc_row] [&#8230;]<\/p>\n<p><a class=\"btn btn-secondary understrap-read-more-link\" href=\"https:\/\/us.edu.pl\/instytut\/ipe\/prof-dr-hab-ewa-wysocka\/\">Read More&#8230;<\/a><\/p>\n","protected":false},"author":2293,"featured_media":0,"parent":0,"menu_order":0,"comment_status":"closed","ping_status":"closed","template":"page-templates\/page-with-bookmarks.php","meta":{"_expiration-date-status":"saved","_expiration-date":0,"_expiration-date-type":"","_expiration-date-categories":[],"_expiration-date-options":[]},"acf":[],"_links":{"self":[{"href":"https:\/\/us.edu.pl\/instytut\/ipe\/wp-json\/wp\/v2\/pages\/747"}],"collection":[{"href":"https:\/\/us.edu.pl\/instytut\/ipe\/wp-json\/wp\/v2\/pages"}],"about":[{"href":"https:\/\/us.edu.pl\/instytut\/ipe\/wp-json\/wp\/v2\/types\/page"}],"author":[{"embeddable":true,"href":"https:\/\/us.edu.pl\/instytut\/ipe\/wp-json\/wp\/v2\/users\/2293"}],"replies":[{"embeddable":true,"href":"https:\/\/us.edu.pl\/instytut\/ipe\/wp-json\/wp\/v2\/comments?post=747"}],"version-history":[{"count":4,"href":"https:\/\/us.edu.pl\/instytut\/ipe\/wp-json\/wp\/v2\/pages\/747\/revisions"}],"predecessor-version":[{"id":1315,"href":"https:\/\/us.edu.pl\/instytut\/ipe\/wp-json\/wp\/v2\/pages\/747\/revisions\/1315"}],"wp:attachment":[{"href":"https:\/\/us.edu.pl\/instytut\/ipe\/wp-json\/wp\/v2\/media?parent=747"}],"curies":[{"name":"wp","href":"https:\/\/api.w.org\/{rel}","templated":true}]}}