{"id":785,"date":"2020-08-20T10:17:14","date_gmt":"2020-08-20T08:17:14","guid":{"rendered":"https:\/\/us.edu.pl\/instytut\/ipe\/?page_id=785"},"modified":"2020-08-20T10:22:07","modified_gmt":"2020-08-20T08:22:07","slug":"dr-hab-anna-szafranska","status":"publish","type":"page","link":"https:\/\/us.edu.pl\/instytut\/ipe\/dr-hab-anna-szafranska\/","title":{"rendered":"Dr hab. Anna Szafra\u0144ska, prof. U\u015a"},"content":{"rendered":"<p>[vc_row][vc_column width=&#8221;1\/4&#8243;][vc_single_image image=&#8221;737&#8243; img_size=&#8221;medium&#8221; style=&#8221;vc_box_shadow_3d&#8221;][\/vc_column][vc_column width=&#8221;3\/4&#8243; css=&#8221;.vc_custom_1597521185463{border-bottom-width: -30px !important;}&#8221;][vc_column_text]<\/p>\n<table style=\"width: 72.9397%\">\n<tbody>\n<tr>\n<td style=\"width: 24.6684%\"><span style=\"font-size: 12pt;font-family: tahoma, arial, helvetica, sans-serif\">Stanowisko:<\/span><\/p>\n<p><span style=\"font-size: 12pt;font-family: tahoma, arial, helvetica, sans-serif\">Grupa:<\/span><\/p>\n<p><span style=\"font-size: 12pt;font-family: tahoma, arial, helvetica, sans-serif\">Specjalno\u015b\u0107:<\/span><\/p>\n<p><span style=\"font-size: 12pt;font-family: tahoma, arial, helvetica, sans-serif\">Pok\u00f3j:<\/span><\/p>\n<p><span style=\"font-size: 12pt;font-family: tahoma, arial, helvetica, sans-serif\">Telefon:<\/span><\/p>\n<p><span style=\"font-size: 12pt;font-family: tahoma, arial, helvetica, sans-serif\">e-mail:<\/span><\/p>\n<p><span style=\"font-size: 12pt;font-family: tahoma, arial, helvetica, sans-serif\"><img class=\"size-full wp-image-275\" src=\"http:\/\/us.edu.pl\/instytut\/im\/wp-content\/uploads\/sites\/43\/Nieprzypisane\/ORCID.png\" alt=\"Logo ORCID\" width=\"71\" height=\"22\" \/><\/span><\/td>\n<td style=\"width: 78.7798%\"><span style=\"font-size: 12pt;font-family: tahoma, arial, helvetica, sans-serif\"><strong>Profesor Uczelni<\/strong><\/span><\/p>\n<p><span style=\"font-size: 12pt;font-family: tahoma, arial, helvetica, sans-serif\"><strong>Pracownicy badawczo-dydaktyczni<\/strong><\/span><\/p>\n<p><span style=\"font-size: 12pt;font-family: tahoma, arial, helvetica, sans-serif\"><strong>Pedagogika<br \/>\n<\/strong><\/span><\/p>\n<p><span style=\"font-size: 12pt\"><strong><span style=\"font-family: tahoma, arial, helvetica, sans-serif\">b.d.<\/span><\/strong><\/span><\/p>\n<p><span style=\"font-size: 12pt;font-family: tahoma, arial, helvetica, sans-serif\"><strong>33 8546205<\/strong><\/span><\/p>\n<p><span style=\"font-size: 12pt;font-family: tahoma, arial, helvetica, sans-serif\"><strong>anna.gajdzica@us.edu.pl <\/strong><\/span><\/p>\n<p><span style=\"font-size: 12pt;font-family: tahoma, arial, helvetica, sans-serif\"><strong><a href=\"https:\/\/orcid.org\/0000-0001-9797-2591\">0000-0001-9797-2591<\/a><\/strong><\/span><\/td>\n<\/tr>\n<\/tbody>\n<\/table>\n<p>[\/vc_column_text][\/vc_column][\/vc_row][vc_row][vc_column]\r\n\t\t\t\t<div class='container'>\r\n\t\t\t\t\t<div class='list-links list-links_blue'>\r\n\t\t\t\t\t\t  \r\n\t\t\t\t\t\t  <ul>\r\n\t\t\t\t\t\t\t\t<li><a href=''><p>Materia\u0142y dodatkowe<\/p><\/a><\/li><\/ul>\r\n\t\t\t\t\t<\/div>\r\n\t\t\t\t<\/div>   \r\n\t\t\t\t\t[\/vc_column][\/vc_row][vc_row][vc_column css=&#8221;.vc_custom_1597523042561{margin-bottom: -50px !important;}&#8221;]\r\n\t\t\t\t\t<div class='container'>\r\n\t\t\t\t\t\t<div class='sidebar_moduls sidebar_dropdown zakladki' style='background-color: #FFFFFF'>\r\n\t\t\t\t\t\t\t<h3 class='page-title'><\/h3>\r\n\t\t\t\t\t\t\t<p class='zakladki__desc'><\/p>\r\n\r\n\t\t\t\t\t\t\t<div class='bookmarks'>\r\n\t\t\t\t\t<div class=\"bookmark\">\r\n\t\t\t\t\t\t<div class=\"bookmark__title\">\r\n                            <h3>\r\n                                <span class=\"short\">Przebieg kariery naukowej<\/span>\r\n                                <span class=\"long\">Przebieg kariery naukowej<\/span>\r\n                            <\/h3>\r\n\t\t\t\t\t\t<\/div>\r\n\t\t\t\t\t\t\r\n\t\t\t\t\t\t<div class=\"bookmark__content-wrap\">\r\n\t\t\t\t\t\t\t<div class=\"bookmark__content\">\r\n\r\n\t\t\t\t\t\t\t\t\r\n\r\n\t\t\t\t\t\t\t\t<div class=\"bookmark_text\" style=\"font-size:20px;\">\r\n\t\t\t\t\t\t\t\t<li>05.2018 Uniwersytet \u015al\u0105ski stanowisko profesora\n<li>19. 11. 2014 UMCS Lublin, Wydzia\u0142 Pedagogiki i Psychologii \u2013 doktor habilitowany nauk spo\u0142ecznych w zakresie pedagogiki. Rozprawa habilitacyjna: Portret zbiorowy nauczycieli aktywnych \u2013 mi\u0119dzy zaanga\u017cowaniem a oporem wobec zmian.\n<li>2. 11. 2004 Instytut Bada\u0144 Edukacyjnych w Warszawie \u2013 doktor nauk humanistycznych w zakresie pedagogiki. Praca doktorska: Reforma o\u015bwiaty a praktyka edukacji wczesnoszkolnej, napisana pod kierunkiem naukowym prof. zw. dr hab. Tadeusza Lewowickiego (obroniona z wyr\u00f3\u017cnieniem).\n<li>1989-1994 Pedagogika, specjalno\u015b\u0107 nauczanie pocz\u0105tkowe; magister, Uniwersytet \u015al\u0105ski w Katowicach Filia w Cieszynie \u2013 do 1992 Wy\u017csza Szko\u0142a Pedagogiczna w Kielcach, Filia w Piotrkowie Trybunalskim, dodatkowo uko\u0144czony w 1992 fakultet wychowania fizycznego\n<li>Lider Zespo\u0142u: Zesp\u00f3\u0142 Bada\u0144 Kultury i O\u015bwiaty Pogranicza\n<li>Cz\u0142onek zespo\u0142u badawczego zajmuj\u0105cego si\u0119 problematyk\u0105 kompetencji mi\u0119dzy-kulturowych w realizowanym projekcie \u201cInternational Research Network for study and development of new tools and methods for advanced pedagogical science in the field of ICT instruments, e-learning and intercultural competences\u201d. Projekt finansowany przez European Commission under the 7th Framework Programme, within the Marie Curie Actions International Research Staff Exchange Scheme, Grant\n<li>Wsp\u00f3\u0142praca naukowa i metodyczna od 2001 roku z Centrum Pedagogicznym dla Szkolnictwa Narodowo\u015bciowego w Czeskim Cieszynie (Republika Czeska), obejmuj\u0105ca przygotowywanie i prowadzenie warsztat\u00f3w metodycznych dla nauczycieli, organizowanie naukowych i metodycznych konferencji, aplikowanie i realizowanie grant\u00f3w pozyskiwanych w ramach konkurs\u00f3w wsp\u00f3\u0142finansowanych z Programu Operacyjnego Wsp\u00f3\u0142pracy Transgranicznej. W tym pozyskanie dofinansowania na trzy koordynowane projekty z ramienia Uniwersytetu \u015al\u0105skiego: Kolorowe \u015acie\u017cki Euroregionu, Akcent@com, Akcent@net\n<li>Wsp\u00f3\u0142praca naukowa od 2004 roku z pracownikami Wydzia\u0142\u00f3w Pedagogicznych Uniwersytetu Mateja Bela w Ba\u0144skiej Bystrzycy (S\u0142owacja), Uniwersytetu Ostrawskiego (Republika Czeska), Uniwersytetu Borysa Grinczenko (Ukraina) w zakresie m.in. organizowania mi\u0119dzynarodowych konferencji z cyklu \u201eEdukacja ma\u0142ego dziecka\u201d, prowadzenia bada\u0144 w szko\u0142ach z polskim j\u0119zykiem nauczania, aplikowania o projekty transgraniczne oraz publikowania serii wydawniczych.\r\n\t\t\t\t\t\t\t\t<br>\r\n\t\t\t\t\t\t\t\t\r\n\t\t\t\t\t\t\t\t<\/div>\r\n\t\t\t\t\t\t\t<\/div>\r\n\t\t\t\t\t\t<\/div>\r\n\t\t\t\t\t<\/div>\r\n\t\t\t\t\t<div class=\"bookmark\">\r\n\t\t\t\t\t\t<div class=\"bookmark__title\">\r\n                            <h3>\r\n                                <span class=\"short\">Zainteresowania badawcze<\/span>\r\n                                <span class=\"long\">Zainteresowania badawcze<\/span>\r\n                            <\/h3>\r\n\t\t\t\t\t\t<\/div>\r\n\t\t\t\t\t\t\r\n\t\t\t\t\t\t<div class=\"bookmark__content-wrap\">\r\n\t\t\t\t\t\t\t<div class=\"bookmark__content\">\r\n\r\n\t\t\t\t\t\t\t\t\r\n\r\n\t\t\t\t\t\t\t\t<div class=\"bookmark_text\" style=\"font-size:20px;\">\r\n\t\t\t\t\t\t\t\t<li>Edukacja mi\u0119dzykulturowa, edukacja wczesnoszkolna, pedeutologia, polityka o\u015bwiatowa\n<li>Autorka 2 monografii, wsp\u00f3\u0142autorka 8 monografii (w tym opublikowanych za granic\u0105: na S\u0142owacji, w Czechach i Niemczech) wsp\u00f3\u0142redaktorka 12 opracowa\u0144. Wsp\u00f3\u0142autorka nietradycyjnego podr\u0119cznika do komunikacji polsko-czeskiej. Og\u00f3\u0142em ponad 140 opublikowanych artyku\u0142\u00f3w wydanych w czasopismach w Polsce i poza granicami kraju, a tak\u017ce w recenzowanych opracowaniach zwartych. Udzia\u0142 w 160 konferencjach, w tym 67 zagranicznych. Udzia\u0142 w licznych projektach krajowych i zagranicznych, w tym koordynowanie 10 (z czego 3 transgraniczne).\r\n\t\t\t\t\t\t\t\t<br>\r\n\t\t\t\t\t\t\t\t\r\n\t\t\t\t\t\t\t\t<\/div>\r\n\t\t\t\t\t\t\t<\/div>\r\n\t\t\t\t\t\t<\/div>\r\n\t\t\t\t\t<\/div>\r\n\t\t\t\t\t<div class=\"bookmark\">\r\n\t\t\t\t\t\t<div class=\"bookmark__title\">\r\n                            <h3>\r\n                                <span class=\"short\">Najwa\u017cniejsze osi\u0105gni\u0119cia naukowe, wyr\u00f3\u017cnienia i nagrody<\/span>\r\n                                <span class=\"long\">Najwa\u017cniejsze osi\u0105gni\u0119cia naukowe, wyr\u00f3\u017cnienia i nagrody<\/span>\r\n                            <\/h3>\r\n\t\t\t\t\t\t<\/div>\r\n\t\t\t\t\t\t\r\n\t\t\t\t\t\t<div class=\"bookmark__content-wrap\">\r\n\t\t\t\t\t\t\t<div class=\"bookmark__content\">\r\n\r\n\t\t\t\t\t\t\t\t\r\n\r\n\t\t\t\t\t\t\t\t<div class=\"bookmark_text\" style=\"font-size:20px;\">\r\n\t\t\t\t\t\t\t\t<li>Nagroda Zespo\u0142owa II stopnia za dzia\u0142alno\u015b\u0107 naukowo-badawcz\u0105 (2014).\n<li>Nagroda Indywidualna II stopnia JM Rektora za dzia\u0142alno\u015b\u0107 naukowo-badawcz\u0105 (2015).\n<li>Nagroda Zespo\u0142owa III stopnia za dzia\u0142alno\u015b\u0107 naukowo-badawcz\u0105 (2017).\n<li>Nagroda Indywidualna II stopnia JM Rektora za dzia\u0142alno\u015b\u0107 naukowo-badawcz\u0105 (2018).\n<li>Nagroda Zespo\u0142owa Rektora II stopnia za dzia\u0142alno\u015b\u0107 organizacyjn\u0105 na rzecz Wydzia\u0142u (2018).\r\n\t\t\t\t\t\t\t\t<br>\r\n\t\t\t\t\t\t\t\t\r\n\t\t\t\t\t\t\t\t<\/div>\r\n\t\t\t\t\t\t\t<\/div>\r\n\t\t\t\t\t\t<\/div>\r\n\t\t\t\t\t<\/div>\r\n\t\t\t\t\t<div class=\"bookmark\">\r\n\t\t\t\t\t\t<div class=\"bookmark__title\">\r\n                            <h3>\r\n                                <span class=\"short\">Sta\u017ce naukowe\/Wizyty studyjne<\/span>\r\n                                <span class=\"long\">Sta\u017ce naukowe\/Wizyty studyjne<\/span>\r\n                            <\/h3>\r\n\t\t\t\t\t\t<\/div>\r\n\t\t\t\t\t\t\r\n\t\t\t\t\t\t<div class=\"bookmark__content-wrap\">\r\n\t\t\t\t\t\t\t<div class=\"bookmark__content\">\r\n\r\n\t\t\t\t\t\t\t\t\r\n\r\n\t\t\t\t\t\t\t\t<div class=\"bookmark_text\" style=\"font-size:20px;\">\r\n\t\t\t\t\t\t\t\t<li>Australia: Curtin University of Technology in Perth: 20.10-12.11.2014; 04.11-12.12.2016; 04.11- 05.12.2017.\n<li>Hiszpania: University of Extramadura, Badajoz, 25.02-5.03.2017\n<li>Holandia: Twente University, Enschede, 22.03-28.03.2015.\n<li>Portugalia: Lusiada Lisbon University, Lizbona, 29.01.2016 \u2013 07.02.2016\n<li>Republika Czeska: Uniwersytet Ostrawski, Ostrawa 01.02-31.05.2018 (wyjazd z BUWiWM)\n<li>Rosja: Herzen State Pedagogical University of Russia, Petersburg: 01-30.04.2014; 16.04.- 15.05.2015.\n<li>S\u0142owacja: Pedagogick\u00e1 fakulta Univerzity Mateja Bela v Banskej Bystrici (w realizacji)\n<li>Ukraina: Uniwersytet im. Borysa Grinczenki w Kijowie, Kij\u00f3w, 29.08-12.09.2015; 16.04-30.04.2016; 03.09-17.09.2016; 17.06-01.07.2017; 03.08-09.09.2017\r\n\t\t\t\t\t\t\t\t<br>\r\n\t\t\t\t\t\t\t\t\r\n\t\t\t\t\t\t\t\t<\/div>\r\n\t\t\t\t\t\t\t<\/div>\r\n\t\t\t\t\t\t<\/div>\r\n\t\t\t\t\t<\/div>\r\n\t\t\t\t\t<div class=\"bookmark\">\r\n\t\t\t\t\t\t<div class=\"bookmark__title\">\r\n                            <h3>\r\n                                <span class=\"short\">Cz\u0142onkostwo w radach naukowych i radach redakcyjnych <\/span>\r\n                                <span class=\"long\">Cz\u0142onkostwo w radach naukowych i radach redakcyjnych <\/span>\r\n                            <\/h3>\r\n\t\t\t\t\t\t<\/div>\r\n\t\t\t\t\t\t\r\n\t\t\t\t\t\t<div class=\"bookmark__content-wrap\">\r\n\t\t\t\t\t\t\t<div class=\"bookmark__content\">\r\n\r\n\t\t\t\t\t\t\t\t\r\n\r\n\t\t\t\t\t\t\t\t<div class=\"bookmark_text\" style=\"font-size:20px;\">\r\n\t\t\t\t\t\t\t\tCz\u0142onkini rad naukowych:\n<li>\u201eEdukacja mi\u0119dzykulturowa\u201d - sekretarz\n<li>\u201e\u041f\u0435\u0434\u0430\u0433\u043e\u0433\u0456\u0447\u043d\u0430 \u043e\u0441\u0432\u0456\u0442\u0430: \u0442\u0435\u043e\u0440\u0456\u044f \u0456 \u043f\u0440\u0430\u043a\u0442\u0438\u043a\u0430. \u041f\u0441\u0438\u0445\u043e\u043b\u043e\u0433\u0456\u044f. \u041f\u0435\u0434\u0430\u0433\u043e\u0433\u0456\u043a\u0430\u201d (rocznik ukrai\u0144ski) \u2013 cz\u0142onek rady naukowej.\n<li>\"The Modern Higher Education Review\" (rocznik ukrai\u0144ski) \u2013 cz\u0142onek rady naukowej.\n<li>\u201e\u0412\u0456\u0434\u043a\u0440\u0438\u0442\u0435 \u043e\u0441\u0432\u0456\u0442\u043d\u0454 \u0435-\u0441\u0435\u0440\u0435\u0434\u043e\u0432\u0438\u0449\u0435 \u0441\u0443\u0447\u0430\u0441\u043d\u043e\u0433\u043e \u0443\u043d\u0456\u0432\u0435\u0440\u0441\u0438\u0442\u0435\u0442\u0443\u201d (rocznik ukrai\u0144ski) - cz\u0142onek rady naukowej.\n<li>\u201cTeacher Education and Curriculum Studies\u201d \u2013 cz\u0142onek rady naukowej.\nhttp:\/\/www.sciencepublishinggroup.com\/journal\/editorialboard?journalid=240\n<li>\u201cElectronic Research Journal of Social Sciences & Humanities\u201d (ISSN: 2706-8242) http:\/\/www.eresearchjournal.com\/\n<li>Pedagogick\u00e9 Rozhl`dy\u201d.\nCz\u0142onkini rad redakcyjnych i recenzent czasopism naukowych:\n<li> \u201eLabor et Educatio\u201d Czasopismo Naukowe Instytutu Pracy Socjalnej Uniwersytetu Pedagogicznego im. Komisji Edukacji Narodowej w Krakowie.\n<li>\u201eParezja\u201d.\n<li>\u201eStudia Pedagogiczne. Problemy spo\u0142eczne, edukacyjne i artystyczne\u201d\n<li>\u201ePogranicze. Studia Spo\u0142eczne\u201d.\n<li>\u201eLubelski Rocznik Pedagogiczny\u201d \u2013 recenzent (10 pkt., cz\u0119\u015b\u0107 B wykazu MNiSW).\n<li>\u201eStudia Kulturowo-Edukacyjne\u201d \u2013 cz\u0142onek rady naukowej (2 pkt., cz\u0119\u015b\u0107 B wykazu MNiSW).\n<li>\"Acta Universitatis Nicolai Copernici. Pedagogika\"\n<li>Teacher Education and Curriculum Studies.\n<li>\u201cKultura i Edukacja\u201d recenzent.\n<li>Annales Universitatis Mariae Curie-Sk\u0142odowska, sectio J \u2013 Paedagogia-Psychologia.\nCz\u0142onkini stowarzysze\u0144 i zespo\u0142\u00f3w naukowych:\n<li>Stowarzyszenia Wspierania Edukacji Mi\u0119dzykulturowej (od 2015 roku Skarbnik)\n<li>Polsko-Czeskiego Towarzystwa Naukowego\n<li>Zespo\u0142u Pedagogiki Szkolnej Komitetu Nauk Pedagogicznych PAN\n<li>Zespo\u0142u Pedagogiki Kultury i Edukacji Mi\u0119dzykulturowej Komitetu Nauk Pedagogicznych PAN.\n<li>Cz\u0142onek Ukrainian Academy of Acmeology.\r\n\t\t\t\t\t\t\t\t<br>\r\n\t\t\t\t\t\t\t\t\r\n\t\t\t\t\t\t\t\t<\/div>\r\n\t\t\t\t\t\t\t<\/div>\r\n\t\t\t\t\t\t<\/div>\r\n\t\t\t\t\t<\/div><\/div>\r\n\t\t\t\t\t\t<\/div>\r\n\t\t\t\t\t <\/div>[\/vc_column][\/vc_row]<\/p>","protected":false},"excerpt":{"rendered":"<p>[vc_row][vc_column width=&#8221;1\/4&#8243;][vc_single_image image=&#8221;737&#8243; img_size=&#8221;medium&#8221; style=&#8221;vc_box_shadow_3d&#8221;][\/vc_column][vc_column width=&#8221;3\/4&#8243; css=&#8221;.vc_custom_1597521185463{border-bottom-width: -30px !important;}&#8221;][vc_column_text] Stanowisko: Grupa: Specjalno\u015b\u0107: Pok\u00f3j: Telefon: e-mail: Profesor Uczelni Pracownicy badawczo-dydaktyczni Pedagogika b.d. 33 8546205 anna.gajdzica@us.edu.pl 0000-0001-9797-2591 [\/vc_column_text][\/vc_column][\/vc_row][vc_row][vc_column][\/vc_column][\/vc_row][vc_row][vc_column css=&#8221;.vc_custom_1597523042561{margin-bottom: -50px !important;}&#8221;][\/vc_column][\/vc_row] [&#8230;]<\/p>\n<p><a class=\"btn btn-secondary understrap-read-more-link\" href=\"https:\/\/us.edu.pl\/instytut\/ipe\/dr-hab-anna-szafranska\/\">Read More&#8230;<\/a><\/p>\n","protected":false},"author":2293,"featured_media":0,"parent":0,"menu_order":0,"comment_status":"closed","ping_status":"closed","template":"page-templates\/page-with-bookmarks.php","meta":{"_expiration-date-status":"saved","_expiration-date":0,"_expiration-date-type":"","_expiration-date-categories":[],"_expiration-date-options":[]},"acf":[],"_links":{"self":[{"href":"https:\/\/us.edu.pl\/instytut\/ipe\/wp-json\/wp\/v2\/pages\/785"}],"collection":[{"href":"https:\/\/us.edu.pl\/instytut\/ipe\/wp-json\/wp\/v2\/pages"}],"about":[{"href":"https:\/\/us.edu.pl\/instytut\/ipe\/wp-json\/wp\/v2\/types\/page"}],"author":[{"embeddable":true,"href":"https:\/\/us.edu.pl\/instytut\/ipe\/wp-json\/wp\/v2\/users\/2293"}],"replies":[{"embeddable":true,"href":"https:\/\/us.edu.pl\/instytut\/ipe\/wp-json\/wp\/v2\/comments?post=785"}],"version-history":[{"count":3,"href":"https:\/\/us.edu.pl\/instytut\/ipe\/wp-json\/wp\/v2\/pages\/785\/revisions"}],"predecessor-version":[{"id":788,"href":"https:\/\/us.edu.pl\/instytut\/ipe\/wp-json\/wp\/v2\/pages\/785\/revisions\/788"}],"wp:attachment":[{"href":"https:\/\/us.edu.pl\/instytut\/ipe\/wp-json\/wp\/v2\/media?parent=785"}],"curies":[{"name":"wp","href":"https:\/\/api.w.org\/{rel}","templated":true}]}}