{"id":847,"date":"2020-08-22T08:29:49","date_gmt":"2020-08-22T06:29:49","guid":{"rendered":"https:\/\/us.edu.pl\/instytut\/ipe\/?page_id=847"},"modified":"2020-09-11T11:16:25","modified_gmt":"2020-09-11T09:16:25","slug":"dr-malgorzata-kitlinska-krol","status":"publish","type":"page","link":"https:\/\/us.edu.pl\/instytut\/ipe\/dr-malgorzata-kitlinska-krol\/","title":{"rendered":"Dr Ma\u0142gorzata Kitli\u0144ska-Kr\u00f3l"},"content":{"rendered":"<p>[vc_row][vc_column width=&#8221;1\/4&#8243;][vc_single_image image=&#8221;737&#8243; img_size=&#8221;medium&#8221; style=&#8221;vc_box_shadow_3d&#8221;][\/vc_column][vc_column width=&#8221;3\/4&#8243; css=&#8221;.vc_custom_1597521185463{border-bottom-width: -30px !important;}&#8221;][vc_column_text]<\/p>\n<table style=\"width: 72.9397%\">\n<tbody>\n<tr>\n<td style=\"width: 24.6684%\"><span style=\"font-size: 12pt;font-family: tahoma, arial, helvetica, sans-serif\">Stanowisko:<\/span><\/p>\n<p><span style=\"font-size: 12pt;font-family: tahoma, arial, helvetica, sans-serif\">Grupa:<\/span><\/p>\n<p><span style=\"font-size: 12pt;font-family: tahoma, arial, helvetica, sans-serif\">Specjalno\u015b\u0107:<\/span><\/p>\n<p><span style=\"font-size: 12pt;font-family: tahoma, arial, helvetica, sans-serif\">Pok\u00f3j:<\/span><\/p>\n<p><span style=\"font-size: 12pt;font-family: tahoma, arial, helvetica, sans-serif\">Telefon:<\/span><\/p>\n<p><span style=\"font-size: 12pt;font-family: tahoma, arial, helvetica, sans-serif\">e-mail:<\/span><\/p>\n<p><span style=\"font-size: 12pt;font-family: tahoma, arial, helvetica, sans-serif\"><img class=\"size-full wp-image-275\" src=\"http:\/\/us.edu.pl\/instytut\/im\/wp-content\/uploads\/sites\/43\/Nieprzypisane\/ORCID.png\" alt=\"Logo ORCID\" width=\"71\" height=\"22\" \/><\/span><\/td>\n<td style=\"width: 78.7798%\"><span style=\"font-size: 12pt;font-family: tahoma, arial, helvetica, sans-serif\"><strong>Adiunkt<\/strong><\/span><\/p>\n<p><span style=\"font-size: 12pt;font-family: tahoma, arial, helvetica, sans-serif\"><strong>Pracownicy badawczo-dydaktyczni<\/strong><\/span><\/p>\n<p><span style=\"font-size: 12pt;font-family: tahoma, arial, helvetica, sans-serif\"><strong>Pedagogika<br \/>\n<\/strong><\/span><\/p>\n<p>&nbsp;<\/p>\n<p>&nbsp;<\/p>\n<p><span style=\"font-size: 12pt;font-family: tahoma, arial, helvetica, sans-serif\"><strong>\u00a0<\/strong><\/span><\/p>\n<p><span style=\"font-size: 12pt;font-family: tahoma, arial, helvetica, sans-serif\"><strong><a href=\"https:\/\/orcid.org\/0000-0003-4430-3938\">0000-0003-4430-3938<\/a><\/strong><\/span><\/td>\n<\/tr>\n<\/tbody>\n<\/table>\n<p>[\/vc_column_text][\/vc_column][\/vc_row][vc_row][vc_column]\r\n\t\t\t\t<div class='container'>\r\n\t\t\t\t\t<div class='list-links list-links_blue'>\r\n\t\t\t\t\t\t  \r\n\t\t\t\t\t\t  <ul>\r\n\t\t\t\t\t\t\t\t<li><a href=''><p>Materia\u0142y dodatkowe<\/p><\/a><\/li><\/ul>\r\n\t\t\t\t\t<\/div>\r\n\t\t\t\t<\/div>   \r\n\t\t\t\t\t[\/vc_column][\/vc_row][vc_row][vc_column css=&#8221;.vc_custom_1597523042561{margin-bottom: -50px !important;}&#8221;]\r\n\t\t\t\t\t<div class='container'>\r\n\t\t\t\t\t\t<div class='sidebar_moduls sidebar_dropdown zakladki' style='background-color: #FFFFFF'>\r\n\t\t\t\t\t\t\t<h3 class='page-title'><\/h3>\r\n\t\t\t\t\t\t\t<p class='zakladki__desc'><\/p>\r\n\r\n\t\t\t\t\t\t\t<div class='bookmarks'>\r\n\t\t\t\t\t<div class=\"bookmark\">\r\n\t\t\t\t\t\t<div class=\"bookmark__title\">\r\n                            <h3>\r\n                                <span class=\"short\">Przebieg kariery naukowej<\/span>\r\n                                <span class=\"long\">Przebieg kariery naukowej<\/span>\r\n                            <\/h3>\r\n\t\t\t\t\t\t<\/div>\r\n\t\t\t\t\t\t\r\n\t\t\t\t\t\t<div class=\"bookmark__content-wrap\">\r\n\t\t\t\t\t\t\t<div class=\"bookmark__content\">\r\n\r\n\t\t\t\t\t\t\t\t\r\n\r\n\t\t\t\t\t\t\t\t<div class=\"bookmark_text\" style=\"font-size:20px;\">\r\n\t\t\t\t\t\t\t\t<li>1995 r. \u2013 uzyskanie tytu\u0142u magistra pedagogiki - Uniwersytet \u015al\u0105ski w Katowicach; \n<li>2008 r. \u2013 uzyskanie stopnia doktora nauk humanistycznych w zakresie pedagogiki - Uniwersytet \u015al\u0105ski w Katowicach.\n<br>\n<br>\nDo\u015bwiadczenie badawcze i praktyczne zwi\u0105zane z realizacj\u0105 projekt\u00f3w zespo\u0142owych i indywidualnych, kt\u00f3rych rezultatem by\u0142a dzia\u0142alno\u015b\u0107 wdro\u017ceniowa, publikacje naukowe, m.in.:\n<li>Projekt zespo\u0142owy: Pokonywanie trudno\u015bci w funkcjonowaniu zawodowym nauczyciela; (artyku\u0142: Specjalne potrzeby edukacyjne uczni\u00f3w polskiej szko\u0142y - dylematy edukacji w\u0142\u0105czaj\u0105cej; 2012; artyku\u0142:  Nauczyciele i edukacja mi\u0119dzykulturowa, 2013; redakcja monografii: Dziecko ze specjalnymi potrzebami edukacyjnymi w rzeczywisto\u015bci pedagogicznej, 2014; artyku\u0142: Preferencje aksjologiczne student\u00f3w pedagogiki, 2016, itp.)\n<li>Projekt zespo\u0142owy: Jako\u015bci egzystencjalne dzieci i m\u0142odzie\u017cy; (wsp\u00f3\u0142autorstwo monografii: Pedagogiczne wyzwania wobec zmiany  spo\u0142ecznej, 2013; rozdzia\u0142:  Edukacja do warto\u015bci a wychowanie w ponowoczesno\u015bci, 2015; wsp\u00f3\u0142redaktor woluminu \u201cJournal of Human Dignity and Wellbeing\u201d, \u201cThe dignity of the human being- migrating boundaries\u201d, 2016, No. 1(1), wsp\u00f3\u0142redakcja monografii: Refleksyjne wychowanie \u2013 profilaktyka edukacyjna i rodzinna, 2017);\n<li>Projekt indywidualny pt. Aktywne uczestnictwo \u015brodowiska spo\u0142eczno-wychowawczego w procesie opieki nad mow\u0105 dziecka; (autorstwo monografii: Opieka logopedyczna nad mow\u0105 dziecka 2011, Problemy komunikacji werbalnej os\u00f3b starszych z afazj\u0105, 2017);\n<li>Projekt zespo\u0142owy:  Zagro\u017cenia rozwojowe i spo\u0142eczne dzieci i m\u0142odzie\u017cy- konteksty marginalizacji spo\u0142ecznej i wsparcia rozwoju m\u0142odego pokolenia; (rozdzia\u0142: Wyzwania i zagro\u017cenia dla komunikacji j\u0119zykowej dzieci i m\u0142odzie\u017cy, 2012; wsp\u00f3\u0142redakcja monografii: Profilaktyka w przestrzeni publicznej, 2013; oraz Naukowcy: osobowo\u015b\u0107, rola, profesjonalizm, 2019, a tak\u017ce artyku\u0142 Strengthening the educational potential in primary school - a project co-financed from the EU funds, 2019;); itd.\n\n\n\n\n\n\n\n\r\n\t\t\t\t\t\t\t\t<br>\r\n\t\t\t\t\t\t\t\t\r\n\t\t\t\t\t\t\t\t<\/div>\r\n\t\t\t\t\t\t\t<\/div>\r\n\t\t\t\t\t\t<\/div>\r\n\t\t\t\t\t<\/div>\r\n\t\t\t\t\t<div class=\"bookmark\">\r\n\t\t\t\t\t\t<div class=\"bookmark__title\">\r\n                            <h3>\r\n                                <span class=\"short\">Zainteresowania badawcze<\/span>\r\n                                <span class=\"long\">Zainteresowania badawcze<\/span>\r\n                            <\/h3>\r\n\t\t\t\t\t\t<\/div>\r\n\t\t\t\t\t\t\r\n\t\t\t\t\t\t<div class=\"bookmark__content-wrap\">\r\n\t\t\t\t\t\t\t<div class=\"bookmark__content\">\r\n\r\n\t\t\t\t\t\t\t\t\r\n\r\n\t\t\t\t\t\t\t\t<div class=\"bookmark_text\" style=\"font-size:20px;\">\r\n\t\t\t\t\t\t\t\t<li>aspekty funkcjonowania polskiego systemu edukacyjnego w kontek\u015bcie system\u00f3w szkolnych Europy i \u015bwiata; ucze\u0144- nauczyciel- rodzic, proces kszta\u0142cenia i wychowania;\n<li>kompetencje i deficyty j\u0119zykowe\/ komunikacyjne os\u00f3b z r\u00f3\u017cnych grup wiekowych polskiego spo\u0142ecze\u0144stwa (diagnoza i terapia logopedyczna, pedagogiczna);\n<li>wsp\u00f3\u0142czesna rodzina polska wobec zmiany spo\u0142ecznej (specyfika funkcjonowania, strategie wychowawcze, warto\u015bci, role spo\u0142eczne, itp.);\n<li>pomoc pedagogiczno-psychologiczna uczniowi\/osobie ze specjalnymi potrzebami edukacyjnymi\/rozwojowymi oraz bliskim z otoczenia;\n\n\n\n\n\r\n\t\t\t\t\t\t\t\t<br>\r\n\t\t\t\t\t\t\t\t\r\n\t\t\t\t\t\t\t\t<\/div>\r\n\t\t\t\t\t\t\t<\/div>\r\n\t\t\t\t\t\t<\/div>\r\n\t\t\t\t\t<\/div>\r\n\t\t\t\t\t<div class=\"bookmark\">\r\n\t\t\t\t\t\t<div class=\"bookmark__title\">\r\n                            <h3>\r\n                                <span class=\"short\">Najwa\u017cniejsze osi\u0105gni\u0119cia naukowe, wyr\u00f3\u017cnienia i nagrody<\/span>\r\n                                <span class=\"long\">Najwa\u017cniejsze osi\u0105gni\u0119cia naukowe, wyr\u00f3\u017cnienia i nagrody<\/span>\r\n                            <\/h3>\r\n\t\t\t\t\t\t<\/div>\r\n\t\t\t\t\t\t\r\n\t\t\t\t\t\t<div class=\"bookmark__content-wrap\">\r\n\t\t\t\t\t\t\t<div class=\"bookmark__content\">\r\n\r\n\t\t\t\t\t\t\t\t\r\n\r\n\t\t\t\t\t\t\t\t<div class=\"bookmark_text\" style=\"font-size:20px;\">\r\n\t\t\t\t\t\t\t\t\n\n\r\n\t\t\t\t\t\t\t\t<br>\r\n\t\t\t\t\t\t\t\t\r\n\t\t\t\t\t\t\t\t<\/div>\r\n\t\t\t\t\t\t\t<\/div>\r\n\t\t\t\t\t\t<\/div>\r\n\t\t\t\t\t<\/div>\r\n\t\t\t\t\t<div class=\"bookmark\">\r\n\t\t\t\t\t\t<div class=\"bookmark__title\">\r\n                            <h3>\r\n                                <span class=\"short\">Sta\u017ce naukowe\/Wizyty studyjne<\/span>\r\n                                <span class=\"long\">Sta\u017ce naukowe\/Wizyty studyjne<\/span>\r\n                            <\/h3>\r\n\t\t\t\t\t\t<\/div>\r\n\t\t\t\t\t\t\r\n\t\t\t\t\t\t<div class=\"bookmark__content-wrap\">\r\n\t\t\t\t\t\t\t<div class=\"bookmark__content\">\r\n\r\n\t\t\t\t\t\t\t\t\r\n\r\n\t\t\t\t\t\t\t\t<div class=\"bookmark_text\" style=\"font-size:20px;\">\r\n\t\t\t\t\t\t\t\t\r\n\t\t\t\t\t\t\t\t<br>\r\n\t\t\t\t\t\t\t\t\r\n\t\t\t\t\t\t\t\t<\/div>\r\n\t\t\t\t\t\t\t<\/div>\r\n\t\t\t\t\t\t<\/div>\r\n\t\t\t\t\t<\/div>\r\n\t\t\t\t\t<div class=\"bookmark\">\r\n\t\t\t\t\t\t<div class=\"bookmark__title\">\r\n                            <h3>\r\n                                <span class=\"short\">Cz\u0142onkostwo w radach naukowych i radach redakcyjnych <\/span>\r\n                                <span class=\"long\">Cz\u0142onkostwo w radach naukowych i radach redakcyjnych <\/span>\r\n                            <\/h3>\r\n\t\t\t\t\t\t<\/div>\r\n\t\t\t\t\t\t\r\n\t\t\t\t\t\t<div class=\"bookmark__content-wrap\">\r\n\t\t\t\t\t\t\t<div class=\"bookmark__content\">\r\n\r\n\t\t\t\t\t\t\t\t\r\n\r\n\t\t\t\t\t\t\t\t<div class=\"bookmark_text\" style=\"font-size:20px;\">\r\n\t\t\t\t\t\t\t\t<li>2016 r. do nadal - sekretarz Czasopisma \u201cJournal of Human Dignity and Wellbeing\u201d; https:\/\/johdaw.com\/editorial-board\/\n<li>2013 r.\/2015 r. - Cz\u0142onkini Zespo\u0142u ds. Wdra\u017cania Krajowych Ram Kwalifikacji Uniwersytetu \u015al\u0105skiego w Katowicach.\n\r\n\t\t\t\t\t\t\t\t<br>\r\n\t\t\t\t\t\t\t\t\r\n\t\t\t\t\t\t\t\t<\/div>\r\n\t\t\t\t\t\t\t<\/div>\r\n\t\t\t\t\t\t<\/div>\r\n\t\t\t\t\t<\/div><\/div>\r\n\t\t\t\t\t\t<\/div>\r\n\t\t\t\t\t <\/div>[\/vc_column][\/vc_row]<\/p>","protected":false},"excerpt":{"rendered":"<p>[vc_row][vc_column width=&#8221;1\/4&#8243;][vc_single_image image=&#8221;737&#8243; img_size=&#8221;medium&#8221; style=&#8221;vc_box_shadow_3d&#8221;][\/vc_column][vc_column width=&#8221;3\/4&#8243; css=&#8221;.vc_custom_1597521185463{border-bottom-width: -30px !important;}&#8221;][vc_column_text] Stanowisko: Grupa: Specjalno\u015b\u0107: Pok\u00f3j: Telefon: e-mail: Adiunkt Pracownicy badawczo-dydaktyczni Pedagogika &nbsp; &nbsp; \u00a0 0000-0003-4430-3938 [\/vc_column_text][\/vc_column][\/vc_row][vc_row][vc_column][\/vc_column][\/vc_row][vc_row][vc_column css=&#8221;.vc_custom_1597523042561{margin-bottom: -50px !important;}&#8221;][\/vc_column][\/vc_row] [&#8230;]<\/p>\n<p><a class=\"btn btn-secondary understrap-read-more-link\" href=\"https:\/\/us.edu.pl\/instytut\/ipe\/dr-malgorzata-kitlinska-krol\/\">Read More&#8230;<\/a><\/p>\n","protected":false},"author":2293,"featured_media":0,"parent":0,"menu_order":0,"comment_status":"closed","ping_status":"closed","template":"page-templates\/page-with-bookmarks.php","meta":{"_expiration-date-status":"saved","_expiration-date":0,"_expiration-date-type":"","_expiration-date-categories":[],"_expiration-date-options":[]},"acf":[],"_links":{"self":[{"href":"https:\/\/us.edu.pl\/instytut\/ipe\/wp-json\/wp\/v2\/pages\/847"}],"collection":[{"href":"https:\/\/us.edu.pl\/instytut\/ipe\/wp-json\/wp\/v2\/pages"}],"about":[{"href":"https:\/\/us.edu.pl\/instytut\/ipe\/wp-json\/wp\/v2\/types\/page"}],"author":[{"embeddable":true,"href":"https:\/\/us.edu.pl\/instytut\/ipe\/wp-json\/wp\/v2\/users\/2293"}],"replies":[{"embeddable":true,"href":"https:\/\/us.edu.pl\/instytut\/ipe\/wp-json\/wp\/v2\/comments?post=847"}],"version-history":[{"count":4,"href":"https:\/\/us.edu.pl\/instytut\/ipe\/wp-json\/wp\/v2\/pages\/847\/revisions"}],"predecessor-version":[{"id":929,"href":"https:\/\/us.edu.pl\/instytut\/ipe\/wp-json\/wp\/v2\/pages\/847\/revisions\/929"}],"wp:attachment":[{"href":"https:\/\/us.edu.pl\/instytut\/ipe\/wp-json\/wp\/v2\/media?parent=847"}],"curies":[{"name":"wp","href":"https:\/\/api.w.org\/{rel}","templated":true}]}}

Dr Małgorzata Kitlińska-Król

<p>[vc_row][vc_column width=&#8221;1/4&#8243;][vc_single_image image=&#8221;737&#8243; img_size=&#8221;medium&#8221; style=&#8221;vc_box_shadow_3d&#8221;][/vc_column][vc_column width=&#8221;3/4&#8243; css=&#8221;.vc_custom_1597521185463{border-bottom-width: -30px !important;}&#8221;][vc_column_text]</p>
<table style="width: 72.9397%">
<tbody>
<tr>
<td style="width: 24.6684%"><span style="font-size: 12pt;font-family: tahoma, arial, helvetica, sans-serif">Stanowisko:</span></p>
<p><span style="font-size: 12pt;font-family: tahoma, arial, helvetica, sans-serif">Grupa:</span></p>
<p><span style="font-size: 12pt;font-family: tahoma, arial, helvetica, sans-serif">Specjalność:</span></p>
<p><span style="font-size: 12pt;font-family: tahoma, arial, helvetica, sans-serif">Pokój:</span></p>
<p><span style="font-size: 12pt;font-family: tahoma, arial, helvetica, sans-serif">Telefon:</span></p>
<p><span style="font-size: 12pt;font-family: tahoma, arial, helvetica, sans-serif">e-mail:</span></p>
<p><span style="font-size: 12pt;font-family: tahoma, arial, helvetica, sans-serif"><img class="size-full wp-image-275" src="http://us.edu.pl/instytut/im/wp-content/uploads/sites/43/Nieprzypisane/ORCID.png" alt="Logo ORCID" width="71" height="22" /></span></td>
<td style="width: 78.7798%"><span style="font-size: 12pt;font-family: tahoma, arial, helvetica, sans-serif"><strong>Adiunkt</strong></span></p>
<p><span style="font-size: 12pt;font-family: tahoma, arial, helvetica, sans-serif"><strong>Pracownicy badawczo-dydaktyczni</strong></span></p>
<p><span style="font-size: 12pt;font-family: tahoma, arial, helvetica, sans-serif"><strong>Pedagogika<br />
</strong></span></p>
<p>&nbsp;</p>
<p>&nbsp;</p>
<p><span style="font-size: 12pt;font-family: tahoma, arial, helvetica, sans-serif"><strong> </strong></span></p>
<p><span style="font-size: 12pt;font-family: tahoma, arial, helvetica, sans-serif"><strong><a href="https://orcid.org/0000-0003-4430-3938">0000-0003-4430-3938</a></strong></span></td>
</tr>
</tbody>
</table>
<p>[/vc_column_text][/vc_column][/vc_row][vc_row][vc_column]
				<div class='container'>
					<div class='list-links list-links_blue'>
						  
						  <ul>
								<li><a href=''><p>Materiały dodatkowe</p></a></li></ul>
					</div>
				</div>   
					[/vc_column][/vc_row][vc_row][vc_column css=&#8221;.vc_custom_1597523042561{margin-bottom: -50px !important;}&#8221;]
					<div class='container'>
						<div class='sidebar_moduls sidebar_dropdown zakladki' style='background-color: #FFFFFF'>
							<h3 class='page-title'></h3>
							<p class='zakladki__desc'></p>

							<div class='bookmarks'>
					<div class="bookmark">
						<div class="bookmark__title">
                            <h3>
                                <span class="short">Przebieg kariery naukowej</span>
                                <span class="long">Przebieg kariery naukowej</span>
                            </h3>
						</div>
						
						<div class="bookmark__content-wrap">
							<div class="bookmark__content">

								

								<div class="bookmark_text" style="font-size:20px;">
								<li>1995 r. – uzyskanie tytułu magistra pedagogiki - Uniwersytet Śląski w Katowicach; 
<li>2008 r. – uzyskanie stopnia doktora nauk humanistycznych w zakresie pedagogiki - Uniwersytet Śląski w Katowicach.
<br>
<br>
Doświadczenie badawcze i praktyczne związane z realizacją projektów zespołowych i indywidualnych, których rezultatem była działalność wdrożeniowa, publikacje naukowe, m.in.:
<li>Projekt zespołowy: Pokonywanie trudności w funkcjonowaniu zawodowym nauczyciela; (artykuł: Specjalne potrzeby edukacyjne uczniów polskiej szkoły - dylematy edukacji włączającej; 2012; artykuł:  Nauczyciele i edukacja międzykulturowa, 2013; redakcja monografii: Dziecko ze specjalnymi potrzebami edukacyjnymi w rzeczywistości pedagogicznej, 2014; artykuł: Preferencje aksjologiczne studentów pedagogiki, 2016, itp.)
<li>Projekt zespołowy: Jakości egzystencjalne dzieci i młodzieży; (współautorstwo monografii: Pedagogiczne wyzwania wobec zmiany  społecznej, 2013; rozdział:  Edukacja do wartości a wychowanie w ponowoczesności, 2015; współredaktor woluminu “Journal of Human Dignity and Wellbeing”, “The dignity of the human being- migrating boundaries”, 2016, No. 1(1), współredakcja monografii: Refleksyjne wychowanie – profilaktyka edukacyjna i rodzinna, 2017);
<li>Projekt indywidualny pt. Aktywne uczestnictwo środowiska społeczno-wychowawczego w procesie opieki nad mową dziecka; (autorstwo monografii: Opieka logopedyczna nad mową dziecka 2011, Problemy komunikacji werbalnej osób starszych z afazją, 2017);
<li>Projekt zespołowy:  Zagrożenia rozwojowe i społeczne dzieci i młodzieży- konteksty marginalizacji społecznej i wsparcia rozwoju młodego pokolenia; (rozdział: Wyzwania i zagrożenia dla komunikacji językowej dzieci i młodzieży, 2012; współredakcja monografii: Profilaktyka w przestrzeni publicznej, 2013; oraz Naukowcy: osobowość, rola, profesjonalizm, 2019, a także artykuł Strengthening the educational potential in primary school - a project co-financed from the EU funds, 2019;); itd.








								<br>
								
								</div>
							</div>
						</div>
					</div>
					<div class="bookmark">
						<div class="bookmark__title">
                            <h3>
                                <span class="short">Zainteresowania badawcze</span>
                                <span class="long">Zainteresowania badawcze</span>
                            </h3>
						</div>
						
						<div class="bookmark__content-wrap">
							<div class="bookmark__content">

								

								<div class="bookmark_text" style="font-size:20px;">
								<li>aspekty funkcjonowania polskiego systemu edukacyjnego w kontekście systemów szkolnych Europy i świata; uczeń- nauczyciel- rodzic, proces kształcenia i wychowania;
<li>kompetencje i deficyty językowe/ komunikacyjne osób z różnych grup wiekowych polskiego społeczeństwa (diagnoza i terapia logopedyczna, pedagogiczna);
<li>współczesna rodzina polska wobec zmiany społecznej (specyfika funkcjonowania, strategie wychowawcze, wartości, role społeczne, itp.);
<li>pomoc pedagogiczno-psychologiczna uczniowi/osobie ze specjalnymi potrzebami edukacyjnymi/rozwojowymi oraz bliskim z otoczenia;





								<br>
								
								</div>
							</div>
						</div>
					</div>
					<div class="bookmark">
						<div class="bookmark__title">
                            <h3>
                                <span class="short">Najważniejsze osiągnięcia naukowe, wyróżnienia i nagrody</span>
                                <span class="long">Najważniejsze osiągnięcia naukowe, wyróżnienia i nagrody</span>
                            </h3>
						</div>
						
						<div class="bookmark__content-wrap">
							<div class="bookmark__content">

								

								<div class="bookmark_text" style="font-size:20px;">
								


								<br>
								
								</div>
							</div>
						</div>
					</div>
					<div class="bookmark">
						<div class="bookmark__title">
                            <h3>
                                <span class="short">Staże naukowe/Wizyty studyjne</span>
                                <span class="long">Staże naukowe/Wizyty studyjne</span>
                            </h3>
						</div>
						
						<div class="bookmark__content-wrap">
							<div class="bookmark__content">

								

								<div class="bookmark_text" style="font-size:20px;">
								
								<br>
								
								</div>
							</div>
						</div>
					</div>
					<div class="bookmark">
						<div class="bookmark__title">
                            <h3>
                                <span class="short">Członkostwo w radach naukowych i radach redakcyjnych </span>
                                <span class="long">Członkostwo w radach naukowych i radach redakcyjnych </span>
                            </h3>
						</div>
						
						<div class="bookmark__content-wrap">
							<div class="bookmark__content">

								

								<div class="bookmark_text" style="font-size:20px;">
								<li>2016 r. do nadal - sekretarz Czasopisma “Journal of Human Dignity and Wellbeing”; https://johdaw.com/editorial-board/
<li>2013 r./2015 r. - Członkini Zespołu ds. Wdrażania Krajowych Ram Kwalifikacji Uniwersytetu Śląskiego w Katowicach.

								<br>
								
								</div>
							</div>
						</div>
					</div></div>
						</div>
					 </div>[/vc_column][/vc_row]</p>

<p>[vc_row][vc_column width=&#8221;1/4&#8243;][vc_single_image image=&#8221;737&#8243; img_size=&#8221;medium&#8221; style=&#8221;vc_box_shadow_3d&#8221;][/vc_column][vc_column width=&#8221;3/4&#8243; css=&#8221;.vc_custom_1597521185463{border-bottom-width: -30px !important;}&#8221;][vc_column_text] Stanowisko: Grupa: Specjalność: Pokój: Telefon: e-mail: Adiunkt Pracownicy badawczo-dydaktyczni Pedagogika &nbsp; &nbsp;   0000-0003-4430-3938 [/vc_column_text][/vc_column][/vc_row][vc_row][vc_column][/vc_column][/vc_row][vc_row][vc_column css=&#8221;.vc_custom_1597523042561{margin-bottom: -50px !important;}&#8221;][/vc_column][/vc_row] [&#8230;]</p>
<p><a class="btn btn-secondary understrap-read-more-link" href="https://us.edu.pl/instytut/ipe/dr-malgorzata-kitlinska-krol/">Read More&#8230;</a></p>
