{"id":984,"date":"2020-09-16T12:21:23","date_gmt":"2020-09-16T10:21:23","guid":{"rendered":"https:\/\/us.edu.pl\/instytut\/ipe\/?page_id=984"},"modified":"2021-02-13T13:19:41","modified_gmt":"2021-02-13T12:19:41","slug":"dr-hab-violetta-rodek","status":"publish","type":"page","link":"https:\/\/us.edu.pl\/instytut\/ipe\/dr-hab-violetta-rodek\/","title":{"rendered":"Dr hab. Violetta Rodek, prof. U\u015a"},"content":{"rendered":"<p>[vc_row][vc_column width=&#8221;1\/4&#8243;][vc_single_image image=&#8221;985&#8243; img_size=&#8221;medium&#8221; style=&#8221;vc_box_shadow_3d&#8221;][\/vc_column][vc_column width=&#8221;3\/4&#8243; css=&#8221;.vc_custom_1597521185463{border-bottom-width: -30px !important;}&#8221;][vc_column_text]<\/p>\n<table style=\"width: 72.9397%\">\n<tbody>\n<tr>\n<td style=\"width: 24.6684%\"><span style=\"font-size: 12pt;font-family: tahoma, arial, helvetica, sans-serif\">Stanowisko:<\/span><\/p>\n<p><span style=\"font-size: 12pt;font-family: tahoma, arial, helvetica, sans-serif\">Grupa:<\/span><\/p>\n<p><span style=\"font-size: 12pt;font-family: tahoma, arial, helvetica, sans-serif\">Specjalno\u015b\u0107:<\/span><\/p>\n<p><span style=\"font-size: 12pt;font-family: tahoma, arial, helvetica, sans-serif\">Pok\u00f3j:<\/span><\/p>\n<p><span style=\"font-size: 12pt;font-family: tahoma, arial, helvetica, sans-serif\">Telefon:<\/span><\/p>\n<p><span style=\"font-size: 12pt;font-family: tahoma, arial, helvetica, sans-serif\">e-mail:<\/span><\/p>\n<p><span style=\"font-size: 12pt;font-family: tahoma, arial, helvetica, sans-serif\"><img class=\"size-full wp-image-275\" src=\"http:\/\/us.edu.pl\/instytut\/im\/wp-content\/uploads\/sites\/43\/Nieprzypisane\/ORCID.png\" alt=\"Logo ORCID\" width=\"71\" height=\"22\" \/><\/span><\/td>\n<td style=\"width: 78.7798%\"><span style=\"font-size: 12pt;font-family: tahoma, arial, helvetica, sans-serif\"><strong>Profesor Uczelni<\/strong><\/span><\/p>\n<p><span style=\"font-size: 12pt;font-family: tahoma, arial, helvetica, sans-serif\"><strong>Pracownicy badawczo-dydaktyczni<\/strong><\/span><\/p>\n<p><span style=\"font-size: 12pt;font-family: tahoma, arial, helvetica, sans-serif\"><strong>Pedagogika<br \/>\n<\/strong><\/span><\/p>\n<p><span style=\"font-size: 12pt;font-family: tahoma, arial, helvetica, sans-serif\"><strong>b.d.<\/strong><\/span><\/p>\n<p><span style=\"font-size: 12pt;font-family: tahoma, arial, helvetica, sans-serif\"><strong>\u00a0<\/strong><\/span><\/p>\n<p><span style=\"font-size: 12pt;font-family: tahoma, arial, helvetica, sans-serif\"><strong><span class=\"styles__Text-qmhvn0-5 bGPptk\">\u00a0violetta.rodek@us.edu.pl<\/span><\/strong><\/span><\/p>\n<p><span style=\"font-size: 12pt;font-family: tahoma, arial, helvetica, sans-serif\"><strong><a href=\"https:\/\/orcid.org\/0000-0002-2501-4092\">0000-0002-2501-4092 <\/a><\/strong><\/span><\/td>\n<\/tr>\n<\/tbody>\n<\/table>\n<p>[\/vc_column_text][\/vc_column][\/vc_row][vc_row][vc_column]\r\n\t\t\t\t<div class='container'>\r\n\t\t\t\t\t<div class='list-links list-links_blue'>\r\n\t\t\t\t\t\t  \r\n\t\t\t\t\t\t  <ul>\r\n\t\t\t\t\t\t\t\t<li><a href=''><p>Materia\u0142y dodatkowe<\/p><\/a><\/li><\/ul>\r\n\t\t\t\t\t<\/div>\r\n\t\t\t\t<\/div>   \r\n\t\t\t\t\t[\/vc_column][\/vc_row][vc_row][vc_column css=&#8221;.vc_custom_1597523042561{margin-bottom: -50px !important;}&#8221;]\r\n\t\t\t\t\t<div class='container'>\r\n\t\t\t\t\t\t<div class='sidebar_moduls sidebar_dropdown zakladki' style='background-color: #FFFFFF'>\r\n\t\t\t\t\t\t\t<h3 class='page-title'><\/h3>\r\n\t\t\t\t\t\t\t<p class='zakladki__desc'><\/p>\r\n\r\n\t\t\t\t\t\t\t<div class='bookmarks'>\r\n\t\t\t\t\t<div class=\"bookmark\">\r\n\t\t\t\t\t\t<div class=\"bookmark__title\">\r\n                            <h3>\r\n                                <span class=\"short\">Przebieg kariery naukowej<\/span>\r\n                                <span class=\"long\">Przebieg kariery naukowej<\/span>\r\n                            <\/h3>\r\n\t\t\t\t\t\t<\/div>\r\n\t\t\t\t\t\t\r\n\t\t\t\t\t\t<div class=\"bookmark__content-wrap\">\r\n\t\t\t\t\t\t\t<div class=\"bookmark__content\">\r\n\r\n\t\t\t\t\t\t\t\t\r\n\r\n\t\t\t\t\t\t\t\t<div class=\"bookmark_text\" style=\"font-size:20px;\">\r\n\t\t\t\t\t\t\t\t<li>1996r.\u2013 uzyskanie tytu\u0142u magistra pedagogiki, specjalno\u015b\u0107 Pedagogika Wczesnoszkolna. Uniwersytet \u015al\u0105ski w Katowicach. \n<li>2001r. \u2013 uzyskanie stopnia doktora nauk humanistycznych. Uniwersytet \u015al\u0105ski w Katowicach. \n<li>2017r. \u2013 uzyskanie stopnia doktora habilitowanego w dziedzinie nauk spo\u0142ecznych, w dyscyplinie pedagogika;\n<br>\n<br>\n<li>autorka indywidualnego projektu naukowego: \u201ePasja jako najwy\u017csza forma aktywnego tworzenia w\u0142asnej biografii \u2013 uj\u0119cie pedagogiczne\u201d\n<li>cz\u0142onek zespo\u0142u badawczego: \u201eZjawisko stygmatyzacji przeniesionej w \u015bwietle do\u015bwiadcze\u0144 biograficznych rodzin os\u00f3b zagro\u017conych wykluczeniem spo\u0142ecznym\u201d\n\n\n\n\n\n\n\n\r\n\t\t\t\t\t\t\t\t<br>\r\n\t\t\t\t\t\t\t\t\r\n\t\t\t\t\t\t\t\t<\/div>\r\n\t\t\t\t\t\t\t<\/div>\r\n\t\t\t\t\t\t<\/div>\r\n\t\t\t\t\t<\/div>\r\n\t\t\t\t\t<div class=\"bookmark\">\r\n\t\t\t\t\t\t<div class=\"bookmark__title\">\r\n                            <h3>\r\n                                <span class=\"short\">Zainteresowania badawcze<\/span>\r\n                                <span class=\"long\">Zainteresowania badawcze<\/span>\r\n                            <\/h3>\r\n\t\t\t\t\t\t<\/div>\r\n\t\t\t\t\t\t\r\n\t\t\t\t\t\t<div class=\"bookmark__content-wrap\">\r\n\t\t\t\t\t\t\t<div class=\"bookmark__content\">\r\n\r\n\t\t\t\t\t\t\t\t\r\n\r\n\t\t\t\t\t\t\t\t<div class=\"bookmark_text\" style=\"font-size:20px;\">\r\n\t\t\t\t\t\t\t\t<li>autoedukacja, w tym proces samodzielnego uczenia si\u0119; \n<li>pasja w \u017cyciu cz\u0142owieka \u2013 uj\u0119cie pedagogiczne; \n<li>mentoring i tutoring w edukacji; \n<li>edukacja kulturalna; \n<li>zjawisko stygmatyzacji przeniesionej (courtesy stigma) \u2013 konsekwencje dla osobistego rozwoju jednostki. \n\n\n\r\n\t\t\t\t\t\t\t\t<br>\r\n\t\t\t\t\t\t\t\t\r\n\t\t\t\t\t\t\t\t<\/div>\r\n\t\t\t\t\t\t\t<\/div>\r\n\t\t\t\t\t\t<\/div>\r\n\t\t\t\t\t<\/div>\r\n\t\t\t\t\t<div class=\"bookmark\">\r\n\t\t\t\t\t\t<div class=\"bookmark__title\">\r\n                            <h3>\r\n                                <span class=\"short\">Najwa\u017cniejsze osi\u0105gni\u0119cia naukowe, wyr\u00f3\u017cnienia i nagrody<\/span>\r\n                                <span class=\"long\">Najwa\u017cniejsze osi\u0105gni\u0119cia naukowe, wyr\u00f3\u017cnienia i nagrody<\/span>\r\n                            <\/h3>\r\n\t\t\t\t\t\t<\/div>\r\n\t\t\t\t\t\t\r\n\t\t\t\t\t\t<div class=\"bookmark__content-wrap\">\r\n\t\t\t\t\t\t\t<div class=\"bookmark__content\">\r\n\r\n\t\t\t\t\t\t\t\t\r\n\r\n\t\t\t\t\t\t\t\t<div class=\"bookmark_text\" style=\"font-size:20px;\">\r\n\t\t\t\t\t\t\t\t<li>opublikowanie wynik\u00f3w bada\u0144 w\u0142asnych w trzech autorskich monografiach, dw\u00f3ch wsp\u00f3\u0142autorskich, a tak\u017ce w ponad trzydziestu artyku\u0142ach w czasopismach naukowych i pracach pod redakcj\u0105;\n<li>udzia\u0142 w przygotowaniu i realizacji projekt\u00f3w badawczych o charakterze mi\u0119dzynarodowym i og\u00f3lnopolskim, takich jak, np. Visegrad Fund Cultivating and forming regional traditions by the Visegrad Group teachers (Zak\u0142ad Dydaktyki Og\u00f3lnej i Pedeutologii); Bardzo m\u0142oda kultura\u201d (Narodowe Centrum Kultury, Regionalny Instytut Kultury w Katowicach) ;\n<li>koordynowanie projektu ,,Klucz do uczenia si\u0119 - rozw\u00f3j umiej\u0119tno\u015bci zawodowych nauczycieli wychowania przedszkolnego i edukacji wczesnoszkolnej\", wsp\u00f3\u0142finansowanego ze \u015brodk\u00f3w Unii Europejskiej w ramach EFES, kt\u00f3ry by\u0142 realizowany przez WOM w Katowicach; \n<li>koordynowanie programu Tutoring dla najlepszych student\u00f3w Uniwersytetu \u015al\u0105skiego,  realizowanego na Wydziale Pedagogiki i Psychologii w ramach dotacji projako\u015bciowej MNiSW oraz obj\u0119cie opiek\u0105 naukow\u0105 dw\u00f3ch projekt\u00f3w badawczych, realizowanych przez student\u00f3w w ramach tego programu.\n\r\n\t\t\t\t\t\t\t\t<br>\r\n\t\t\t\t\t\t\t\t\r\n\t\t\t\t\t\t\t\t<\/div>\r\n\t\t\t\t\t\t\t<\/div>\r\n\t\t\t\t\t\t<\/div>\r\n\t\t\t\t\t<\/div>\r\n\t\t\t\t\t<div class=\"bookmark\">\r\n\t\t\t\t\t\t<div class=\"bookmark__title\">\r\n                            <h3>\r\n                                <span class=\"short\">Sta\u017ce naukowe\/Wizyty studyjne<\/span>\r\n                                <span class=\"long\">Sta\u017ce naukowe\/Wizyty studyjne<\/span>\r\n                            <\/h3>\r\n\t\t\t\t\t\t<\/div>\r\n\t\t\t\t\t\t\r\n\t\t\t\t\t\t<div class=\"bookmark__content-wrap\">\r\n\t\t\t\t\t\t\t<div class=\"bookmark__content\">\r\n\r\n\t\t\t\t\t\t\t\t\r\n\r\n\t\t\t\t\t\t\t\t<div class=\"bookmark_text\" style=\"font-size:20px;\">\r\n\t\t\t\t\t\t\t\t<li>naukowy sta\u017c zagraniczny w Uniwersitat der Bundeswehr w Monachium;\n<li>pobyt stypendialny we W\u0142oszech, w O\u015brodku Dokumentacji i Pontyfikatu Jana Paw\u0142a II Pami\u0119ci Jana Paw\u0142a II w Rzymie, realizowany w ramach Programu Erasmus +   \n\r\n\t\t\t\t\t\t\t\t<br>\r\n\t\t\t\t\t\t\t\t\r\n\t\t\t\t\t\t\t\t<\/div>\r\n\t\t\t\t\t\t\t<\/div>\r\n\t\t\t\t\t\t<\/div>\r\n\t\t\t\t\t<\/div>\r\n\t\t\t\t\t<div class=\"bookmark\">\r\n\t\t\t\t\t\t<div class=\"bookmark__title\">\r\n                            <h3>\r\n                                <span class=\"short\">Cz\u0142onkostwo w radach naukowych i radach redakcyjnych <\/span>\r\n                                <span class=\"long\">Cz\u0142onkostwo w radach naukowych i radach redakcyjnych <\/span>\r\n                            <\/h3>\r\n\t\t\t\t\t\t<\/div>\r\n\t\t\t\t\t\t\r\n\t\t\t\t\t\t<div class=\"bookmark__content-wrap\">\r\n\t\t\t\t\t\t\t<div class=\"bookmark__content\">\r\n\r\n\t\t\t\t\t\t\t\t\r\n\r\n\t\t\t\t\t\t\t\t<div class=\"bookmark_text\" style=\"font-size:20px;\">\r\n\t\t\t\t\t\t\t\t<li> cz\u0142onkini Rady Naukowej Instytutu Pedagogiki, WNS, U\u015a (wicedyrektor Instytutu Pedagogiki);\n<li> cz\u0142onkini Rady Dydaktycznej, Pedagogika, WNS, U\u015a.\r\n\t\t\t\t\t\t\t\t<br>\r\n\t\t\t\t\t\t\t\t\r\n\t\t\t\t\t\t\t\t<\/div>\r\n\t\t\t\t\t\t\t<\/div>\r\n\t\t\t\t\t\t<\/div>\r\n\t\t\t\t\t<\/div><\/div>\r\n\t\t\t\t\t\t<\/div>\r\n\t\t\t\t\t <\/div>[\/vc_column][\/vc_row]<\/p>","protected":false},"excerpt":{"rendered":"<p>[vc_row][vc_column width=&#8221;1\/4&#8243;][vc_single_image image=&#8221;985&#8243; img_size=&#8221;medium&#8221; style=&#8221;vc_box_shadow_3d&#8221;][\/vc_column][vc_column width=&#8221;3\/4&#8243; css=&#8221;.vc_custom_1597521185463{border-bottom-width: -30px !important;}&#8221;][vc_column_text] Stanowisko: Grupa: Specjalno\u015b\u0107: Pok\u00f3j: Telefon: e-mail: Profesor Uczelni Pracownicy badawczo-dydaktyczni Pedagogika b.d. \u00a0 \u00a0violetta.rodek@us.edu.pl 0000-0002-2501-4092 [\/vc_column_text][\/vc_column][\/vc_row][vc_row][vc_column][\/vc_column][\/vc_row][vc_row][vc_column css=&#8221;.vc_custom_1597523042561{margin-bottom: -50px !important;}&#8221;][\/vc_column][\/vc_row] [&#8230;]<\/p>\n<p><a class=\"btn btn-secondary understrap-read-more-link\" href=\"https:\/\/us.edu.pl\/instytut\/ipe\/dr-hab-violetta-rodek\/\">Read More&#8230;<\/a><\/p>\n","protected":false},"author":2293,"featured_media":0,"parent":0,"menu_order":0,"comment_status":"closed","ping_status":"closed","template":"page-templates\/page-with-bookmarks.php","meta":{"_expiration-date-status":"saved","_expiration-date":0,"_expiration-date-type":"","_expiration-date-categories":[],"_expiration-date-options":[]},"acf":[],"_links":{"self":[{"href":"https:\/\/us.edu.pl\/instytut\/ipe\/wp-json\/wp\/v2\/pages\/984"}],"collection":[{"href":"https:\/\/us.edu.pl\/instytut\/ipe\/wp-json\/wp\/v2\/pages"}],"about":[{"href":"https:\/\/us.edu.pl\/instytut\/ipe\/wp-json\/wp\/v2\/types\/page"}],"author":[{"embeddable":true,"href":"https:\/\/us.edu.pl\/instytut\/ipe\/wp-json\/wp\/v2\/users\/2293"}],"replies":[{"embeddable":true,"href":"https:\/\/us.edu.pl\/instytut\/ipe\/wp-json\/wp\/v2\/comments?post=984"}],"version-history":[{"count":5,"href":"https:\/\/us.edu.pl\/instytut\/ipe\/wp-json\/wp\/v2\/pages\/984\/revisions"}],"predecessor-version":[{"id":1302,"href":"https:\/\/us.edu.pl\/instytut\/ipe\/wp-json\/wp\/v2\/pages\/984\/revisions\/1302"}],"wp:attachment":[{"href":"https:\/\/us.edu.pl\/instytut\/ipe\/wp-json\/wp\/v2\/media?parent=984"}],"curies":[{"name":"wp","href":"https:\/\/api.w.org\/{rel}","templated":true}]}}

Dr hab. Violetta Rodek, prof. UŚ

<p>[vc_row][vc_column width=&#8221;1/4&#8243;][vc_single_image image=&#8221;985&#8243; img_size=&#8221;medium&#8221; style=&#8221;vc_box_shadow_3d&#8221;][/vc_column][vc_column width=&#8221;3/4&#8243; css=&#8221;.vc_custom_1597521185463{border-bottom-width: -30px !important;}&#8221;][vc_column_text]</p>
<table style="width: 72.9397%">
<tbody>
<tr>
<td style="width: 24.6684%"><span style="font-size: 12pt;font-family: tahoma, arial, helvetica, sans-serif">Stanowisko:</span></p>
<p><span style="font-size: 12pt;font-family: tahoma, arial, helvetica, sans-serif">Grupa:</span></p>
<p><span style="font-size: 12pt;font-family: tahoma, arial, helvetica, sans-serif">Specjalność:</span></p>
<p><span style="font-size: 12pt;font-family: tahoma, arial, helvetica, sans-serif">Pokój:</span></p>
<p><span style="font-size: 12pt;font-family: tahoma, arial, helvetica, sans-serif">Telefon:</span></p>
<p><span style="font-size: 12pt;font-family: tahoma, arial, helvetica, sans-serif">e-mail:</span></p>
<p><span style="font-size: 12pt;font-family: tahoma, arial, helvetica, sans-serif"><img class="size-full wp-image-275" src="http://us.edu.pl/instytut/im/wp-content/uploads/sites/43/Nieprzypisane/ORCID.png" alt="Logo ORCID" width="71" height="22" /></span></td>
<td style="width: 78.7798%"><span style="font-size: 12pt;font-family: tahoma, arial, helvetica, sans-serif"><strong>Profesor Uczelni</strong></span></p>
<p><span style="font-size: 12pt;font-family: tahoma, arial, helvetica, sans-serif"><strong>Pracownicy badawczo-dydaktyczni</strong></span></p>
<p><span style="font-size: 12pt;font-family: tahoma, arial, helvetica, sans-serif"><strong>Pedagogika<br />
</strong></span></p>
<p><span style="font-size: 12pt;font-family: tahoma, arial, helvetica, sans-serif"><strong>b.d.</strong></span></p>
<p><span style="font-size: 12pt;font-family: tahoma, arial, helvetica, sans-serif"><strong> </strong></span></p>
<p><span style="font-size: 12pt;font-family: tahoma, arial, helvetica, sans-serif"><strong><span class="styles__Text-qmhvn0-5 bGPptk"> violetta.rodek@us.edu.pl</span></strong></span></p>
<p><span style="font-size: 12pt;font-family: tahoma, arial, helvetica, sans-serif"><strong><a href="https://orcid.org/0000-0002-2501-4092">0000-0002-2501-4092 </a></strong></span></td>
</tr>
</tbody>
</table>
<p>[/vc_column_text][/vc_column][/vc_row][vc_row][vc_column]
				<div class='container'>
					<div class='list-links list-links_blue'>
						  
						  <ul>
								<li><a href=''><p>Materiały dodatkowe</p></a></li></ul>
					</div>
				</div>   
					[/vc_column][/vc_row][vc_row][vc_column css=&#8221;.vc_custom_1597523042561{margin-bottom: -50px !important;}&#8221;]
					<div class='container'>
						<div class='sidebar_moduls sidebar_dropdown zakladki' style='background-color: #FFFFFF'>
							<h3 class='page-title'></h3>
							<p class='zakladki__desc'></p>

							<div class='bookmarks'>
					<div class="bookmark">
						<div class="bookmark__title">
                            <h3>
                                <span class="short">Przebieg kariery naukowej</span>
                                <span class="long">Przebieg kariery naukowej</span>
                            </h3>
						</div>
						
						<div class="bookmark__content-wrap">
							<div class="bookmark__content">

								

								<div class="bookmark_text" style="font-size:20px;">
								<li>1996r.– uzyskanie tytułu magistra pedagogiki, specjalność Pedagogika Wczesnoszkolna. Uniwersytet Śląski w Katowicach. 
<li>2001r. – uzyskanie stopnia doktora nauk humanistycznych. Uniwersytet Śląski w Katowicach. 
<li>2017r. – uzyskanie stopnia doktora habilitowanego w dziedzinie nauk społecznych, w dyscyplinie pedagogika;
<br>
<br>
<li>autorka indywidualnego projektu naukowego: „Pasja jako najwyższa forma aktywnego tworzenia własnej biografii – ujęcie pedagogiczne”
<li>członek zespołu badawczego: „Zjawisko stygmatyzacji przeniesionej w świetle doświadczeń biograficznych rodzin osób zagrożonych wykluczeniem społecznym”








								<br>
								
								</div>
							</div>
						</div>
					</div>
					<div class="bookmark">
						<div class="bookmark__title">
                            <h3>
                                <span class="short">Zainteresowania badawcze</span>
                                <span class="long">Zainteresowania badawcze</span>
                            </h3>
						</div>
						
						<div class="bookmark__content-wrap">
							<div class="bookmark__content">

								

								<div class="bookmark_text" style="font-size:20px;">
								<li>autoedukacja, w tym proces samodzielnego uczenia się; 
<li>pasja w życiu człowieka – ujęcie pedagogiczne; 
<li>mentoring i tutoring w edukacji; 
<li>edukacja kulturalna; 
<li>zjawisko stygmatyzacji przeniesionej (courtesy stigma) – konsekwencje dla osobistego rozwoju jednostki. 



								<br>
								
								</div>
							</div>
						</div>
					</div>
					<div class="bookmark">
						<div class="bookmark__title">
                            <h3>
                                <span class="short">Najważniejsze osiągnięcia naukowe, wyróżnienia i nagrody</span>
                                <span class="long">Najważniejsze osiągnięcia naukowe, wyróżnienia i nagrody</span>
                            </h3>
						</div>
						
						<div class="bookmark__content-wrap">
							<div class="bookmark__content">

								

								<div class="bookmark_text" style="font-size:20px;">
								<li>opublikowanie wyników badań własnych w trzech autorskich monografiach, dwóch współautorskich, a także w ponad trzydziestu artykułach w czasopismach naukowych i pracach pod redakcją;
<li>udział w przygotowaniu i realizacji projektów badawczych o charakterze międzynarodowym i ogólnopolskim, takich jak, np. Visegrad Fund Cultivating and forming regional traditions by the Visegrad Group teachers (Zakład Dydaktyki Ogólnej i Pedeutologii); Bardzo młoda kultura” (Narodowe Centrum Kultury, Regionalny Instytut Kultury w Katowicach) ;
<li>koordynowanie projektu ,,Klucz do uczenia się - rozwój umiejętności zawodowych nauczycieli wychowania przedszkolnego i edukacji wczesnoszkolnej", współfinansowanego ze środków Unii Europejskiej w ramach EFES, który był realizowany przez WOM w Katowicach; 
<li>koordynowanie programu Tutoring dla najlepszych studentów Uniwersytetu Śląskiego,  realizowanego na Wydziale Pedagogiki i Psychologii w ramach dotacji projakościowej MNiSW oraz objęcie opieką naukową dwóch projektów badawczych, realizowanych przez studentów w ramach tego programu.

								<br>
								
								</div>
							</div>
						</div>
					</div>
					<div class="bookmark">
						<div class="bookmark__title">
                            <h3>
                                <span class="short">Staże naukowe/Wizyty studyjne</span>
                                <span class="long">Staże naukowe/Wizyty studyjne</span>
                            </h3>
						</div>
						
						<div class="bookmark__content-wrap">
							<div class="bookmark__content">

								

								<div class="bookmark_text" style="font-size:20px;">
								<li>naukowy staż zagraniczny w Uniwersitat der Bundeswehr w Monachium;
<li>pobyt stypendialny we Włoszech, w Ośrodku Dokumentacji i Pontyfikatu Jana Pawła II Pamięci Jana Pawła II w Rzymie, realizowany w ramach Programu Erasmus +   

								<br>
								
								</div>
							</div>
						</div>
					</div>
					<div class="bookmark">
						<div class="bookmark__title">
                            <h3>
                                <span class="short">Członkostwo w radach naukowych i radach redakcyjnych </span>
                                <span class="long">Członkostwo w radach naukowych i radach redakcyjnych </span>
                            </h3>
						</div>
						
						<div class="bookmark__content-wrap">
							<div class="bookmark__content">

								

								<div class="bookmark_text" style="font-size:20px;">
								<li> członkini Rady Naukowej Instytutu Pedagogiki, WNS, UŚ (wicedyrektor Instytutu Pedagogiki);
<li> członkini Rady Dydaktycznej, Pedagogika, WNS, UŚ.
								<br>
								
								</div>
							</div>
						</div>
					</div></div>
						</div>
					 </div>[/vc_column][/vc_row]</p>

<p>[vc_row][vc_column width=&#8221;1/4&#8243;][vc_single_image image=&#8221;985&#8243; img_size=&#8221;medium&#8221; style=&#8221;vc_box_shadow_3d&#8221;][/vc_column][vc_column width=&#8221;3/4&#8243; css=&#8221;.vc_custom_1597521185463{border-bottom-width: -30px !important;}&#8221;][vc_column_text] Stanowisko: Grupa: Specjalność: Pokój: Telefon: e-mail: Profesor Uczelni Pracownicy badawczo-dydaktyczni Pedagogika b.d.    violetta.rodek@us.edu.pl 0000-0002-2501-4092 [/vc_column_text][/vc_column][/vc_row][vc_row][vc_column][/vc_column][/vc_row][vc_row][vc_column css=&#8221;.vc_custom_1597523042561{margin-bottom: -50px !important;}&#8221;][/vc_column][/vc_row] [&#8230;]</p>
<p><a class="btn btn-secondary understrap-read-more-link" href="https://us.edu.pl/instytut/ipe/dr-hab-violetta-rodek/">Read More&#8230;</a></p>
