{"id":997,"date":"2020-09-17T09:52:15","date_gmt":"2020-09-17T07:52:15","guid":{"rendered":"https:\/\/us.edu.pl\/instytut\/ipe\/?page_id=997"},"modified":"2021-03-07T15:44:46","modified_gmt":"2021-03-07T14:44:46","slug":"prof-milon-potmesil","status":"publish","type":"page","link":"https:\/\/us.edu.pl\/instytut\/ipe\/prof-milon-potmesil\/","title":{"rendered":"Prof. PhDr. PaedDr. Milo\u0148 Potm\u011b\u0161il, Ph.D. , Ph.D."},"content":{"rendered":"<p>[vc_row][vc_column width=&#8221;1\/4&#8243;][vc_single_image image=&#8221;999&#8243; img_size=&#8221;medium&#8221; style=&#8221;vc_box_shadow_3d&#8221;][\/vc_column][vc_column width=&#8221;3\/4&#8243; css=&#8221;.vc_custom_1597521185463{border-bottom-width: -30px !important;}&#8221;][vc_column_text]<\/p>\n<table style=\"width: 72.9397%\">\n<tbody>\n<tr>\n<td style=\"width: 24.6684%\"><span style=\"font-size: 12pt;font-family: tahoma, arial, helvetica, sans-serif\">Stanowisko:<\/span><\/p>\n<p><span style=\"font-size: 12pt;font-family: tahoma, arial, helvetica, sans-serif\">Grupa:<\/span><\/p>\n<p><span style=\"font-size: 12pt;font-family: tahoma, arial, helvetica, sans-serif\">Specjalno\u015b\u0107:<\/span><\/p>\n<p><span style=\"font-size: 12pt;font-family: tahoma, arial, helvetica, sans-serif\">Pok\u00f3j:<\/span><\/p>\n<p><span style=\"font-size: 12pt;font-family: tahoma, arial, helvetica, sans-serif\">Telefon:<\/span><\/p>\n<p><span style=\"font-size: 12pt;font-family: tahoma, arial, helvetica, sans-serif\">e-mail:<\/span><\/p>\n<p><span style=\"font-size: 12pt;font-family: tahoma, arial, helvetica, sans-serif\"><img class=\"size-full wp-image-275\" src=\"http:\/\/us.edu.pl\/instytut\/im\/wp-content\/uploads\/sites\/43\/Nieprzypisane\/ORCID.png\" alt=\"Logo ORCID\" width=\"71\" height=\"22\" \/><\/span><\/td>\n<td style=\"width: 78.7798%\"><span style=\"font-size: 12pt;font-family: tahoma, arial, helvetica, sans-serif\"><strong>Profesor<\/strong><\/span><\/p>\n<p><span style=\"font-size: 12pt;font-family: tahoma, arial, helvetica, sans-serif\"><strong>Pracownicy badawczo-dydaktyczni<\/strong><\/span><\/p>\n<p><span style=\"font-size: 12pt;font-family: tahoma, arial, helvetica, sans-serif\"><strong>Pedagogika<br \/>\n<\/strong><\/span><\/p>\n<p>&nbsp;<\/p>\n<p>&nbsp;<\/p>\n<p><span style=\"font-size: 12pt;font-family: tahoma, arial, helvetica, sans-serif\"><strong>\u00a0<\/strong><\/span><\/p>\n<p><span style=\"font-size: 12pt;font-family: tahoma, arial, helvetica, sans-serif\"><strong><a href=\"https:\/\/orcid.org\/0000-0001-5386-1902\">0000-0001-5386-1902<\/a><\/strong><\/span><\/td>\n<\/tr>\n<\/tbody>\n<\/table>\n<p>[\/vc_column_text][\/vc_column][\/vc_row][vc_row][vc_column]\r\n\t\t\t\t<div class='container'>\r\n\t\t\t\t\t<div class='list-links list-links_blue'>\r\n\t\t\t\t\t\t  \r\n\t\t\t\t\t\t  <ul>\r\n\t\t\t\t\t\t\t\t<li><a href=''><p>Materia\u0142y dodatkowe<\/p><\/a><\/li><\/ul>\r\n\t\t\t\t\t<\/div>\r\n\t\t\t\t<\/div>   \r\n\t\t\t\t\t[\/vc_column][\/vc_row][vc_row][vc_column css=&#8221;.vc_custom_1597523042561{margin-bottom: -50px !important;}&#8221;]\r\n\t\t\t\t\t<div class='container'>\r\n\t\t\t\t\t\t<div class='sidebar_moduls sidebar_dropdown zakladki' style='background-color: #FFFFFF'>\r\n\t\t\t\t\t\t\t<h3 class='page-title'><\/h3>\r\n\t\t\t\t\t\t\t<p class='zakladki__desc'><\/p>\r\n\r\n\t\t\t\t\t\t\t<div class='bookmarks'>\r\n\t\t\t\t\t<div class=\"bookmark\">\r\n\t\t\t\t\t\t<div class=\"bookmark__title\">\r\n                            <h3>\r\n                                <span class=\"short\">Przebieg kariery naukowej<\/span>\r\n                                <span class=\"long\">Przebieg kariery naukowej<\/span>\r\n                            <\/h3>\r\n\t\t\t\t\t\t<\/div>\r\n\t\t\t\t\t\t\r\n\t\t\t\t\t\t<div class=\"bookmark__content-wrap\">\r\n\t\t\t\t\t\t\t<div class=\"bookmark__content\">\r\n\r\n\t\t\t\t\t\t\t\t\r\n\r\n\t\t\t\t\t\t\t\t<div class=\"bookmark_text\" style=\"font-size:20px;\">\r\n\t\t\t\t\t\t\t\t<li>University of Hradec Kralove MEd \u2500 teacher\n<li>University of Hradec Kralove \u2500 EdD \n<li>Charles University in Prague \u2013 special education, Deaf studies  \n<li>Boston College, ELP Perkins School F\/T Blind, - special education\n<li>Charles University in Prague \u2500 Ph.D., PhDr. on Special education \n<li>Charles University in Prague \u2500 Ph.D. on Psychology\/Educational Psychology \n<li>Palacky University Olomouc \u2013 professor  full professorship\n\n\r\n\t\t\t\t\t\t\t\t<br>\r\n\t\t\t\t\t\t\t\t\r\n\t\t\t\t\t\t\t\t<\/div>\r\n\t\t\t\t\t\t\t<\/div>\r\n\t\t\t\t\t\t<\/div>\r\n\t\t\t\t\t<\/div>\r\n\t\t\t\t\t<div class=\"bookmark\">\r\n\t\t\t\t\t\t<div class=\"bookmark__title\">\r\n                            <h3>\r\n                                <span class=\"short\">Zainteresowania badawcze<\/span>\r\n                                <span class=\"long\">Zainteresowania badawcze<\/span>\r\n                            <\/h3>\r\n\t\t\t\t\t\t<\/div>\r\n\t\t\t\t\t\t\r\n\t\t\t\t\t\t<div class=\"bookmark__content-wrap\">\r\n\t\t\t\t\t\t\t<div class=\"bookmark__content\">\r\n\r\n\t\t\t\t\t\t\t\t\r\n\r\n\t\t\t\t\t\t\t\t<div class=\"bookmark_text\" style=\"font-size:20px;\">\r\n\t\t\t\t\t\t\t\t<li>Deaf studies as general \n<li>Educational psychology \n<li>Education of the deaf and hearing impaired children \n<li>Behavioral management and deafness \n<li>Psychology of special support to parents of impaired children \n\n\n\n\n\r\n\t\t\t\t\t\t\t\t<br>\r\n\t\t\t\t\t\t\t\t\r\n\t\t\t\t\t\t\t\t<\/div>\r\n\t\t\t\t\t\t\t<\/div>\r\n\t\t\t\t\t\t<\/div>\r\n\t\t\t\t\t<\/div>\r\n\t\t\t\t\t<div class=\"bookmark\">\r\n\t\t\t\t\t\t<div class=\"bookmark__title\">\r\n                            <h3>\r\n                                <span class=\"short\">Najwa\u017cniejsze osi\u0105gni\u0119cia naukowe, wyr\u00f3\u017cnienia i nagrody<\/span>\r\n                                <span class=\"long\">Najwa\u017cniejsze osi\u0105gni\u0119cia naukowe, wyr\u00f3\u017cnienia i nagrody<\/span>\r\n                            <\/h3>\r\n\t\t\t\t\t\t<\/div>\r\n\t\t\t\t\t\t\r\n\t\t\t\t\t\t<div class=\"bookmark__content-wrap\">\r\n\t\t\t\t\t\t\t<div class=\"bookmark__content\">\r\n\r\n\t\t\t\t\t\t\t\t\r\n\r\n\t\t\t\t\t\t\t\t<div class=\"bookmark_text\" style=\"font-size:20px;\">\r\n\t\t\t\t\t\t\t\t<li>Rectors\u00b4 awards for the best monographs 2008, 2009\n<br>\n<br>\nMonographs in last  years\n<li>Peters, B., Potm\u011b\u0161il, M. The role of school principals in implementing inclusive education in the Czech Republic. First edition. Olomouc: Palack\u00fd University, Olomouc, 2015. 81 stran. Monografie. ISBN 978-80-244-4798-8. \n<li>LI, Xinrui a Potm\u011b\u0161il, M. Early intervention for children with developmental disabilities - a family centred approach. 1. vyd\u00e1n\u00ed. Olomouc: Palack\u00fd University, Olomouc, 2016. 100 stran. Monografie. ISBN 978-80-244-4925-8.\n<li>Xinrui Li, Milon Potmesil. Early intervention for children with developmental disabilities \u2013 a family centred approach. 1. vydani.  Olomouc: Palacky University, Olomouc, 2016. ISBN 978-80-244-4925-8 \n<li>Monika Kunhartov\u00e1, Milo\u0148 Potm\u011b\u0161il, Petra Potm\u011b\u0161ilov\u00e1. N\u00e1ro\u010dn\u00e9 otcovstv\u00ed: byt otcem d\u00edt\u011bte s posti\u017een\u00edm. Praha: Univerzita Karlova, nakladatelstvi Karolinum, 2017.218 s. ISBN 978-80-246-3600-9   \n<li>R\u016f\u017ei\u010dkov\u00e1, V., Potm\u011b\u0161il, M. a kol. Speci\u00e1ln\u00ed pedagog jako profese. 1. vyd\u00e1n\u00ed. Olomouc: Univerzita Palack\u00e9ho v Olomouci, 2018. 131 s. ISBN 978-80-244-5468-9. \n<li>Potm\u011b\u0161il, M. a kol. Soci\u00e1ln\u00ed prost\u0159ed\u00ed ve \u0161kole a inkluzivn\u00ed vzd\u011bl\u00e1v\u00e1n\u00ed. 1. vyd\u00e1n\u00ed. Olomouc: Univerzita Palack\u00e9ho v Olomouci, 2018. 98 s. ISBN 978-80-244-5295-1. \n<li>Han\u00e1kov\u00e1, A., Potm\u011b\u0161il, M.  a kol. Deskripce vybran\u00fdch faktor\u016f v\u00fdchovy a vzd\u011bl\u00e1v\u00e1n\u00ed u osob se zdravotn\u00edm posti\u017een\u00edm. 1. vyd\u00e1n\u00ed. Olomouc: Univerzita Palack\u00e9ho v Olomouci, 2018. 92 stran. ISBN 978-80-244-5294-4. \n<li>Urbanovsk\u00e1, E., Potm\u011b\u0161il, M. a kol.  \u0160koln\u00ed p\u0159ipravenost pohledem speci\u00e1ln\u00edho pedagoga. 1. vyd\u00e1n\u00ed. 137 stran. Univerzita Palack\u00e9ho v Olomouci, 2019. ISBN 978-80-244-5660-7.\n<br>\n<br>\nArticles in international scientific reviewed journals \n<li>Potmesil M., Potmesilova P., Be\u0142za M. (2016), Hearing Impairment and its Reflection in Psychological Diagnostics, Studia edukacyjne, 42, 415-433, ISSN 1233-6688 \n<li>Potm\u011b\u0161il, M., Potm\u011b\u0161ilov\u00e1, P. The Opinion of Future Pedagogues to Work with Students with Hearing Impairment in Inclusive Settings. Problemy Edukacji, Rehabilitacji i Socjalizacji Os\u00f3b Niepe\u0142nosprawnych. 2016, 22 (1), s. 124 \u2013 140, ISSN 2391-9973.\n<li>Potm\u011b\u0161il M., Potm\u011b\u0161ilov\u00e1 P. Temperament v ran\u00e9m d\u011btstv\u00ed a jeho popis pomoc\u00ed IBQR VSF. \u010ces-slov Pediat 2017; 72 (4): 240-244. SCOPUS: 2-s2.0-85028022047\n<li>Potm\u011b\u0161il, M., Potm\u011b\u0161ilov\u00e1, P. Adaptation of The Ibqr Vsf Questionnaire to The Czech Environment. 5th icCSBs 5th Annual International Conference on Cognitive - Social, and Behavioural Sciences EpSBS Volume XX,935-940, 2017, ISSN 2357-1330 (http:\/\/dx.doi.org\/10.15405\/epsbs.2017.01.02.26) \n<li>Minghui Lu, Lei Hao, Xiaomeng Chen, Potm\u011b\u0161il Milo\u0148. (2018) Teacher Efficacy, Work Engagement, and Social Support Among Chinese Special Education School Teachers .Frontiers in Psychology,9, ISSN=1664-1078, DOI=10.3389\/fpsyg.2018.00648    if. 2,32\n<li>Chen, X., Liang, L., Lu, M., Potm\u011b\u0161il, M., & Zhong, J. (2019). The effects of reading mode and braille reading patterns on braille reading speed and comprehension: A study of students with visual impairments in China. Research In Developmental Disabilities, 91, 103424. SCOPUS: 2s2.0-85067618619\n<li>Li,X. Potmesil,M. (2019).  Studium przypadku jako narz\u0119dzie wczesnej interwencji. Psychiatr Psychol Klin 2019, 19 (2), p. 232\u2013236 SCOPUS: 2s2.0-85070858730&\n<li>Potm\u011b\u0161ilov\u00e1, P., & Potm\u011b\u0161il, M. (2019). The early childhood behavior questionnaire very short form (ECBQ VSF) and its adaptation to the population of the czech republic. Psychiatria i Psychologia Kliniczna, 19(3), 281-287. doi:10.15557\/PiPK.2019.0029 WOS: 000493353200002;  SCOPUS: 2s2.0-85074531090\n<li>Potm\u011b\u0161ilov\u00e1, P., & Potm\u011b\u0161il, M. (2019). Cultural differences in creative reactions to an ambiguous stimulus. [K\u016brybini\u0173 reakcij\u0173 \u012f dviprasmes paskatas kult\u016briniai skirtumai] Creativity Studies, 12(1), 119-130. doi:10.3846\/cs.2019.718 SCOPUS: 2-s2.0-85066115270\nAccepted  2020:\n<li>Ling, G., Potm\u011b\u0161il, M. A survey on school adaptation of pupils with developmental disabilities in mainland China. Niepe\u0142nosprawno\u015b\u0107. Dyskursy Pedagogiki Specjalnej\n\n\r\n\t\t\t\t\t\t\t\t<br>\r\n\t\t\t\t\t\t\t\t\r\n\t\t\t\t\t\t\t\t<\/div>\r\n\t\t\t\t\t\t\t<\/div>\r\n\t\t\t\t\t\t<\/div>\r\n\t\t\t\t\t<\/div>\r\n\t\t\t\t\t<div class=\"bookmark\">\r\n\t\t\t\t\t\t<div class=\"bookmark__title\">\r\n                            <h3>\r\n                                <span class=\"short\">Sta\u017ce naukowe\/Wizyty studyjne<\/span>\r\n                                <span class=\"long\">Sta\u017ce naukowe\/Wizyty studyjne<\/span>\r\n                            <\/h3>\r\n\t\t\t\t\t\t<\/div>\r\n\t\t\t\t\t\t\r\n\t\t\t\t\t\t<div class=\"bookmark__content-wrap\">\r\n\t\t\t\t\t\t\t<div class=\"bookmark__content\">\r\n\r\n\t\t\t\t\t\t\t\t\r\n\r\n\t\t\t\t\t\t\t\t<div class=\"bookmark_text\" style=\"font-size:20px;\">\r\n\t\t\t\t\t\t\t\t<li>University of Patras, Greece, 2006 \u2013 till now lectures on deaf studies \n<li>University of Lapland, Finland,. 2007 \u2013 2012 lectures on deaf education \n<li>University of applied sciences, Hameenlina. Finland, 2006 \u2013 2010 lectures on deaf education \n<li>University of Granada, Spain, 2006 \u2013 2014 lectures on deaf education \n<li>Autonomy University of Barcelona, Spain, 2007 \u2013 till now, lectures on deaf studies \n<li>University of Hong Kong, China, Invited speaker. 7.11.-9.11.2006 Diagnostic of communication behavior. Asian conference on special education. \n<li>Sichuan Normal University Chengdu, PRC, 2010 \u2013 till now lectures on special education, psychology\n<li>University of Helsinky, Finland, 2006 \u2013 2010 lectures on deaf education \n\r\n\t\t\t\t\t\t\t\t<br>\r\n\t\t\t\t\t\t\t\t\r\n\t\t\t\t\t\t\t\t<\/div>\r\n\t\t\t\t\t\t\t<\/div>\r\n\t\t\t\t\t\t<\/div>\r\n\t\t\t\t\t<\/div>\r\n\t\t\t\t\t<div class=\"bookmark\">\r\n\t\t\t\t\t\t<div class=\"bookmark__title\">\r\n                            <h3>\r\n                                <span class=\"short\">Cz\u0142onkostwo w radach naukowych i radach redakcyjnych <\/span>\r\n                                <span class=\"long\">Cz\u0142onkostwo w radach naukowych i radach redakcyjnych <\/span>\r\n                            <\/h3>\r\n\t\t\t\t\t\t<\/div>\r\n\t\t\t\t\t\t\r\n\t\t\t\t\t\t<div class=\"bookmark__content-wrap\">\r\n\t\t\t\t\t\t\t<div class=\"bookmark__content\">\r\n\r\n\t\t\t\t\t\t\t\t\r\n\r\n\t\t\t\t\t\t\t\t<div class=\"bookmark_text\" style=\"font-size:20px;\">\r\n\t\t\t\t\t\t\t\t<li>Scientific board of Dpt. of Education, Uniwersytet \u015al\u0105ski w Katowicach\n<li>Scientific board of Faculty of pedagogy Charles University Prague\n<br>\n<br>\nJournal Editorial Board Membership:\n<li>E-pedagogium\n<li>Paidagogos\n\n\r\n\t\t\t\t\t\t\t\t<br>\r\n\t\t\t\t\t\t\t\t\r\n\t\t\t\t\t\t\t\t<\/div>\r\n\t\t\t\t\t\t\t<\/div>\r\n\t\t\t\t\t\t<\/div>\r\n\t\t\t\t\t<\/div><\/div>\r\n\t\t\t\t\t\t<\/div>\r\n\t\t\t\t\t <\/div>[\/vc_column][\/vc_row]<\/p>","protected":false},"excerpt":{"rendered":"<p>[vc_row][vc_column width=&#8221;1\/4&#8243;][vc_single_image image=&#8221;999&#8243; img_size=&#8221;medium&#8221; style=&#8221;vc_box_shadow_3d&#8221;][\/vc_column][vc_column width=&#8221;3\/4&#8243; css=&#8221;.vc_custom_1597521185463{border-bottom-width: -30px !important;}&#8221;][vc_column_text] Stanowisko: Grupa: Specjalno\u015b\u0107: Pok\u00f3j: Telefon: e-mail: Profesor Pracownicy badawczo-dydaktyczni Pedagogika &nbsp; &nbsp; \u00a0 0000-0001-5386-1902 [\/vc_column_text][\/vc_column][\/vc_row][vc_row][vc_column][\/vc_column][\/vc_row][vc_row][vc_column css=&#8221;.vc_custom_1597523042561{margin-bottom: -50px !important;}&#8221;][\/vc_column][\/vc_row] [&#8230;]<\/p>\n<p><a class=\"btn btn-secondary understrap-read-more-link\" href=\"https:\/\/us.edu.pl\/instytut\/ipe\/prof-milon-potmesil\/\">Read More&#8230;<\/a><\/p>\n","protected":false},"author":2293,"featured_media":0,"parent":0,"menu_order":0,"comment_status":"closed","ping_status":"closed","template":"page-templates\/page-with-bookmarks.php","meta":{"_expiration-date-status":"saved","_expiration-date":0,"_expiration-date-type":"","_expiration-date-categories":[],"_expiration-date-options":[]},"acf":[],"_links":{"self":[{"href":"https:\/\/us.edu.pl\/instytut\/ipe\/wp-json\/wp\/v2\/pages\/997"}],"collection":[{"href":"https:\/\/us.edu.pl\/instytut\/ipe\/wp-json\/wp\/v2\/pages"}],"about":[{"href":"https:\/\/us.edu.pl\/instytut\/ipe\/wp-json\/wp\/v2\/types\/page"}],"author":[{"embeddable":true,"href":"https:\/\/us.edu.pl\/instytut\/ipe\/wp-json\/wp\/v2\/users\/2293"}],"replies":[{"embeddable":true,"href":"https:\/\/us.edu.pl\/instytut\/ipe\/wp-json\/wp\/v2\/comments?post=997"}],"version-history":[{"count":2,"href":"https:\/\/us.edu.pl\/instytut\/ipe\/wp-json\/wp\/v2\/pages\/997\/revisions"}],"predecessor-version":[{"id":1353,"href":"https:\/\/us.edu.pl\/instytut\/ipe\/wp-json\/wp\/v2\/pages\/997\/revisions\/1353"}],"wp:attachment":[{"href":"https:\/\/us.edu.pl\/instytut\/ipe\/wp-json\/wp\/v2\/media?parent=997"}],"curies":[{"name":"wp","href":"https:\/\/api.w.org\/{rel}","templated":true}]}}