{"id":117,"date":"2023-10-02T14:56:14","date_gmt":"2023-10-02T12:56:14","guid":{"rendered":"https:\/\/us.edu.pl\/instytut\/ipo\/?page_id=117"},"modified":"2024-03-14T13:06:21","modified_gmt":"2024-03-14T12:06:21","slug":"ewa-bartos","status":"publish","type":"page","link":"https:\/\/us.edu.pl\/instytut\/ipo\/pracownicy\/ewa-bartos\/","title":{"rendered":"Ewa Bartos"},"content":{"rendered":"<p>[vc_row][vc_column]\r\n                <div class=\"text-modules\">\r\n                    <div class=\"container\">\r\n                        \r\n                        <div class=\"text-modules__content\"><\/p>\n<h3><span style=\"color: #002e5a;\">Ewa Bartos<\/span><\/h3>\n<hr \/>\n<p>\n<\/div>\r\n                    <\/div>\r\n                <\/div>[\/vc_column][\/vc_row][vc_row el_class=&#8221;container&#8221;][vc_column width=&#8221;2\/3&#8243;][vc_tta_tabs active_section=&#8221;1&#8243;][vc_tta_section title=&#8221;POLISH&#8221; tab_id=&#8221;1696245225773-eae4e9a1-2c7a&#8221;]\r\n                <div class=\"text-modules\">\r\n                    <div class=\"container\">\r\n                        \r\n                        <div class=\"text-modules__content\"><p><strong>Ewa Bartos<\/strong>\u00a0 \u2013 doktor habilitowana (doktorat:\u00a0<em>Figury braku. O prozie Stanis\u0142awa Dygata<\/em>\u00a02015; habilitacja:\u00a0<em>Miejsca (w) wyobra\u017ani. Studia i szkice o poetach z G\u00f3rnego \u015al\u0105ska<\/em> 2020), prof. U\u015a, adiunkt w Instytucie Polonistyki Uniwersytetu \u015al\u0105skiego w Katowicach. W kr\u0119gu moich zainteresowa\u0144 badawczych znajduj\u0105 si\u0119 m.in. zwi\u0105zki literatury i psychologii, problematyka kolekcjonerstwa i uwodzenia w literaturze, literatura i kultura popularna, a tak\u017ce tw\u00f3rczo\u015b\u0107 pisarzy emigracyjnych i poet\u00f3w \u015bl\u0105skich XX wieku.<\/p>\n<p>e-mail: <a href=\"mailto:ewa.bartos@us.edu.pl\">ewa.bartos@us.edu.pl<\/a><\/p>\n<p><a href=\"https:\/\/orcid.org\/0000-0003-4156-0162\">https:\/\/orcid.org\/0000-0003-4156-0162<\/a><\/p>\n<p><a href=\"https:\/\/www.researchgate.net\/profile\/Ewa-Bartos\">https:\/\/www.researchgate.net\/profile\/Ewa-Bartos<\/a><\/p>\n<p><strong>Monografie autorskie:<\/strong><\/p>\n<p><em>Miejsca (w) wyobra\u017ani.\u00a0Studia i szkice o poetach z G\u00f3rnego \u015al\u0105ska<\/em>. \u201e\u015al\u0105sk\u201d Wydawnictwo Naukowe. Katowice 2019. ISBN:\u00a0978-83-716-4528-0, ss. 288.<\/p>\n<p><em>Figury braku. O prozie Stanis\u0142awa Dygata<\/em>. Wydawnictwo Uniwersytetu \u015al\u0105skiego. Katowice 2016. ISBN 978-83-8012-998-6, ss. 276.<\/p>\n<p><em>E\/P. Szkice o literaturze \u201eelitarnej\u201d i \u201epopularnej\u201d<\/em>. Wydawnictwo Uniwersytetu \u015al\u0105skiego. Katowice 2014. ISBN 987\u201183\u20118012\u2011037\u20112, ss. 178.<\/p>\n<p><em>Motory. Szkice o\/przy Zegad\u0142owiczu<\/em>. Wydawnictwo Uniwersytetu \u015al\u0105skiego. Katowice 2013. ISBN 978-83-226-2168-4, ss. 64.<\/p>\n<p><em>Skiro\u0142awki. O powie\u015bci erotycznej Zbigniewa Nienackiego<\/em>. Wydawnictwo Uniwersytetu \u015al\u0105skiego. Katowice 2013. ISBN 978-83-226-2172-1, ss. 132.<\/p>\n<p><strong>Wybrane wsp\u00f3\u0142redakcje:<\/strong><\/p>\n<p><em>Literatura popularna<\/em>. T. 3:\u00a0\u00a0<em>Krymina\u0142<\/em>. Red. Ewa Bartos, Katarzyna Niesporek. Wydawnictwo Uniwersytetu \u015al\u0105skiego. Katowice 2019. ISBN 978-83-226-3540-7, ss. 373.<\/p>\n<p><em>Pergamin wspomnie\u0144. Szkice o poezji Mariana Kisiela<\/em>. Red. Ewa Bartos, Pawe\u0142 Majerski, Katarzyna Niesporek. S\u0142owo\/ obraz terytoria. Gda\u0144sk 2019. ISBN 978-83-7453-597-7, ss. 430.<\/p>\n<p><em>\u015awiaty poetyckie Tadeusza S\u0142awka<\/em>. Red. E. Bartos, M. Kisiel. \u201e\u015al\u0105sk\u201d Wydawnictwo Naukowe. Katowice 2017. ISBN\u00a0978-83-7164-952-3, ss. 236.<\/p>\n<p><em>Literatura popularna<\/em>. T. 2:\u00a0\u00a0<em>Fantastyczne kreacje \u015bwiat\u00f3w<\/em>. Red. E. Bartos, D. Chwolik, P. Majerski, K. Niesporek. Wydawnictwo Uniwersytetu \u015al\u0105skiego. Katowice 2014. ISBN 978-83-8012-298-7, ss. 480.<\/p>\n<p><em>Do\u015bwiadczaj\u0105c. Szkice o tw\u00f3rczo\u015bci (anty)modernistycznej<\/em>. Red. E. Bartos, M. K\u0142osi\u0144ski. Wydawnictwo Uniwersytetu \u015al\u0105skiego. Katowice 2014. ISBN 978-83-8012-285-7, ss. 324.<\/p>\n<p><em>Literatura popularna<\/em>. T. 1:\u00a0<em>Dyskursy wielorakie<\/em>. Red. E. Bartos i M. Tomczok. Wydawnictwo Uniwersytetu \u015al\u0105skiego. Katowice 2013. ISBN 978-83-226-2245-2, ss. 482.<\/p>\n<p><strong>Wybrane artyku\u0142y:<\/strong><\/p>\n<p><em>On Corporeal Tropes in Anna Frajlich\u2019s Poetry.<\/em>\u00a0Trans: Timothy Williams. \u201e<u>Polish Review<\/u>\u201d 2022, nr. 67.<\/p>\n<p><em>Les ombres de la sexualit\u00e9 dans la po\u00e9sie de Bogdan Czaykowski<\/em>. W:\u00a0<a href=\"https:\/\/opus.us.edu.pl\/info\/book\/USL3382e0bae6ec4006bce1b71dddee893d\/Publikacja%2B%25E2%2580%2593%2BBeyond%2BBorders%2B%253A%2BTransgressions%2Bin%2BEuropean%2BLiteratures%2B%25E2%2580%2593%2BUniwersytet%2B%25C5%259Al%25C4%2585ski+title?ps=20&amp;lang=pl&amp;pn=1\"><em>\u00a0Beyond Borders : Transgressions in European Literatures, Andersheit \u2013 Fremdheit \u2013 Ungleichheit.\u00a0<\/em>Red. A. Po\u015bpiech, R. Dampc-Jarosz, A. Rabsztyn.Vol. 8, 2021, G\u00f6ttingen, V&amp;R unipress, 146 s., ISBN 978-3-8471-1389-8<\/a><\/p>\n<p><em>Ogr\u00f3d utracony. O do\u015bwiadczaniu seksualno\u015bci w poezji Bogdana Czaykowskiego<\/em>. W:\u00a0<em>Kontynenty<\/em>. T. 2.\u00a0<em>Studia i szkice o tw\u00f3rczo\u015bci Bogdana Czaykowskiego<\/em>. Red. M. Rabizo-Birek, B. Sza\u0142asta-Rogowska. Katowice2021.<\/p>\n<p><em>\u201eKasandra si\u0119 myli\u201d. Epizod przyja\u017ani Wierzy\u0144skiego z Lechoniem<\/em>. [w:]\u00a0<em>Literatura polska obu Ameryk. Studia i szkice<\/em>. Seria 2. Red. B. Sza\u0142asta\u2013Rogowska. Katowice 2016, s. 87\u2013101.<\/p>\n<p><em>Smak literatury. O \u201eLosach romansu\u201d Stanis\u0142awa Baczy\u0144skiego<\/em>. [w:]\u00a0<em>Czytanie Dwudziestolecia,\u00a0 IV<\/em>. T. 2. Red. J. Waro\u0144ska, E. Wr\u00f3bel. Cz\u0119stochowa 2016, s. 257\u2013267.<\/p>\n<p><em>Antologia jako kuriozum literackie. Kilka uwag o kolekcji Juliana Tuwima<\/em>. [w:]\u00a0<em>Antologia literacka. Przemiany, ekspansja i perspektywy gatunku<\/em>. Red. M. Kokoszka, B. Sza\u0142asta\u2013Rogowska, Katowice 2017, s. 279\u2013294.<\/p>\n<p><em>Pochwa\u0142a wyobra\u017ani. O \u201eDialogu w Ciemno\u015bci\u201d W\u0142adys\u0142awa Seby\u0142y<\/em>. [w:]\u00a0<em>W\u0142adys\u0142aw Seby\u0142a<\/em>. Lektury. Red. J. Kisiel, J. Wr\u00f3bel. Katowice 2017, s. 193\u2013207.<\/p>\n<p><em>Mikrokosmologia. O poetyckiej wyobra\u017ani Andrzeja Buszy<\/em>. [w:]\u00a0<em>Kontynenty<\/em>. T.1:\u00a0<em>Studia i szkice o tw\u00f3rczo\u015bci Andrzeja Buszy<\/em>. Red. M. Kisiel, J. Pasterski. Katowice\u2013Rzesz\u00f3w 2019, s. 171\u2013190.<\/p>\n<\/div>\r\n                    <\/div>\r\n                <\/div>[\/vc_tta_section][vc_tta_section title=&#8221;ENGLISH&#8221; tab_id=&#8221;1696245225781-ca7f0b2b-8074&#8243;]\r\n                <div class=\"text-modules\">\r\n                    <div class=\"container\">\r\n                        \r\n                        <div class=\"text-modules__content\"><p><strong>Ewa Bartos, PhD, DLitt<\/strong><\/p>\n<p><strong>Associate\u00a0<\/strong><strong>Professor in the Institute of Literary Studies<br \/>\n<\/strong><strong>Faculty of Humanities<\/strong><\/p>\n<p><a href=\"mailto:ewa.bartos@us.edu.pl\">ewa.bartos@us.edu.pl<\/a><\/p>\n<p>&nbsp;<\/p>\n<p>ORCID: 0000-0003-4156-0162<\/p>\n<p><strong>Research interests:<\/strong><\/p>\n<p>Relations between literature and psychology, collecting, eroticism in 20th century literature, seducing in literature, popular literature, emigration writers\u2019 works, 20th century Silesian poetry<\/p>\n<p><strong>Publications (a selection):<\/strong><\/p>\n<ol>\n<li><em>Szkice o\/przy Zegad\u0142owiczu\u00a0<\/em>[\u201cMotory.\u201d Essays on Zegad\u0142owicz]. Wydawnictwo Uniwersytetu \u015al\u0105skiego: Katowice 2013, 64 pages.<\/li>\n<li><em>Skiro\u0142awki. O powie\u015bci erotycznej Zbigniewa Nienackiego\u00a0<\/em>[\u201cSkiro\u0142awki.\u201d On Zbigniew Nienacki\u2019s erotic novel]. Wydawnictwo Uniwersytetu \u015al\u0105skiego: Katowice 2013, 132 pages.<\/li>\n<li><em>E\/P. Szkice o literaturze \u201eelitarnej\u201d i \u201epopularnej\u201d\u00a0<\/em>[E\/P. Essays on \u201celitist\u201d and \u201cpopular\u201d literature]. Wydawnictwo Uniwersytetu \u015al\u0105skiego: Katowice 2014, 178 pages.<\/li>\n<li><em>Figury braku. O prozie Stanis\u0142awa Dygata\u00a0<\/em>[Figures of deficiency. On Stanis\u0142aw Dygat\u2019s prose]. Wydawnictwo Uniwersytetu \u015al\u0105skiego: Katowice 2016, 276 pages.<\/li>\n<li><em>Miejsca (w) wyobra\u017ani<\/em>.\u00a0<em>Studia i szkice o poetach z G<\/em><em>\u00f3<\/em><em>rnego \u015al\u0105ska\u00a0<\/em>[Places in\/of imagination. Studies and essays on Upper Silesia poets]. \u201e\u015al\u0105sk\u201d Wydawnictwo Naukowe, Katowice 2019, 288 pages.<\/li>\n<\/ol>\n<p><strong>Academic outreach and engagement:<\/strong><\/p>\n<ol>\n<li>2014\u2014present \u2013 secretary of the District Committee of the Polish Language and Literature Competition.<\/li>\n<li>2016\u2014present \u2013 treasurer of the Katowice Section of the Adam Mickiewicz Literary Society;<\/li>\n<li>2016\u2014present \u2013 member of the Polish Writers\u2019 Association (the Katowice Section).<\/li>\n<\/ol>\n<p>\n<\/div>\r\n                    <\/div>\r\n                <\/div>[\/vc_tta_section][\/vc_tta_tabs][\/vc_column][vc_column width=&#8221;1\/3&#8243;]\r\n                <div class=\"text-modules\">\r\n                    <div class=\"container\">\r\n                        \r\n                        <div class=\"text-modules__content\"><\/p>\n<p>&nbsp;<\/p>\n<p><img class=\"alignnone wp-image-118 size-full\" src=\"http:\/\/us.edu.pl\/instytut\/ipo\/wp-content\/uploads\/sites\/74\/Pracownicy\/bartos-768x1152-1.jpg\" alt=\"\" width=\"100%\" height=\"auto\" srcset=\"https:\/\/us.edu.pl\/instytut\/ipo\/wp-content\/uploads\/sites\/74\/Pracownicy\/bartos-768x1152-1.jpg 768w, https:\/\/us.edu.pl\/instytut\/ipo\/wp-content\/uploads\/sites\/74\/Pracownicy\/bartos-768x1152-1-200x300.jpg 200w, https:\/\/us.edu.pl\/instytut\/ipo\/wp-content\/uploads\/sites\/74\/Pracownicy\/bartos-768x1152-1-683x1024.jpg 683w, https:\/\/us.edu.pl\/instytut\/ipo\/wp-content\/uploads\/sites\/74\/Pracownicy\/bartos-768x1152-1-383x575.jpg 383w\" sizes=\"(max-width: 768px) 100vw, 768px\" \/><\/p>\n<\/div>\r\n                    <\/div>\r\n                <\/div>[\/vc_column][\/vc_row]<\/p>","protected":false},"excerpt":{"rendered":"<p>[vc_row][vc_column][\/vc_column][\/vc_row][vc_row el_class=&#8221;container&#8221;][vc_column width=&#8221;2\/3&#8243;][vc_tta_tabs active_section=&#8221;1&#8243;][vc_tta_section title=&#8221;POLISH&#8221; tab_id=&#8221;1696245225773-eae4e9a1-2c7a&#8221;][\/vc_tta_section][vc_tta_section title=&#8221;ENGLISH&#8221; tab_id=&#8221;1696245225781-ca7f0b2b-8074&#8243;][\/vc_tta_section][\/vc_tta_tabs][\/vc_column][vc_column width=&#8221;1\/3&#8243;][\/vc_column][\/vc_row] [&#8230;]<\/p>\n<p><a class=\"btn btn-secondary understrap-read-more-link\" href=\"https:\/\/us.edu.pl\/instytut\/ipo\/pracownicy\/ewa-bartos\/\">Read More&#8230;<\/a><\/p>\n","protected":false},"author":7254,"featured_media":0,"parent":84,"menu_order":0,"comment_status":"closed","ping_status":"closed","template":"","meta":{"_expiration-date-status":"","_expiration-date":0,"_expiration-date-type":"","_expiration-date-categories":[],"_expiration-date-options":[]},"acf":[],"_links":{"self":[{"href":"https:\/\/us.edu.pl\/instytut\/ipo\/wp-json\/wp\/v2\/pages\/117"}],"collection":[{"href":"https:\/\/us.edu.pl\/instytut\/ipo\/wp-json\/wp\/v2\/pages"}],"about":[{"href":"https:\/\/us.edu.pl\/instytut\/ipo\/wp-json\/wp\/v2\/types\/page"}],"author":[{"embeddable":true,"href":"https:\/\/us.edu.pl\/instytut\/ipo\/wp-json\/wp\/v2\/users\/7254"}],"replies":[{"embeddable":true,"href":"https:\/\/us.edu.pl\/instytut\/ipo\/wp-json\/wp\/v2\/comments?post=117"}],"version-history":[{"count":2,"href":"https:\/\/us.edu.pl\/instytut\/ipo\/wp-json\/wp\/v2\/pages\/117\/revisions"}],"predecessor-version":[{"id":526,"href":"https:\/\/us.edu.pl\/instytut\/ipo\/wp-json\/wp\/v2\/pages\/117\/revisions\/526"}],"up":[{"embeddable":true,"href":"https:\/\/us.edu.pl\/instytut\/ipo\/wp-json\/wp\/v2\/pages\/84"}],"wp:attachment":[{"href":"https:\/\/us.edu.pl\/instytut\/ipo\/wp-json\/wp\/v2\/media?parent=117"}],"curies":[{"name":"wp","href":"https:\/\/api.w.org\/{rel}","templated":true}]}}