{"id":136,"date":"2023-10-02T15:56:30","date_gmt":"2023-10-02T13:56:30","guid":{"rendered":"https:\/\/us.edu.pl\/instytut\/ipo\/?page_id=136"},"modified":"2023-10-02T15:56:30","modified_gmt":"2023-10-02T13:56:30","slug":"ireneusz-gielata","status":"publish","type":"page","link":"https:\/\/us.edu.pl\/instytut\/ipo\/pracownicy\/ireneusz-gielata\/","title":{"rendered":"Ireneusz Gielata"},"content":{"rendered":"<p>[vc_row][vc_column]\r\n                <div class=\"text-modules\">\r\n                    <div class=\"container\">\r\n                        \r\n                        <div class=\"text-modules__content\"><\/p>\n<h3><span style=\"color: #002e5a;\">Ireneusz Gielata<\/span><\/h3>\n<hr \/>\n<p>\n<\/div>\r\n                    <\/div>\r\n                <\/div>[\/vc_column][\/vc_row][vc_row el_class=&#8221;container&#8221;][vc_column width=&#8221;2\/3&#8243;][vc_tta_tabs active_section=&#8221;1&#8243;][vc_tta_section title=&#8221;POLISH&#8221; tab_id=&#8221;1696245225773-eae4e9a1-2c7a&#8221;]\r\n                <div class=\"text-modules\">\r\n                    <div class=\"container\">\r\n                        \r\n                        <div class=\"text-modules__content\"><p><strong>dr hab. Ireneusz Gielata, prof U\u015a \u2013<\/strong>\u00a0historyk literatury, zajmuje si\u0119 zagadnieniami dotycz\u0105cymi teorii i historii powie\u015bci, teorii narracji historycznej, a w obr\u0119bie historii literatury \u2013 genealogi\u0105 polskiej i europejskiej nowoczesno\u015bci oraz badaniem zwi\u0105zk\u00f3w pomi\u0119dzy literatur\u0105 nowoczesn\u0105 a biologi\u0105 i medycyn\u0105 oraz muzyk\u0105, plastyk\u0105 i architektur\u0105; wsp\u00f3\u0142redaktor i cz\u0142onek Rady Naukowej nowej Serii Wydawniczej \u201ears medica ac humanistas\u201d i wsp\u00f3\u0142redaktor dzia\u0142u historii literatury pisma naukowego \u201e\u015awiat i S\u0142owo\u201d; w ci\u0105gu ostatnich pi\u0119ciu lat opublikowa\u0142 eseje o tw\u00f3rczo\u015bci: Erazma z Rotterdamu, J. Keplera, H. Ch. Andersena, R.W. Emersona, A. France\u2019a, J-K. Huysmansa, M. Maeterlincka, H. Brocha, B. Hrabala, F. Kafki, T, Manna, S. M\u00e1raiego, M. Houellebecqa, K. O. Knausg\u00e5rda a tak\u017ce kilkana\u015bcie artyku\u0142\u00f3w o tw\u00f3rczo\u015bci H. Sienkiewicza, B. Prusa, M. Konopnickiej i A. S\u0142onimskiego.<\/p>\n<p><strong>Wybrane publikacje:<\/strong><\/p>\n<ol>\n<li>Gielata,\u00a0<em>\u201eJak bardzo kochasz Nic\u201d \u2013 rzecz o sze\u015bciok\u0105tnych p\u0142atkach \u015bniegu<\/em>, [w:]\u00a0<em>Polytropos. Na drogach Tadeusza S\u0142awka<\/em>, red. P. Bogalecki, Z. Kad\u0142ubek, A. Mitek-Dziemba, K. Pospiszil, Katowice 2016, s. 419-433, ISSN 0208-6336, ISBN 978-83-226-3008-2 (wersja drukowana) i ISBN 978-83-226-3009-9 (wersja elektroniczna).<\/li>\n<li>Gielata,\u00a0<em>Architekt \u201ejask\u00f3\u0142czych gniazd\u201d \u2013 wok\u00f3\u0142 \u201eMapy i terytorium\u201d Michela Houellebecqa<\/em>, [w:]\u00a0<em>Literatura a architektura<\/em>;\u00a0<em>Literatura \u2013 konteksty<\/em>\u00a0t. I,pod red. Joanny Godlewicz-Adamiec i T. Szybistego, Krak\u00f3w-Warszawa 2017, s. 277-290, ISBN 978-83-944308-1-8<\/li>\n<li>Gielata,\u00a0<em>\u201eProste pie\u015bni\u201d Orfeusza \u2013 choroba i sztuka w filmie \u201eM\u0142odo\u015b\u0107\u201d Paola Sorrentino<\/em>, [w:]\u00a0<em>Medycyna w filmie<\/em>, red. M. Ganczar, M. Oleszczyk, Krak\u00f3w 2017, s. 195-210; ISBN 978-83-7354-696-7.<\/li>\n<li>Gielata,\u00a0<em>Nad chmurami Constable\u2019a \u2013 obrazowo\u015b\u0107 w \u201eMojej walce\u201d Karla OveKnausg\u00e5rda<\/em>, [w:]\u00a0<em>Literatura a malarstwo<\/em>;\u00a0<em>Literatura \u2013 konteksty<\/em>\u00a0t. II,pod red. Joanny Godlewicz-Adamiec, P. Kociumbasa i T. Szybistego, Krak\u00f3w-Warszawa 2017, s. 275-289ISBN 978-83-944308-6-8; ISSN 2543-9480.<\/li>\n<li>Gielata,\u00a0<em>Wsp\u00f3lnota jutra \u2013 o \u201epolityce dojmuj\u0105cej blisko\u015bci\u201d<\/em>, [w:] \u201e\u015awiat i S\u0142owo, nr 2 (29) 2017, s. 75-85; ISSN 1731-3317.<\/li>\n<li>Gielata,\u00a0<em>Rze\u017aby Sienkiewicza (w \u201eQuo vadis\u201d)<\/em>, [w:]\u00a0<em>Tw\u00f3rczo\u015b\u0107 Henryka Sienkiewicza a korespondencja sztuk<\/em>, pod red. T. Budrewicza i A. Rataja, Seria: Sienkiewicz \u2013 nowe odczytania, pod red. J. Axera i T. Bujnickiego, Wydawnictwo DiG, Warszawa 2018, s. 81-93; ISBN 978-83-7181-885-1 (seria), ISBN 978-83-286-0026-3<\/li>\n<li>Gielata,\u00a0<em>\u201eCz\u0142owiek by\u0142 krwawym bydl\u0119ciem od przyj\u015bcia na \u015bwiat\u201d \u2013 o nowoczesnej rasie \u201eludzkich bydl\u0105t\u201d<\/em>, [w:] \u201ePrzegl\u0105d Humanistyczny\u201d, Rok LXII\/2018, nr 3 (462), s. 11-21, ISSN 0033-2194 2194.<\/li>\n<li>Gielata,\u00a0<em>\u201eDaleko\u015b\u0107 dziejowa\u201d i \u201euczuciowa blisko\u015b\u0107\u201d \u2013 Sienkiewicz w \u015bwietle krytyki Marii Konopnickiej<\/em>, [w:]\u00a0<em>Henryk Sienkiewicz w literaturze i krytyce literackiej<\/em>, pod red. Doroty Samborskiej-Kuku\u0107 i T. Sobieraja, Seria: Sienkiewicz \u2013 nowe odczytania, pod red. J. Axera i T. Bujnickiego, Wydawnictwo DiG, Warszawa 2018, s. 13-25; ISBN 978-83-7181-885-1 (seria), ISBN 978-83-286-0040-9.<\/li>\n<li>Gielata,\u00a0<em>\u201eUdo bogini Wenus\u201d \u2013 o 96 tezie Marcina Lutra<\/em>, [w:] \u201eKonteksty\u201d 2018 rok LXXII, nr 3 (322), s. 192-197, Indeks 369403, ISSN 1230-6142.<\/li>\n<li>Gielata,\u00a0<em>\u201eMi\u0119dzy piaskiem i niebem\u201d \u2013 Sienkiewicz wobec \u201estrasznej martwoty\u201d<\/em>, [w:]\u00a0<em>Sienkiewicz. Nowa ods\u0142ona<\/em>, pod red. G. Borkowskiej, R. Kotowskiego, A. Kurskiej, Kielce 2018, s. 255-269, ISBN 978-83-62068-35-7.<\/li>\n<\/ol>\n<p>\n<\/div>\r\n                    <\/div>\r\n                <\/div>[\/vc_tta_section][\/vc_tta_tabs][\/vc_column][vc_column width=&#8221;1\/3&#8243;]\r\n                <div class=\"text-modules\">\r\n                    <div class=\"container\">\r\n                        \r\n                        <div class=\"text-modules__content\"><\/p>\n<p>&nbsp;<\/p>\n<p><img class=\"alignnone wp-image-137 size-full\" src=\"http:\/\/us.edu.pl\/instytut\/ipo\/wp-content\/uploads\/sites\/74\/Pracownicy\/gielata-423x575-1.jpg\" alt=\"Ireneusz Gielata\" width=\"100%\" height=\"auto\" srcset=\"https:\/\/us.edu.pl\/instytut\/ipo\/wp-content\/uploads\/sites\/74\/Pracownicy\/gielata-423x575-1.jpg 423w, https:\/\/us.edu.pl\/instytut\/ipo\/wp-content\/uploads\/sites\/74\/Pracownicy\/gielata-423x575-1-221x300.jpg 221w\" sizes=\"(max-width: 423px) 100vw, 423px\" \/><\/p>\n<\/div>\r\n                    <\/div>\r\n                <\/div>[\/vc_column][\/vc_row]<\/p>","protected":false},"excerpt":{"rendered":"<p>[vc_row][vc_column][\/vc_column][\/vc_row][vc_row el_class=&#8221;container&#8221;][vc_column width=&#8221;2\/3&#8243;][vc_tta_tabs active_section=&#8221;1&#8243;][vc_tta_section title=&#8221;POLISH&#8221; tab_id=&#8221;1696245225773-eae4e9a1-2c7a&#8221;][\/vc_tta_section][\/vc_tta_tabs][\/vc_column][vc_column width=&#8221;1\/3&#8243;][\/vc_column][\/vc_row] [&#8230;]<\/p>\n<p><a class=\"btn btn-secondary understrap-read-more-link\" href=\"https:\/\/us.edu.pl\/instytut\/ipo\/pracownicy\/ireneusz-gielata\/\">Read More&#8230;<\/a><\/p>\n","protected":false},"author":7254,"featured_media":0,"parent":84,"menu_order":0,"comment_status":"closed","ping_status":"closed","template":"","meta":{"_expiration-date-status":"","_expiration-date":0,"_expiration-date-type":"","_expiration-date-categories":[],"_expiration-date-options":[]},"acf":[],"_links":{"self":[{"href":"https:\/\/us.edu.pl\/instytut\/ipo\/wp-json\/wp\/v2\/pages\/136"}],"collection":[{"href":"https:\/\/us.edu.pl\/instytut\/ipo\/wp-json\/wp\/v2\/pages"}],"about":[{"href":"https:\/\/us.edu.pl\/instytut\/ipo\/wp-json\/wp\/v2\/types\/page"}],"author":[{"embeddable":true,"href":"https:\/\/us.edu.pl\/instytut\/ipo\/wp-json\/wp\/v2\/users\/7254"}],"replies":[{"embeddable":true,"href":"https:\/\/us.edu.pl\/instytut\/ipo\/wp-json\/wp\/v2\/comments?post=136"}],"version-history":[{"count":1,"href":"https:\/\/us.edu.pl\/instytut\/ipo\/wp-json\/wp\/v2\/pages\/136\/revisions"}],"predecessor-version":[{"id":138,"href":"https:\/\/us.edu.pl\/instytut\/ipo\/wp-json\/wp\/v2\/pages\/136\/revisions\/138"}],"up":[{"embeddable":true,"href":"https:\/\/us.edu.pl\/instytut\/ipo\/wp-json\/wp\/v2\/pages\/84"}],"wp:attachment":[{"href":"https:\/\/us.edu.pl\/instytut\/ipo\/wp-json\/wp\/v2\/media?parent=136"}],"curies":[{"name":"wp","href":"https:\/\/api.w.org\/{rel}","templated":true}]}}