{"id":152,"date":"2023-10-02T16:32:05","date_gmt":"2023-10-02T14:32:05","guid":{"rendered":"https:\/\/us.edu.pl\/instytut\/ipo\/?page_id=152"},"modified":"2023-10-02T16:32:05","modified_gmt":"2023-10-02T14:32:05","slug":"maria-janoszka","status":"publish","type":"page","link":"https:\/\/us.edu.pl\/instytut\/ipo\/pracownicy\/maria-janoszka\/","title":{"rendered":"Maria Janoszka"},"content":{"rendered":"<p>[vc_row][vc_column]\r\n                <div class=\"text-modules\">\r\n                    <div class=\"container\">\r\n                        \r\n                        <div class=\"text-modules__content\"><\/p>\n<h3><span style=\"color: #002e5a;\">Maria Janoszka<\/span><\/h3>\n<hr \/>\n<p>\n<\/div>\r\n                    <\/div>\r\n                <\/div>[\/vc_column][\/vc_row][vc_row el_class=&#8221;container&#8221;][vc_column width=&#8221;2\/3&#8243;][vc_tta_tabs active_section=&#8221;1&#8243;][vc_tta_section title=&#8221;POLISH&#8221; tab_id=&#8221;1696245225773-eae4e9a1-2c7a&#8221;]\r\n                <div class=\"text-modules\">\r\n                    <div class=\"container\">\r\n                        \r\n                        <div class=\"text-modules__content\"><p><strong>dr Maria Janoszka<\/strong><\/p>\n<p><a href=\"mailto:maria.janoszka@us.edu.pl\">maria.janoszka@us.edu.pl<\/a><\/p>\n<p><a href=\"https:\/\/orcid.org\/0000-0003-2353-7364\">https:\/\/orcid.org\/0000-0003-2353-7364<\/a><\/p>\n<p><a href=\"https:\/\/silesian.academia.edu\/MariaJanoszka\">https:\/\/silesian.academia.edu\/MariaJanoszka<\/a><\/p>\n<p><a href=\"https:\/\/www.researchgate.net\/profile\/Maria-Janoszka\">https:\/\/www.researchgate.net\/profile\/Maria-Janoszka<\/a><\/p>\n<p>Uko\u0144czy\u0142am filologi\u0119 polsk\u0105 na Uniwersytecie \u015al\u0105skim (2010). Stopie\u0144 doktora nauk humanistycznych (specjalno\u015b\u0107 literaturoznawstwo) uzyska\u0142am w 2016 roku na podstawie rozprawy\u00a0<em>Nawi\u0105zania do \u201eR\u0119kopisu znalezionego w Saragossie\u201d Jana Potockiego w wybranych powie\u015bciach XX wieku<\/em>, pisanej pod opiek\u0105 naukow\u0105 prof. dr. hab. Janusza Ryby. Moje zainteresowania badawcze to przede wszystkim historia literatury epok o\u015bwiecenia i romantyzmu, tradycja o\u015bwieceniowa i romantyczna w literaturze wsp\u00f3\u0142czesnej, tw\u00f3rczo\u015b\u0107 Jana Potockiego, komparatystyka literacka, historia powie\u015bci oraz dynamika przemian wybranych kategorii estetycznych (ironii, groteski, melancholii).<\/p>\n<p><strong>Najwa\u017cniejsze publikacje<\/strong><\/p>\n<p>Monografie autorskie<\/p>\n<ul>\n<li><em>\u201eR\u0119kopis znaleziony w Saragossie\u201d i wybrane powie\u015bci XX wieku (Fowles \u2013 Rosendorfer \u2013 Gretkowska)<\/em>. Wydawnictwo Uniwersytetu \u015al\u0105skiego. Katowice 2018. ISBN 978-83-226-3335-9, ss. 356.<\/li>\n<\/ul>\n<p>Artyku\u0142y z czasopism<\/p>\n<ul>\n<li><em>Pytania o warto\u015b\u0107. Ekonomiczne uwik\u0142ania jednostki i j\u0119zyka w \u201eWyznaniach\u201d Jana Jakuba Rousseau<\/em>. \u201eEr(r)go\u201d 2022, nr 44, s. 167\u2013183.<\/li>\n<\/ul>\n<p>Rozdzia\u0142y w monografiach<\/p>\n<ul>\n<li><em>\u201eMa\u0142o znam sw\u00f3j kraj, ale znam inne\u201d. Polska w pismach politycznych Jana Potockiego z lat 1788\u20131792<\/em>. W:\u00a0<em>O\u015bwiecenie nieo\u015bwiecone. Tradycja. To\u017csamo\u015b\u0107. Inno\u015b\u0107<\/em>. Red. D.\u00a0Kowalewska, A. Ro\u0107ko, F. Wola\u0144ski. Wydawnictwo Naukowe Uniwersytetu Miko\u0142aja Kopernika. Toru\u0144 2022. ISBN 978-83-231-4870-8, s. 291\u2013304.<\/li>\n<li><em>La Sierra Morena : une enclave d\u2019alt\u00e9rit\u00e9 dans \u201eLe manuscrit trouv\u00e9 \u00e0 Saragosse\u201d de Jan Potocki<\/em>. Prze\u0142. M. Gawron-Zaborska. W:\u00a0<em>Identity Issues in European Literatures<\/em>. A. Po\u015bpiech, R. Dampc-Jarosz, J. Warmuzi\u0144ska-Rog\u00f3\u017c. V&amp;R unipress. G\u00f6ttingen 2021. ISBN 978-3-8471-1388-1, s. 33\u201343.<\/li>\n<li><em>W \u017cywiole obcego s\u0142owa. Poliglotyzm i jego implikacje w \u015bwietle \u201ePodr\u00f3\u017cy\u201d Jana Potockiego<\/em>. W:\u00a0<em>Literatura i \u017cywio\u0142y<\/em>. Red. M. Janoszka, L. Nawarecka. Wydawnictwo Uniwersytetu \u015al\u0105skiego. Katowice 2021. ISBN 978-83-226-4152-1, s. 303\u2013319.<\/li>\n<li><em>Mi\u0119dzy demonizmem a symbolik\u0105 wolnomularsk\u0105: podziemne struktury przestrzenne w\u00a0\u201eR\u0119kopisie znalezionym w Saragossie\u201d Jana Potockiego<\/em>. W:\u00a0<em>Literackie podr\u00f3\u017ce do wn\u0119trza ziemi. Studia<\/em>. Red. J. \u0141awski, M. Burzka-Janik. O\u015brodek Bada\u0144 Europy \u015arodkowo-Wschodniej. Bia\u0142ystok 2020. ISBN 978-83-958357-3-5, s. 155\u2013174.<\/li>\n<li><em>Szermowa\u0107 s\u0142owem. \u017bywio\u0142 polemiki w wybranych pismach prozatorskich Stanis\u0142awa Trembeckiego<\/em>. W:\u00a0<em>Podkarpacie literackie<\/em>. T. 1:\u00a0<em>Wirydarz staropolski i o\u015bwieceniowy<\/em>. Red. R. Magry\u015b, J. Kowal, G. Tro\u015bci\u0144ski. Wydawnictwo Uniwersytetu Rzeszowskiego. Rzesz\u00f3w 2020. ISBN 978-83-7996-823-7, s. 419\u2013437.<\/li>\n<li><em>\u017bywio\u0142y wody i powietrza w wybranych fragmentach genewskich Zygmunta Krasi\u0144skiego<\/em>. W:\u00a0<em>Krasi\u0144ski. \u017bywio\u0142y kultury, \u017cywio\u0142y natury. Studia<\/em>. Red. M. Burzka-Janik, J. \u0141awski. Wydawnictwo Stowarzyszenia Absolwent\u00f3w Wydzia\u0142u Prawa Uniwersytetu w Bia\u0142ymstoku Temida 2. Bia\u0142ystok \u2013 Opole 2019. ISBN 978-83-65696-32-8, s. 197\u2013214.<\/li>\n<li><em>Wizerunek inkwizycji w \u201ePodr\u00f3\u017cy do Ciemnogrodu\u201d Stanis\u0142awa Kostki Potockiego na tle innych przedstawie\u0144 o\u015bwieceniowych<\/em>. W:\u00a0<em>O spu\u015bci\u017anie literackiej Stanis\u0142awa Kostki Potockiego. Studia i szkice<\/em>. Red. D. Folga-Januszewska, T. Chachulski. Muzeum Pa\u0142acu Kr\u00f3la Jana III w Wilanowie, Wydawnictwo Naukowe UKSW. Warszawa 2018. ISBN 978-83-63580-91-9, s. 169\u2013178.<\/li>\n<li><em>Kultura funeralna XVIII-wiecznej metropolii na podstawie \u201eObrazu Pary\u017ca\u201d Louisa-S\u00e9bastiena Merciera i \u201eNocy paryskich\u201d Nicholasa R\u00e9tifa de la Bretonne<\/em>. W:\u00a0<em>Dialog z\u00a0tradycj\u0105.\u00a0<\/em>VII:<em>Dawna i wsp\u00f3\u0142czesna kultura funeralna<\/em>. Red. I. Steczko, R.\u00a0D\u017awigo\u0142. Collegium Columbinum. Krak\u00f3w 2018. ISBN 978-83-7624-110-4, s. 295\u2013312.<\/li>\n<li><em>Kilka uwag o inspiracji ikonografi\u0105 kart tarota w \u201eR\u0119kopisie znalezionym w\u00a0Saragossie\u201d Jana Potockiego<\/em>. W:\u00a0<em>O\u015bwiecenie nieo\u015bwiecone. Cz\u0142owiek, natura i\u00a0magia<\/em>. Red. D.\u00a0Kowalewska, A. Ro\u0107ko, F. Wola\u0144ski. Muzeum Pa\u0142acu Kr\u00f3la Jana III w Wilanowie. Warszawa 2018. ISBN 978-83-66104-05-1, s. 85\u201397.<\/li>\n<li><em>Figury melancholii w \u201eR\u0119kopisie znalezionym w Saragossie\u201d Jana Potockiego<\/em>. W:\u00a0<em>\u015awiaty melancholii. W 500-lecie \u201eMelencolii\u201d Albrechta D\u00fcrera (1514\u20132014)<\/em>. Red. M. Dybizba\u0144ski, A. Mazur. Wydawnictwo Uniwersytetu Opolskiego. Opole 2016. ISBN 978-83-7395-695-7, s. 377\u2013390.<\/li>\n<li><em>Teatr fantastyki w \u201eR\u0119kopisie znalezionym w Saragossie\u201d Jana Potockiego<\/em>. W:\u00a0<em>Od o\u015bwiecenia ku romantyzmowi i dalej. Autorz \u2013 dzie\u0142a \u2013 czytelnicy.\u00a0<\/em>Cz\u0119\u015b\u0107 6. Red. M.\u00a0Piechota, J. Ryba, M. Janoszka. Wydawnictwo Uniwersytetu \u015al\u0105skiego. Katowice 2016. ISBN 978-83-8012-868-2, s. 11\u201332.<\/li>\n<li><em>\u201eBeniowski\u201d we\u00a0krwi. O\u00a0kilku wymiarach symboliki \u201ecieczy osobliwej\u201d w\u00a0poemacie Juliusza\u00a0<\/em>S\u0142owackiego. W:\u00a0<em>Granice romantyzmu. Romantyzm bez\u00a0granic?.\u00a0<\/em>Piechota, M. Kalarus, O. Kalarus. Wydawnictwo Uniwersytetu \u015al\u0105skiego. Katowice 2014. ISBN 978-83-8012-301-1, s. 100\u2013115.<\/li>\n<li><em>O przypisach w\u00a0okoliczno\u015bciowych wierszach Stanis\u0142awa Trembeckiego<\/em>. W:\u00a0<em>Poezja okoliczno\u015bciowa lat 1730\u20131830\u00a0w\u00a0Polsce.\u00a0<\/em>2:\u00a0<em>W\u00a0kr\u0119gu spraw publicznych i\u00a0narodowych<\/em>. Red. M. Nalepa, G. Tro\u015bci\u0144ski, R. Magry\u015b. Wydawnictwo Uniwersytetu Rzeszowskiego. Rzesz\u00f3w 2014. ISBN 978-83-7338-962-5, s. 83\u201399.<\/li>\n<li><em>Dwie koncepcje ironii \u2013 Richard Rorty i\u00a0Friedrich Schlegel<\/em>. W:\u00a0<em>Dziedzictwo romantyczne. O\u00a0(nie)obecno\u015bci romantyzmu w\u00a0kulturze wsp\u00f3\u0142czesnej<\/em>. Red. M.\u00a0Piechota, M. Janoszka, O. Kalarus. Wydawnictwo Uniwersytetu \u015al\u0105skiego. Katowice 2013. ISBN 978-83-226-2188-2, s. 18\u201333.<\/li>\n<\/ul>\n<p>Prace redagowane<\/p>\n<ul>\n<li><em>Literatura i \u017cywio\u0142y<\/em>. Red. M. Janoszka, L. Nawarecka. Wydawnictwo Uniwersytetu \u015al\u0105skiego. Katowice 2021. ISBN 978-83-226-4152-1, ss. 400.<\/li>\n<li><em>Od o\u015bwiecenia ku romantyzmowi i dalej. Autorzy \u2013 dzie\u0142a \u2013 czytelnicy. Cz\u0119\u015b\u0107 6<\/em>. Red. M.\u00a0Piechota, J. Ryba, M. Janoszka. Wydawnictwo Uniwersytetu \u015al\u0105skiego. Katowice 2021. ISBN 978-83-8012-868-2, ss. 213.<\/li>\n<li><em>Od o\u015bwiecenia ku romantyzmowi i dalej. Autorzy \u2013 dzie\u0142a \u2013 czytelnicy. Cz\u0119\u015b\u0107 5<\/em>. Red. M.\u00a0Piechota, J. Ryba, przy wsp\u00f3\u0142udziale M. Janoszki. Wydawnictwo Uniwersytetu \u015al\u0105skiego. Katowice 2014. ISBN 978-83-8012-031-0, ss. 332.<\/li>\n<li><em>Dziedzictwo romantyczne. O (nie)obecno\u015bci romantyzmu w kulturze wsp\u00f3\u0142czesnej<\/em>. Red. M. Piechota, M. Janoszka, O. Kalarus. Wydawnictwo Uniwersytetu \u015al\u0105skiego. Katowice 2013. ISBN 978-83-226-2188-2, ss. 239.<\/li>\n<\/ul>\n<p>\n<\/div>\r\n                    <\/div>\r\n                <\/div>[\/vc_tta_section][vc_tta_section title=&#8221;ENGLISH&#8221; tab_id=&#8221;1696252715456-7a1c3c83-9fb3&#8243;]\r\n                <div class=\"text-modules\">\r\n                    <div class=\"container\">\r\n                        \r\n                        <div class=\"text-modules__content\"><p><strong>Maria Janoszka, PhD<\/strong><\/p>\n<p><strong>Ass<\/strong><strong>istant<\/strong><strong>\u00a0Professor in the Institute of Literary Studies<br \/>\n<\/strong><strong>Faculty of Humanities<\/strong><\/p>\n<p><a href=\"mailto:maria.janoszka@us.edu.pl\">maria.janoszka@us.edu.pl<\/a><\/p>\n<p>ORCID: 0000-0003-2353-7364<\/p>\n<p><a href=\"https:\/\/www.researchgate.net\/profile\/Maria_Janoszka\">https:\/\/www.researchgate.net\/profile\/Maria_Janoszka\u00a0<\/a><\/p>\n<p>I graduated from the University of Silesia in Polish philology (2010). I obtained my doctorate in humanities (specializing in literary studies) in 2016 based on the dissertation\u00a0<em>References to \u201cThe Manuscript Found in Saragossa\u201d by Jan Potocki in selected 20th-century novels<\/em><em>,\u00a0<\/em>written under the supervision of prof. dr hab. Janusz Ryba. My research interests are primarily the history of literature of the Enlightenment and Romantic period, the Enlightenment and Romantic tradition in contemporary literature, the work of Jan Potocki, comparative literary studies, the history of the novel, and the dynamics of changes in selected aesthetic categories (irony, grotesque, melancholy).<\/p>\n<p><strong>Research interests<\/strong>:<\/p>\n<p>Polish literature, Enlightenment, Romanticism, Jan Potocki<\/p>\n<p><strong>Recent publications (5):<\/strong><\/p>\n<ol>\n<li><em>Ekshibicje choroby w \u201eWyznaniach\u201d Jana Jakuba Rousseau\u00a0<\/em>[Disease exhibition in Jean-Jacques Rousseau\u2019s \u201cConfessions\u201d], [in:]\u00a0<em>Obraz choroby w\u00a0dyskursie kulturowym<\/em>, A. Ma\u0142ecka, J. D\u0119bicki (eds.), Wydawnictwa AGH, Krak\u00f3w 2019, pp. 39\u201354.<\/li>\n<li><em>Les figures de la m\u00e9lancolie dans le \u201eManuscrit trouv\u00e9 \u00e0 Saragosse\u201d\u00a0<\/em>[Melancholy figures in \u201cThe Manuscript Found in Saragossa\u201d], F. Rosset, Trans. [in:]\u00a0<em>Jean Potocki: le travail du temps.\u00a0<\/em><em>Autour d\u2019un bicentenaire<\/em>, Rosset, D.\u00a0Triaire (ed.), Presses universitaires de la M\u00e9diterran\u00e9e, Montpellier 2019, pp. 129\u2013145.<\/li>\n<li><em>\u017bywio\u0142y wody i powietrza w wybranych fragmentach genewskich Zygmunta Krasi\u0144skiego\u00a0<\/em>[The elements of water and air in selected Geneva fragments by Zygmunt Krasi\u0144ski], [in:]\u00a0<em>Krasi<\/em><em>\u0144ski. \u017bywio\u0142y kultury, \u017cywio\u0142y natury. Studia<\/em>, M. Burzka-Janik, J. \u0141awski (eds.), Wydawnictwo Temida 2, Bia\u0142ystok \u2013 Opole 2019, 197\u2013214.<\/li>\n<li><em>Kultura funeralna XVIII-wiecznej metropolii na podstawie \u201eObrazu Pary\u017ca\u201d\u00a0<\/em><em>Louisa-S\u00e9<\/em><em>bastiena Merciera i\u00a0<\/em><em>\u201eNocy paryskich\u201d Nicholasa R<\/em><em>\u00e9tifa de la Bretonne<\/em>\u00a0[Funeral culture in the 18th-century metropolis on the basis of Louis-S\u00e9bastien Mercier\u2019s \u201cLe Tableau do Paris\u201d and Nicholas R\u00e9tif de la Bretonne\u2019s \u201cLes Nuits de Paris\u201d], [in:]\u00a0<em>Dialog z tradycj\u0105,\u00a0<\/em>VII:\u00a0<em>Dawna i wsp\u00f3\u0142czesna kultura funeralna<\/em>, R. D\u017awigo\u0142, I. Steczko (eds.), Collegium Columbinum, Krak\u00f3w 2018, pp. 295\u2013312.<\/li>\n<li><em>R\u0119kopis znaleziony w Saragossie Jana Potockiego i wybrane powie\u015bci XX wieku (Fowles \u2013\u00a0<\/em><em>Rosendorfer\u00a0<\/em><em>\u2013 Gretkowska)\u00a0<\/em>[Jan Potocki\u2019s \u201cThe Manuscript Found in Saragossa\u201d and selected 20th-century novels (Fowles \u2013 Rosendorfer \u2013 Gretkowska)], Wydawnictwo Uniwersytetu \u015al\u0105skiego, Katowice 2018, 356 pages.<\/li>\n<\/ol>\n<p><strong>Academic outreach and engagement<\/strong><strong>\u00a0(3):<\/strong><\/p>\n<ol>\n<li>Co-organiser of the Symposium\u00a0<em>Kszta\u0142<\/em><em>ty S<\/em><em>\u0142owackiego<\/em>, organised by the Adam Mickiewicz Literary Society (13 January, 2020, Faculty of Humanities U\u015a, Katowice).<\/li>\n<li>Mentor of the Students\u2019 Romanticism Circle (2010\u20132013; 2017\u20132019).<\/li>\n<li>Collaboration with the Summer School of the Polish Language and Culture U\u015a (2015\u2013present).<\/li>\n<\/ol>\n<p>\n<\/div>\r\n                    <\/div>\r\n                <\/div>[\/vc_tta_section][\/vc_tta_tabs][\/vc_column][vc_column width=&#8221;1\/3&#8243;]\r\n                <div class=\"text-modules\">\r\n                    <div class=\"container\">\r\n                        \r\n                        <div class=\"text-modules__content\"><\/p>\n<p>&nbsp;<\/p>\n<p><img class=\"alignnone size-medium wp-image-153\" src=\"http:\/\/us.edu.pl\/instytut\/ipo\/wp-content\/uploads\/sites\/74\/Pracownicy\/MJanoszka-219x300.jpg\" alt=\"\" width=\"100%\" height=\"auto\" srcset=\"https:\/\/us.edu.pl\/instytut\/ipo\/wp-content\/uploads\/sites\/74\/Pracownicy\/MJanoszka-219x300.jpg 219w, https:\/\/us.edu.pl\/instytut\/ipo\/wp-content\/uploads\/sites\/74\/Pracownicy\/MJanoszka.jpg 400w\" sizes=\"(max-width: 219px) 100vw, 219px\" \/><\/p>\n<\/div>\r\n                    <\/div>\r\n                <\/div>[\/vc_column][\/vc_row]<\/p>","protected":false},"excerpt":{"rendered":"<p>[vc_row][vc_column][\/vc_column][\/vc_row][vc_row el_class=&#8221;container&#8221;][vc_column width=&#8221;2\/3&#8243;][vc_tta_tabs active_section=&#8221;1&#8243;][vc_tta_section title=&#8221;POLISH&#8221; tab_id=&#8221;1696245225773-eae4e9a1-2c7a&#8221;][\/vc_tta_section][vc_tta_section title=&#8221;ENGLISH&#8221; tab_id=&#8221;1696252715456-7a1c3c83-9fb3&#8243;][\/vc_tta_section][\/vc_tta_tabs][\/vc_column][vc_column width=&#8221;1\/3&#8243;][\/vc_column][\/vc_row] [&#8230;]<\/p>\n<p><a class=\"btn btn-secondary understrap-read-more-link\" href=\"https:\/\/us.edu.pl\/instytut\/ipo\/pracownicy\/maria-janoszka\/\">Read More&#8230;<\/a><\/p>\n","protected":false},"author":7254,"featured_media":0,"parent":84,"menu_order":0,"comment_status":"closed","ping_status":"closed","template":"","meta":{"_expiration-date-status":"","_expiration-date":0,"_expiration-date-type":"","_expiration-date-categories":[],"_expiration-date-options":[]},"acf":[],"_links":{"self":[{"href":"https:\/\/us.edu.pl\/instytut\/ipo\/wp-json\/wp\/v2\/pages\/152"}],"collection":[{"href":"https:\/\/us.edu.pl\/instytut\/ipo\/wp-json\/wp\/v2\/pages"}],"about":[{"href":"https:\/\/us.edu.pl\/instytut\/ipo\/wp-json\/wp\/v2\/types\/page"}],"author":[{"embeddable":true,"href":"https:\/\/us.edu.pl\/instytut\/ipo\/wp-json\/wp\/v2\/users\/7254"}],"replies":[{"embeddable":true,"href":"https:\/\/us.edu.pl\/instytut\/ipo\/wp-json\/wp\/v2\/comments?post=152"}],"version-history":[{"count":1,"href":"https:\/\/us.edu.pl\/instytut\/ipo\/wp-json\/wp\/v2\/pages\/152\/revisions"}],"predecessor-version":[{"id":154,"href":"https:\/\/us.edu.pl\/instytut\/ipo\/wp-json\/wp\/v2\/pages\/152\/revisions\/154"}],"up":[{"embeddable":true,"href":"https:\/\/us.edu.pl\/instytut\/ipo\/wp-json\/wp\/v2\/pages\/84"}],"wp:attachment":[{"href":"https:\/\/us.edu.pl\/instytut\/ipo\/wp-json\/wp\/v2\/media?parent=152"}],"curies":[{"name":"wp","href":"https:\/\/api.w.org\/{rel}","templated":true}]}}