{"id":184,"date":"2023-10-03T15:58:27","date_gmt":"2023-10-03T13:58:27","guid":{"rendered":"https:\/\/us.edu.pl\/instytut\/ipo\/?page_id=184"},"modified":"2023-10-05T16:16:10","modified_gmt":"2023-10-05T14:16:10","slug":"grazyna-maroszczuk","status":"publish","type":"page","link":"https:\/\/us.edu.pl\/instytut\/ipo\/pracownicy\/grazyna-maroszczuk\/","title":{"rendered":"Gra\u017cyna Maroszczuk"},"content":{"rendered":"<p>[vc_row][vc_column]\r\n                <div class=\"text-modules\">\r\n                    <div class=\"container\">\r\n                        \r\n                        <div class=\"text-modules__content\"><\/p>\n<h3><span style=\"color: #002e5a;\">Gra\u017cyna Maroszczuk<\/span><\/h3>\n<hr \/>\n<p>\n<\/div>\r\n                    <\/div>\r\n                <\/div>[\/vc_column][\/vc_row][vc_row el_class=&#8221;container&#8221;][vc_column width=&#8221;2\/3&#8243;][vc_tta_tabs active_section=&#8221;1&#8243;][vc_tta_section title=&#8221;POLISH&#8221; tab_id=&#8221;1696245225773-eae4e9a1-2c7a&#8221;]\r\n                <div class=\"text-modules\">\r\n                    <div class=\"container\">\r\n                        \r\n                        <div class=\"text-modules__content\"><p><strong>dr hab. Gra\u017cyna Maroszczuk, prof. U\u015a<\/strong><\/p>\n<p>Wydzia\u0142 Humanistyczny<\/p>\n<p>e-mail: <a href=\"mailto:grazyna.maroszczuk@us.edu.pl\">grazyna.maroszczuk@us.edu.pl<\/a><\/p>\n<p>ORCID: 0000-0001-8482-8523<\/p>\n<p><strong>Gra\u017cyna Maroszczuk<\/strong>, dr hab. prof. U\u015a\u00a0 na Wydziale Humanistycznym Uniwersytetu \u015al\u0105skiego. Obszar moich zainteresowa\u0144 badawczych wyznaczaj\u0105 historycznoliterackie i autobiograficzne zagadnienia wsp\u00f3\u0142czesnych tekst\u00f3w prozatorskich, eseistycznych i interlokucyjnych. W roku 2000. obroni\u0142am doktorat na podstawie dysertacji\u00a0<em>\u00a0Dyskurs i historie. O powie\u015bciach Andrzeja Szczypiorskiego<\/em>\u00a0(Katowice 2004). W 2013. roku uzyska\u0142am habilitacj\u0119 na podstawie ksi\u0105\u017cki \u00a0<em>\u015awiadectwa \u2013 rozmowy \u2013 kreacje. W kr\u0119gu tekst\u00f3w interlokucyjnych<\/em>\u00a0(Katowice 2012). Ostatnio ukaza\u0142a si\u0119 monografia\u00a0<em>Artykulacje traumy: Andrzej Strug, Tadeusz Konwick<\/em>i (Katowice 2021). Jestem autork\u0105 artyku\u0142\u00f3w i rozpraw w pracach zbiorowych, periodykach naukowych i literackich.<\/p>\n<p><strong>Prace awansowe<\/strong>:<\/p>\n<p>\u2013 2000 \u2013 doktorat:<\/p>\n<ol start=\"2004\">\n<li>Maroszczuk:\u00a0<em>Dyskurs i historie. O powie\u015bciach Andrzeja Szczypiorskiego.\u00a0<\/em>Wydawnictwo Gnome. Katowice 2004.<\/li>\n<\/ol>\n<p>\u2013 2013 \u2013 habilitacja:<\/p>\n<ol start=\"2012\">\n<li>Maroszczuk:\u00a0<em>\u015awiadectwa \u2013 rozmowy \u2013 kreacje. W kr\u0119gu wielkich tekst\u00f3w interlokucyjnych<\/em>. Oficyna Wydawnicza WW. Katowice 2012.<\/li>\n<\/ol>\n<p><strong>Monografie:<\/strong><\/p>\n<ul>\n<li>Maroszczuk:\u00a0<em>Dyskurs i historie. O powie\u015bciach Andrzeja Szczypiorskiego.<\/em>\u00a0Wydawnictwo Gnome. Katowice 2004.<\/li>\n<li>Maroszczuk<em>: \u015awiadectwa-rozmowy-kreacje. W kr\u0119gu wielkich tekst\u00f3w interlokucyjnych.\u00a0<\/em>Oficyna Wydawnicza WW. Katowice 2012.<\/li>\n<li>Maroszczuk:<em>\u00a0Artykulacje traumy: Andrzej Strug, Tadeusz Konwicki.<\/em>\u00a0Wydawnictwo Uniwersytetu \u015al\u0105skiego. Katowice 2021.<\/li>\n<\/ul>\n<p><strong>Redakcje:<\/strong><\/p>\n<ul>\n<li>Maroszczuk, Marian Kisiel:\u00a0<em>Proza polska XX wieku. Przegl\u0105dy i interpretacje.<\/em>\u00a0WU\u015a. Katowice 2005.<\/li>\n<li>Maroszczuk, J. Galuszka, A, N\u0119cka:\u00a0<em>Pisma Kulturalne w Polsce po1989 roku. Leksykon.\u00a0<\/em>Wydawnictwo \u015al\u0105sk<em>.\u00a0<\/em>Katowice 2010;<\/li>\n<li>Maroszczuk, E. Dutka:\u00a0<em>Proza polska XX wieku<\/em>. T. 3:<em>\u00a0Centrum i pogranicza. Przegl\u0105dy i interpretacje.\u00a0<\/em>WU\u015a. Katowice 2005;<\/li>\n<li>Maroszczuk, A. Szawerna-Dyrszka:\u00a0<em>Rzeczywisto\u015b\u0107 i zmy\u015blenie: \u015bwiaty przedstawione w literaturze i kulturze XIX-XXI wieku.<\/em>\u00a0WU\u015a. Katowice 2017.<\/li>\n<\/ul>\n<p><strong>Artyku\u0142y naukowe:<\/strong><\/p>\n<ul>\n<li>Maroszczuk:\u00a0<em>Idea domu i bezdomno\u015bci w liryce Ewy lipskiej. W: W pejza\u017cu ojczyzny i obczyzny. Studia i szkice o literaturze polskiej. Prace Naukowe WU\u015a nr 1201.<\/em>\u00a0Red. W. W\u00f3jcik. Katowice 1991.<\/li>\n<li>Maroszczuk:\u00a0<em>\u201dPod um\u00f3wionym jaworem\u201d \u2013 aluzja literacka w wierszu Marii Pawlikowskiej Laura i Filon. W: Analizy i interpretacje.\u00a0<\/em>WU\u015a Katowice 2000, s. 21-30;<\/li>\n<li>Maroszczuk:\u00a0<em>Dysputy teologiczne w Mszy za miasto Arras Andrzeja Szczypiorskiego. W: Godno\u015b\u0107 i styl.\u00a0<\/em>Red W. W\u00f3jcik. Katowice 2003. Wydawnictwo Uniwersytetu \u015al\u0105skiego, s. 219-230;<\/li>\n<li>Maroszczuk: \u201e<em>By\u0107 mo\u017ce trafi mi si\u0119 ciekawa rozmowa\u201d. Uwagi na marginesie dwuautorskich form autobiograficznych<\/em>. W:\u00a0<em>Dziennikarstwo w literaturze XX i XXI wieku<\/em>. Red. K. Wolny-Zmorzy\u0144ski. Wydawnictwo Poltex. Warszawa 2011, s. 102-114;<\/li>\n<li>Maroszczuk:\u00a0<em>\u201eSztuka to cz\u0142owiek, kt\u00f3ry si\u0119 organizuje\u201d \u2013 o rozmowach z Aleksandrem Watem. W:\u00a0<\/em><em>Literatura i ja postacie autobiografizmu w literaturze polskiej XX i XXI wieku<\/em>. Red. M. Kisiel. Oficyna Wydawnicza WW. Katowice 2007, s. 54-75;<\/li>\n<li>Maroszczuk:\u00a0<em>Staro\u015b\u0107 w przypisach autobiograficznych Aleksandra Wata. Egzystencjalne do\u015bwiadczenie staro\u015bci w literaturze<\/em>. Opole 2008.Wydawnictwo Uniwersytetu Opolskiego, s. 57-69.<\/li>\n<li>Maroszczuk:<em>\u00a0Bez znieczulenia. O trudnych relacjach rodzinnych. Kaja Malanowska Patrz na mnie Klaro<\/em>. \u201eTematy i Konteksty\u201d 2015, nr 5. Rzesz\u00f3w 2015;<\/li>\n<li>Maroszczuk:\u00a0<em>\u201eW okopach troch\u0119 tego trupa\u201d \u2013 intymne fragmenty do\u015bwiadczenia wojny w Odznace za wiern\u0105 s\u0142u\u017cb\u0119 Andrzeja Struga.<\/em>\u00a0W:\u00a0<em>Mi\u0119dzy pami\u0119ci\u0105 a projektem przysz\u0142o\u015bci. Do\u015bwiadczenie historii w literaturze polskiej lat 1914-1918<\/em>. Red. D. Kielak, J. Niewiarowska. Warszawa2016, s. 127-145;<\/li>\n<li>Maroszczuk:\u00a0<em>\u201eSpotkanie, kt\u00f3rego nie b\u0119dzie\u201d. Na wierzbach\u2026 nasze skrzypce Juliana Stryjkowskiego.<\/em>\u00a0W<em>: Literatura polska obu Ameryk. Studia i szkice<\/em>. Seria druga. Red. B. Sza\u0142asta-Rogowska, Katowice 2016, s. 155-169;<\/li>\n<li>Maroszczuk:\u00a0<em>\u201eB\u0105d\u017a nieust\u0119pliwy\u201d. Suplikacje w poetyckiej Modlitwie Wilhelma Szewczyka.<\/em>\u00a0W: \u015awiaty poetyckie Wilhelma Szewczyka. Red. M. Kisiel, K. Niesporek, Katowice 2016, s. 59-65;<\/li>\n<li>Maroszczuk:\u00a0<em>Wobec historii, wobec polsko\u015bci. Funkcje nawi\u0105za\u0144 historycznych w tw\u00f3rczo\u015bci dramatycznej pisarzy \u015bl\u0105skich XIX wieku (Jan Nikodem Jaro\u0144, Piotr Ko\u0142odziej, Karol Miarka, Julian Ligo\u0144)<\/em>. W:\u00a0<em>W teatrze dziej\u00f3w. Dramat historyczny ostatnich 150 lat.<\/em>\u00a0 Red. J. M. Olszewska, D. M. Osi\u0144ski. Warszawa 2016, Wydawnictwo Polonistyki Uniwersytetu Warszawskiego, s. 281-295;<\/li>\n<li>Maroszczuk:\u00a0<em>Przestrzenie samotno\u015bci. O szpitalnych smutkach Zygmunta \u0141awrynowicza.<\/em>\u00a0W: Str\u0105cony z rodzinnego gniazda wprost w kipiel epoki. Red. A. Jakubowska \u2013 O\u017c\u00f3g, J. Wolski, Rzesz\u00f3w 2017.Wydawnictwo Uniwersytetu Rzeszowskiego, s. 99-109;<\/li>\n<li>Maroszczuk:\u00a0<em>Wobec historii, wobec teatru. Poetyka i pragmatyka wywiad\u00f3w ksi\u0105\u017ckowych z Kazimierzem Braunem.<\/em>\u00a0W: Do\u015bwiadczenie \u2013 prze\u017cycie \u2013 kontemplacja. Pisarstwo Kazimierza Brauna. Red. J. Pasterska, B. Trygar. Rzesz\u00f3w 2017, Wydawnictwo Uniwersytetu Rzeszowskiego, s. 144-145;<\/li>\n<li>Maroszczuk<em>: Obrazy miasta<\/em>\u00a0w\u00a0<em>Pozw\u00f3l rzece p\u0142yn\u0105\u0107<\/em>\u00a0Micha\u0142a Cichego. Prolegomena. \u201eTematy i Konteksty\u201d 2018 nr 8, s. 174 \u2013 184;<\/li>\n<li>Maroszczuk, [ wsp\u00f3\u0142autorstwo M. Kokoszka]:\u00a0<em>\u201e\u2026do parku\u2026 do parku\u201d. Przyczynek do interpretacji pewnej sceny parkowej.\u00a0<\/em>W: \u201e\u015al\u0105skie Studia Polonistyczne\u201d 2018, nr 1.s. 147- 165;<\/li>\n<li>Maroszczuk<em>: Wszystko zaczyna si\u0119 od s\u0142\u00f3w [\u2026.]\u201d. Filip David i Mirko Kova\u010d: listy o wojnie w by\u0142ej Jugos\u0142awii.<\/em>\u00a0\u201eNarracje o Zag\u0142adzie\u201d 2020, nr 6, s. 292-306.<\/li>\n<li>Maroszczuk:\u00a0<em>Gustaw Herling \u2013 Grudzi\u0144ski:\u00a0<\/em><em>Mi\u0119dzy Wschodem a Zachodem.<\/em>\u00a0Praca zbiorowa pod redakcj\u0105 Grzegorza Przebindy, Bartosza Go\u0142\u0105bka, Wojciecha Grucha\u0142y. Wydawnictwo Humanistic Pigonianum. Karpacka Pa\u0144stwowa Uczelnia w Kro\u015bnie. \u201ePrzegl\u0105d Rusycystyczny\u201d 2022, nr 1.<\/li>\n<li>Maroszczuk:<em>\u00a0Rozmowy istotne \u201ewobec zgie\u0142ku spraw nieistotnych\u201d. Genologiczne rozwa\u017cania o ksi\u0105\u017cce Wies\u0142awa My\u015bliwskiego i Tomasza Boche\u0144skiego. Prolegomena<\/em>. W: Gatunki \u2013 znaki (swoich?) czas\u00f3w. \u201eTematy i Konteksty\u201d2022.<\/li>\n<\/ul>\n<p>\n<\/div>\r\n                    <\/div>\r\n                <\/div>[\/vc_tta_section][vc_tta_section title=&#8221;ENGLISH&#8221; tab_id=&#8221;1696252715456-7a1c3c83-9fb3&#8243;]\r\n                <div class=\"text-modules\">\r\n                    <div class=\"container\">\r\n                        \r\n                        <div class=\"text-modules__content\"><p><strong>Gra\u017cyna Maroszczuk, PhD, DLitt<\/strong><\/p>\n<p><strong>Ass<\/strong><strong>ociate<\/strong><strong>\u00a0Professor<\/strong><\/p>\n<p>e-mail: <a href=\"mailto:grazyna.maroszczuk@us.edu.pl\">grazyna.maroszczuk@us.edu.pl<\/a><\/p>\n<p>&nbsp;<\/p>\n<p>ORCID: 0000-0001-8482-8523<\/p>\n<p>&nbsp;<\/p>\n<p><strong>Research interests<\/strong>:<\/p>\n<p>Polish autobiographical prose after 1918, interlocutionary texts<\/p>\n<p><strong>Recent publications:<\/strong><\/p>\n<ol>\n<li><em>Obrazy miasta<\/em>\u00a0w\u00a0<em>Pozw<\/em><em>\u00f3<\/em><em>l rzece p\u0142yn\u0105\u0107<\/em>\u00a0Micha\u0142a Cichego. Prolegomena [City images in\u00a0<em>Let the river flow\u00a0<\/em>by Micha\u0142 Cichy]. \u201eTematy i Konteksty\u201d 2018 no. 8, pp. 174 \u2013 184.<\/li>\n<li><em>Bez znieczulenia. O trudnych relacjach rodzinnych. Kaja Malanowska Patrz na mnie Klaro\u00a0<\/em>[Without anaesthesia. On difficult family relations. Kaja Malanowska Look at me, Clara]. \u201cTematy i Konteksty\u201d 2015, no. 5. Rzesz\u00f3w 2015;<\/li>\n<li><em>Wobec historii, wobec teatru. Poetyka i pragmatyka wywiad<\/em><em>\u00f3<\/em><em>w ksi\u0105\u017ckowych z Kazimierzem Braunem\u00a0<\/em>[Considering history and theatre. The poetics and pragmatics of the book interviews with Kazimierz Braun]<em>.<\/em>\u00a0In: Do\u015bwiadczenie \u2013 prze\u017cycie \u2013 kontemplacja. Pisarstwo Kazimierza Brauna. J. Pasterska, B. Trygar (eds.). Rzesz. 2017, pp. 144-145.<\/li>\n<li><em>\u201e\u2026<\/em><em>do parku<\/em><em>\u2026\u00a0<\/em><em>do parku<\/em><em>\u201d. Przyczynek do interpretacji pewnej sceny parkowej\u00a0<\/em>[\u201c\u2026to the park\u2026to the park.\u201d A contribution to the interpretation of a certain park scene]<em>.\u00a0<\/em>In: \u201c\u015al\u0105skie Studia Polonistyczne\u201d 2018, no. 1, pp. 147- 165. [co-author \u2014 M. Kokoszka]<\/li>\n<li><em>\u015awiadectwa-rozmowy-kreacje. W kr\u0119gu wielkich tekst<\/em><em>\u00f3<\/em><em>w interlokucyjnych\u00a0<\/em>[Testimonies \u2014 talks \u2014 creations. In great interlocutionary texts]<em>.\u00a0<\/em>Katowice 2012.<\/li>\n<\/ol>\n<p><strong>Academic outreach and engagement<\/strong><strong>:<\/strong><\/p>\n<ol>\n<li>Dramaty zapomniane \u2013 niedoczytane \u2013 pomini\u0119te. (Re)interpretacje [Dramas, forgotten \u2014 unread \u2014 left out. (Re)interpretations]. Warszawa 3\u20134 April, 2017. Uniwersytet Warszawski.<\/li>\n<li>Maroszczuk: Dramat w pu\u0142apce polityki i ideologii.\u00a0<em>O Leninie\u00a0<\/em>Wac\u0142awa Grubi\u0144skiego [Drama in the trap of politics and ideology.\u00a0<em>About Lenin\u00a0<\/em>by Wac\u0142aw Grubi\u0144ski] [a presentation].<\/li>\n<li>Jeste\u015bmy wsz\u0119dzie i nigdzie. Tw\u00f3rczo\u015b\u0107 literacka, translatorska, krytycznoliteracka i naukowa Andrzeja Buszy [We are everywhere and nowhere. Literary, translatoric, literary-critical and academic works of Andrzej Busza]. Rzesz\u00f3w 3-4 November, 2016. Uniwersytet Rzeszowski.<\/li>\n<li>Maroszczuk:\u00a0<em>O pisaniu wierszy z ironicznym u\u015bmiechem ( \u201eO gro\u017abie wszechpolucji atramentem\u201d i \u201eNiedziela w supermarkecie\u201d)\u00a0<\/em>[On writing poems with an ironic smile (\u201cOn the threat of ink omnipollution\u201d and \u201cSunday in the supermarket\u201d ] [a presentation]<\/li>\n<\/ol>\n<p>\n<\/div>\r\n                    <\/div>\r\n                <\/div>[\/vc_tta_section][\/vc_tta_tabs][\/vc_column][vc_column width=&#8221;1\/3&#8243;]\r\n                <div class=\"text-modules\">\r\n                    <div class=\"container\">\r\n                        \r\n                        <div class=\"text-modules__content\"><\/p>\n<p>&nbsp;<\/p>\n<p><img class=\"alignnone wp-image-185 size-large\" src=\"http:\/\/us.edu.pl\/instytut\/ipo\/wp-content\/uploads\/sites\/74\/Pracownicy\/maroszczuk-773x1024.jpg\" alt=\"Gra\u017cyna Maroszczuk\" width=\"640\" height=\"848\" srcset=\"https:\/\/us.edu.pl\/instytut\/ipo\/wp-content\/uploads\/sites\/74\/Pracownicy\/maroszczuk-773x1024.jpg 773w, https:\/\/us.edu.pl\/instytut\/ipo\/wp-content\/uploads\/sites\/74\/Pracownicy\/maroszczuk-227x300.jpg 227w, https:\/\/us.edu.pl\/instytut\/ipo\/wp-content\/uploads\/sites\/74\/Pracownicy\/maroszczuk-768x1017.jpg 768w, https:\/\/us.edu.pl\/instytut\/ipo\/wp-content\/uploads\/sites\/74\/Pracownicy\/maroszczuk-1160x1536.jpg 1160w, https:\/\/us.edu.pl\/instytut\/ipo\/wp-content\/uploads\/sites\/74\/Pracownicy\/maroszczuk-1547x2048.jpg 1547w, https:\/\/us.edu.pl\/instytut\/ipo\/wp-content\/uploads\/sites\/74\/Pracownicy\/maroszczuk-434x575.jpg 434w, https:\/\/us.edu.pl\/instytut\/ipo\/wp-content\/uploads\/sites\/74\/Pracownicy\/maroszczuk-scaled.jpg 1933w\" sizes=\"(max-width: 640px) 100vw, 640px\" \/><\/p>\n<\/div>\r\n                    <\/div>\r\n                <\/div>[\/vc_column][\/vc_row]<\/p>","protected":false},"excerpt":{"rendered":"<p>[vc_row][vc_column][\/vc_column][\/vc_row][vc_row el_class=&#8221;container&#8221;][vc_column width=&#8221;2\/3&#8243;][vc_tta_tabs active_section=&#8221;1&#8243;][vc_tta_section title=&#8221;POLISH&#8221; tab_id=&#8221;1696245225773-eae4e9a1-2c7a&#8221;][\/vc_tta_section][vc_tta_section title=&#8221;ENGLISH&#8221; tab_id=&#8221;1696252715456-7a1c3c83-9fb3&#8243;][\/vc_tta_section][\/vc_tta_tabs][\/vc_column][vc_column width=&#8221;1\/3&#8243;][\/vc_column][\/vc_row] [&#8230;]<\/p>\n<p><a class=\"btn btn-secondary understrap-read-more-link\" href=\"https:\/\/us.edu.pl\/instytut\/ipo\/pracownicy\/grazyna-maroszczuk\/\">Read More&#8230;<\/a><\/p>\n","protected":false},"author":7254,"featured_media":0,"parent":84,"menu_order":0,"comment_status":"closed","ping_status":"closed","template":"","meta":{"_expiration-date-status":"","_expiration-date":0,"_expiration-date-type":"","_expiration-date-categories":[],"_expiration-date-options":[]},"acf":[],"_links":{"self":[{"href":"https:\/\/us.edu.pl\/instytut\/ipo\/wp-json\/wp\/v2\/pages\/184"}],"collection":[{"href":"https:\/\/us.edu.pl\/instytut\/ipo\/wp-json\/wp\/v2\/pages"}],"about":[{"href":"https:\/\/us.edu.pl\/instytut\/ipo\/wp-json\/wp\/v2\/types\/page"}],"author":[{"embeddable":true,"href":"https:\/\/us.edu.pl\/instytut\/ipo\/wp-json\/wp\/v2\/users\/7254"}],"replies":[{"embeddable":true,"href":"https:\/\/us.edu.pl\/instytut\/ipo\/wp-json\/wp\/v2\/comments?post=184"}],"version-history":[{"count":2,"href":"https:\/\/us.edu.pl\/instytut\/ipo\/wp-json\/wp\/v2\/pages\/184\/revisions"}],"predecessor-version":[{"id":219,"href":"https:\/\/us.edu.pl\/instytut\/ipo\/wp-json\/wp\/v2\/pages\/184\/revisions\/219"}],"up":[{"embeddable":true,"href":"https:\/\/us.edu.pl\/instytut\/ipo\/wp-json\/wp\/v2\/pages\/84"}],"wp:attachment":[{"href":"https:\/\/us.edu.pl\/instytut\/ipo\/wp-json\/wp\/v2\/media?parent=184"}],"curies":[{"name":"wp","href":"https:\/\/api.w.org\/{rel}","templated":true}]}}