{"id":200,"date":"2023-10-05T15:17:58","date_gmt":"2023-10-05T13:17:58","guid":{"rendered":"https:\/\/us.edu.pl\/instytut\/ipo\/?page_id=200"},"modified":"2024-03-14T13:16:20","modified_gmt":"2024-03-14T12:16:20","slug":"katarzyna-niesporek-klanowska","status":"publish","type":"page","link":"https:\/\/us.edu.pl\/instytut\/ipo\/pracownicy\/katarzyna-niesporek-klanowska\/","title":{"rendered":"Katarzyna Niesporek-Klanowska"},"content":{"rendered":"<p>[vc_row el_class=&#8221;container&#8221;][vc_column width=&#8221;2\/3&#8243;]\r\n                <div class=\"text-modules \">\r\n                    <div class=\"container\">\r\n                        <h3 class=\"section-title section-title_border-bottom\">Katarzyna Niesporek-Klanowska<\/h3> <h3 class=\"subtitle text-modules__subtitle\">e-mail: katarzyna.niesporek@us.edu.pl<\/h3>\r\n                        <div class=\"row m-0\">\r\n                            <div class=\"text-modules__content\">\r\n                                 \r\n                                <div class=\"mt-3\"><a href=\"https:\/\/orcid.org\/0000-0001-7103-9285\" class=\"link-button mr-3 \">ORCID<\/a><a href=\"https:\/\/www.researchgate.net\/profile\/Katarzyna-Niesporek\" class=\"link-button mr-3 \">ResearchGate<\/a><a href=\"https:\/\/scholar.google.pl\/citations?user=PxLiRZgAAAAJ&hl=pl\" class=\"link-button mr-3 \">GoogleScholar<\/a><\/div>\r\n                            <\/div>\r\n                            \r\n                            \r\n                        <\/div>\r\n                    <\/div>\r\n                <\/div>[vc_tta_tabs alignment=&#8221;right&#8221; active_section=&#8221;1&#8243;][vc_tta_section title=&#8221;POLISH&#8221; tab_id=&#8221;1696245225773-eae4e9a1-2c7a&#8221;]\r\n                <div class=\"text-modules\">\r\n                    <div class=\"container\">\r\n                        \r\n                        <div class=\"text-modules__content\"><p><strong>dr Katarzyna Niesporek-Klanowska <\/strong><\/p>\n<p>W kr\u0119gu moich zainteresowa\u0144 badawczych znajduje si\u0119 krajowa i emigracyjna poezja polska drugiej po\u0142owy XX wieku, literatura na G\u00f3rnym \u015al\u0105sku oraz tw\u00f3rczo\u015b\u0107 najnowsza. Artyku\u0142y naukowe i recenzje og\u0142asza\u0142am w tomach zbiorowych i czasopismach. Jestem sekretarzem Komisji Historycznoliterackiej PAN \u2013 oddzia\u0142 w Katowicach, czasopisma \u201eRana. Literatura \u2013 Do\u015bwiadczenie \u2013 To\u017csamo\u015b\u0107\u201d, Komitetu Okr\u0119gowego w Katowicach Olimpiady Literatury i J\u0119zyka Polskiego.<\/p>\n<p>Wykszta\u0142cenie: wy\u017csze<br \/>\nSpecjalno\u015b\u0107: nauczycielstwo, polonistyka, literaturoznawstwo<\/p>\n<p>Doktorat: 2017 \u2013\u00a0<em>Ha\u0142da. O \u015bl\u0105skiej wyobra\u017ani poetyckiej i symbolicznej<\/em><\/p>\n<p>&nbsp;<\/p>\n<p><strong>Monografie autorskie<\/strong><\/p>\n<hr \/>\n<ul>\n<li><em>Poezja, wyobra\u017ania, \u015al\u0105sk<\/em>. Katowice: Wydawnictwo Uniwersytetu \u015al\u0105skiego 2022. ISBN 978-83-226-4218-4, ss. 286.<\/li>\n<li><em>Ha\u0142da. O \u015bl\u0105skiej wyobra\u017ani symbolicznej<\/em>. Katowice:\u00a0 Wydawnictwo Uniwersytetu \u015al\u0105skiego 2019. ISBN 978-83-226-3603-9, ss. 320.<\/li>\n<li><em>Boskie, ludzkie<\/em>.\u00a0<em>Cztery studia o poetyckim do\u015bwiadczaniu Boga<\/em>. Katowice: Wydawnictwo Uniwersytetu \u015al\u0105skiego 2017. ISBN 978-83-226-3109-6, ss. 152.<\/li>\n<li><em>Eda. Szkice o wyobra\u017ani i poezji<\/em>. Katowice: Wydawnictwo Uniwersytetu \u015al\u0105skiego 2015. ISBN 978-83-8012-724-1, ss. 144.<\/li>\n<li><em>\u201eJa<\/em>\u201d \u015awietlickiego. Katowice: Wydawnictwo Uniwersytetu \u015al\u0105skiego 2014. ISBN 978-83-8012-266-6, ss. 160.<\/li>\n<\/ul>\n<p><strong>Prace wsp\u00f3\u0142redagowane<\/strong><\/p>\n<hr \/>\n<ul>\n<li><em>\u015awiaty poetyckie Genowefy Jakubowskiej-Fija\u0142kowskiej<\/em>. Red. J. Kisiel, K. Niesporek. Katowice: Wydawnictwo Naukowe \u201e\u015al\u0105sk\u201d 2021, ISBN 978-83-8183-067-6.<\/li>\n<li><em>\u015awiaty poetyckie Floriana \u015amiei<\/em>. Red. M. Kisiel, K. Niesporek. Katowice: Wydawnictwo Naukowe \u201e\u015al\u0105sk\u201d 2020, ISBN 978-83-8183-037-9.<\/li>\n<li><em>Pergamin wspomnie\u0144. Szkice o poezji Mariana Kisiela<\/em>. Red. E. Bartos, P. Majerski, K. Niesporek. Gda\u0144sk: S\u0142owo, obraz\/terytoria 2019, ISBN 978-83-7453-597-7.<\/li>\n<li><em>Literatura popularna<\/em>. T.3:\u00a0<em>Krymina\u0142<\/em>. Red. E. Bartos, K. Niesporek. Katowice: Wydawnictwo Uniwersytetu \u015al\u0105skiego 2019, ISBN 978-83-226-3540-7.<\/li>\n<li><em>\u015awiaty poetyckie Jerzego Lucjana Wo\u017aniaka<\/em>. Red. M. Kisiel, K. Niesporek. Katowice: Wydawnictwo Naukowe \u201e\u015al\u0105sk\u201d \u00a02019, ISBN 978-83-8183-010-2.<\/li>\n<li><em>\u015awiaty poetyckie Boles\u0142awa Lubosza<\/em>. Red. M. Kisiel, K. Niesporek. Katowice: Wydawnictwo Naukowe \u201e\u015al\u0105sk\u201d\u00a0 2018, ISBN 978-83-7164-458-0.<\/li>\n<li><em>\u015awiaty poetyckie ks. Jerzego Szymika<\/em>. Red. M. Kisiel, K. Niesporek, T. Sierny. Katowice: Wydawnictwo Naukowe \u201e\u015al\u0105sk\u201d \u00a02018, ISBN 978-83-7164-982-0.<\/li>\n<li><em>\u015awiaty poetyckie Wilhelma Szewczyka<\/em>. Red. M. Kisiel, K. Niesporek. \u00a0Katowice: Wydawnictwo Naukowe \u201e\u015al\u0105sk\u201d \u00a02016, ISBN 978-830-7164-919-6.<\/li>\n<li><em>Literatura popularna<\/em>. T.2:\u00a0<em>Fantastyczne kreacje \u015bwiat\u00f3w<\/em>. Red. E. Bartos, D. Chwolik, P. Majerski, K. Niesporek. Katowice: Wydawnictwo Uniwersytetu \u015al\u0105skiego 2014, ISBN 978-83-8012-298-7.<\/li>\n<\/ul>\n<p><strong>Artyku\u0142y w czasopismach punktowanych<\/strong><\/p>\n<hr \/>\n<ul>\n<li><em>Zag\u0142ada zwierz\u0105t i ludzi. Lektura \u201ePoematu o miejskiej rze\u017ani\u201d Tadeusza \u015aliwiaka<\/em>. \u201ePor\u00f3wnania\u201d 2021, nr 29, s. 167\u2013187.<\/li>\n<li><em>Natura i ludzie. O ekologicznej wyobra\u017ani Tadeusza \u015aliwiaka<\/em>. \u201eForum Poetyki\u201d 2021, nr 24, s. 194\u2013209.<\/li>\n<li><em>Miejsce jako rana. Lw\u00f3w Tadeusza \u015aliwiaka<\/em>. \u201eStudia Filologiczne UJK\u201d 2021, t. 34, s. 243\u2013261. \u2013 40 p.<\/li>\n<li><em>Miejsce (nie)powrotu. O wyobra\u017ani i poezji Jana Darowskiego<\/em>. \u201eTematy i Konteksty\u201d 2020, nr 10, s. 255\u2013271.<\/li>\n<li><em>Ojczyzn\u0105 Homera jest b\u00f3l. Wok\u00f3\u0142 trzech \u201eOdysei\u201d<\/em>\u00a0<em>J\u00f3zefa Wittlina<\/em>. \u201eScripta Classica\u201d 2020, nr 17, s. 117\u2013134.<\/li>\n<\/ul>\n<p><strong>Rozdzia\u0142y w monografiach (wyb\u00f3r)<\/strong><\/p>\n<hr \/>\n<ul>\n<li><em>Czarne miasto. O \u015bl\u0105skim wierszu Tadeusza R\u00f3\u017cewicza<\/em>. W:\u00a0<em>Ustanowione przez poet\u0119. Szkice w stulecie urodzin Tadeusza R\u00f3\u017cewicza<\/em>. Krak\u00f3w 2021, s. 193\u2013207.<\/li>\n<li><em>Cisza ogrodu. O jednym wierszu Bogdana Czaykowskiego<\/em>. W:\u00a0<em>Kontynenty<\/em>. T. 2:\u00a0<em>Studia i szkice o tw\u00f3rczo\u015bci Bogdana Czaykowskiego<\/em>. Red. M. Rabizo-Birek, B. Sza\u0142asta-Rogowska. Katowice 2021, s. 219\u2013236.<\/li>\n<li><em>Ci\u0119cia, blizny, stygmaty, otwarte rany. O poezji Genowefy Jakubowskiej-Fija\u0142kowskiej<\/em>. W:\u00a0<em>\u015awiaty poetyckie Genowefy Jakubowskiej-Fija\u0142kowskiej.<\/em>\u00a0Red. J. Kisiel, K. Niesporek. Katowice 2021, s. 37\u201352.<\/li>\n<li><em>M\u00f3j czarny dom. O jednym wierszu Stanis\u0142awa Horaka<\/em>. W:\u00a0<em>\u015awiaty poetyckie Stanis\u0142awa Horaka<\/em>. Red. E. Bartos, M. Kisiel. Katowice 2021, s. 172\u2013188.<\/li>\n<li><em>Sacrum ziemi. Pie\u015b\u0144 o \u015al\u0105sku Emila Zegad\u0142owicza<\/em>\u00a0. W:\u00a0<em>Okolice Zegad\u0142owicza<\/em>. Krak\u00f3w 2022, s. 97\u2013109.<\/li>\n<li><em>Stabat Mater. O jednym wierszu J\u00f3zefa Wittlina<\/em>. W:\u00a0<em>Janowe. Teksty i konteksty<\/em>. Red. I. Gralewicz-Wolny, J. Kisiel, B. Mytych-Forajter. Katowice 2020, s. 81\u201392.<\/li>\n<li><em>Towarzysze modlitwy. Wiersze anielskie Jerzego Lieberta<\/em>. W:\u00a0<em>Jerzy Liebert. Lektury<\/em>. Red. J. Kisiel, E. Wr\u00f3bel. Katowice 2020, s. 89\u2013115.<\/li>\n<li><em>\u015al\u0105sk utracony<\/em>.\u00a0<em>O poezji Floriana \u015amiei<\/em>. W.\u00a0<em>Nar\u00f3d i regiony. Tradycje regionalizmu literackiego w perspektywie nowoczesno\u015bci (XIX\u2013XXI wiek)<\/em>. Red. D. Zawadzka, K. Sawicka-Mierzy\u0144ska, M. Radecka. Krak\u00f3w 2020, s. 305\u2013325.<\/li>\n<li><em>Gdzie jest las<\/em>.\u00a0<em>O wyobra\u017ani poetyckiej Zwi\u0105zku zgody Feliksa Netza<\/em>. W:\u00a0<em>Historia \u2013 biografia \u2013 literatura. Studia i szkice o literaturze polskiej XX i XXI wieku<\/em>. Red. E. Dutka, M. Kisiel. Katowice 2019, s. 181\u2013198.<\/li>\n<li><em>Ha\u0142da w Aberfan. O \u201eMa\u0142ej apokalipsie\u201d Andrzeja Buszy.<\/em>\u00a0W: Kontynenty. T.1.:\u00a0<em>Studia i szkice o tw\u00f3rczo\u015bci Andrzeja Buszy<\/em>. Red. M. Kisiel, J. Pasterski. Katowice 2019, s. 271\u2013283.<\/li>\n<li><em>Hymn o odczuwaniu i cierpieniu.<\/em>\u00a0\u201eB\u00f3l drzewa\u201d J\u00f3zefa Wittlina. W:\u00a0<em>Obrazy Boga w literaturze od pierwszej do drugiej wojny \u015bwiatowej<\/em>. Bielsko-Bia\u0142a 2019, s. 149\u2013170.<\/li>\n<\/ul>\n<p>\n<\/div>\r\n                    <\/div>\r\n                <\/div>[\/vc_tta_section][vc_tta_section title=&#8221;ENGLISH&#8221; tab_id=&#8221;1696252715456-7a1c3c83-9fb3&#8243;]\r\n                <div class=\"text-modules\">\r\n                    <div class=\"container\">\r\n                        \r\n                        <div class=\"text-modules__content\"><p><strong>Katarzyna Niesporek-Klanowska, PhD<\/strong><\/p>\n<p><strong>Assistant Professor<\/strong><\/p>\n<p>&nbsp;<\/p>\n<p><strong>Research interests:<\/strong><\/p>\n<hr \/>\n<p>Polish poetry in the second half of the 20th century home and abroad, contemporary literary culture in Upper Silesia, new regionalism,\u00a0<em>sacrum<\/em>\u00a0in literature, borderline\/variant phenomena in literature<\/p>\n<p><strong>Selected books:<\/strong><\/p>\n<hr \/>\n<ul>\n<li><em>Ha\u0142da. O \u015bl\u0105skiej wyobra\u017ani symbolicznej\u00a0<\/em>[A slag heap. On Silesian symbolic imagination]. Wydawnictwo Uniwersytetu \u015al\u0105skiego. Katowice 2019. ISBN: 978-83-226-3603-9, 320 pages.<\/li>\n<li><em>Boskie, ludzkie. Cztery studia o poetyckim do\u015bwiadczaniu Boga\u00a0<\/em>[The divine, the human. Four studies of the poetic experience of God]. Wydawnictwo Uniwersytetu \u015al\u0105skiego. Katowice 2017. ISBN: 978-83-226-3109-6, 152 pages.<\/li>\n<li><em>Szkice o wyobra\u017ani i poezji\u00a0<\/em>[Eda. Essays on imagination and poetry]. Wydawnictwo Uniwersytetu \u015al\u0105skiego. Katowice 2015. ISBN: 978-83-8012-724-1, 144 pages.<\/li>\n<li><em>\u201eJa\u201d \u015awietlickiego\u00a0<\/em>[The \u201cself\u201d of \u015awietlicki]. Wydawnictwo Uniwersytetu \u015al\u0105skiego. Katowice 2014. ISBN: 978-83-8012-266-6, 160 pages.<\/li>\n<\/ul>\n<p><strong>Selected papers:<\/strong><\/p>\n<hr \/>\n<ul>\n<li><em>Miejsce (nie)powrotu. O wyobra\u017ani i poezji Jana Darowskiego\u00a0<\/em>[The place of (non)return. On Jan Darowski\u2019s imagination and poetry ]. \u201cTematy i Konteksty\u201d 2020, no. 10, pp. 255\u2013271. ISSN<\/li>\n<\/ul>\n<p><strong>Academic outreach and engagement:<\/strong><\/p>\n<hr \/>\n<ul>\n<li>Since 2020 \u2013 secretary of the journal \u201cRana. Literatura \u2013 Do\u015bwiadczenie \u2013 To\u017csamo\u015b\u0107\u201d;<\/li>\n<li>2019\u2014present \u2013 secretary of the PAN Historic-Literary Commission (the Katowice Section);<\/li>\n<li>2014\u2014present \u2013 secretary of the District Committee of the Polish Language and Literature Competition.<\/li>\n<\/ul>\n<p>\n<\/div>\r\n                    <\/div>\r\n                <\/div>[\/vc_tta_section][\/vc_tta_tabs][\/vc_column][vc_column width=&#8221;1\/3&#8243;]\r\n                <div class=\"text-modules\">\r\n                    <div class=\"container\">\r\n                        \r\n                        <div class=\"text-modules__content\"><\/p>\n<p>&nbsp;<\/p>\n<p><img class=\"alignnone wp-image-201 size-full\" src=\"http:\/\/us.edu.pl\/instytut\/ipo\/wp-content\/uploads\/sites\/74\/Pracownicy\/Katarzyna-Niesporek_zdjecie-768x692-1.jpg\" alt=\"Katarzyna Niesporek-Klanowska\" width=\"100%\" height=\"auto\" srcset=\"https:\/\/us.edu.pl\/instytut\/ipo\/wp-content\/uploads\/sites\/74\/Pracownicy\/Katarzyna-Niesporek_zdjecie-768x692-1.jpg 768w, https:\/\/us.edu.pl\/instytut\/ipo\/wp-content\/uploads\/sites\/74\/Pracownicy\/Katarzyna-Niesporek_zdjecie-768x692-1-300x270.jpg 300w, https:\/\/us.edu.pl\/instytut\/ipo\/wp-content\/uploads\/sites\/74\/Pracownicy\/Katarzyna-Niesporek_zdjecie-768x692-1-575x518.jpg 575w\" sizes=\"(max-width: 768px) 100vw, 768px\" \/><\/p>\n<\/div>\r\n                    <\/div>\r\n                <\/div>[\/vc_column][\/vc_row][vc_row el_class=&#8221;container&#8221;][vc_column width=&#8221;2\/3&#8243;][\/vc_column][vc_column width=&#8221;1\/3&#8243;][\/vc_column][\/vc_row]<\/p>","protected":false},"excerpt":{"rendered":"<p>[vc_row el_class=&#8221;container&#8221;][vc_column width=&#8221;2\/3&#8243;][vc_tta_tabs alignment=&#8221;right&#8221; active_section=&#8221;1&#8243;][vc_tta_section title=&#8221;POLISH&#8221; tab_id=&#8221;1696245225773-eae4e9a1-2c7a&#8221;][\/vc_tta_section][vc_tta_section title=&#8221;ENGLISH&#8221; tab_id=&#8221;1696252715456-7a1c3c83-9fb3&#8243;][\/vc_tta_section][\/vc_tta_tabs][\/vc_column][vc_column width=&#8221;1\/3&#8243;][\/vc_column][\/vc_row][vc_row el_class=&#8221;container&#8221;][vc_column width=&#8221;2\/3&#8243;][\/vc_column][vc_column width=&#8221;1\/3&#8243;][\/vc_column][\/vc_row] [&#8230;]<\/p>\n<p><a class=\"btn btn-secondary understrap-read-more-link\" href=\"https:\/\/us.edu.pl\/instytut\/ipo\/pracownicy\/katarzyna-niesporek-klanowska\/\">Read More&#8230;<\/a><\/p>\n","protected":false},"author":7254,"featured_media":0,"parent":84,"menu_order":0,"comment_status":"closed","ping_status":"closed","template":"","meta":{"_expiration-date-status":"","_expiration-date":0,"_expiration-date-type":"","_expiration-date-categories":[],"_expiration-date-options":[]},"acf":[],"_links":{"self":[{"href":"https:\/\/us.edu.pl\/instytut\/ipo\/wp-json\/wp\/v2\/pages\/200"}],"collection":[{"href":"https:\/\/us.edu.pl\/instytut\/ipo\/wp-json\/wp\/v2\/pages"}],"about":[{"href":"https:\/\/us.edu.pl\/instytut\/ipo\/wp-json\/wp\/v2\/types\/page"}],"author":[{"embeddable":true,"href":"https:\/\/us.edu.pl\/instytut\/ipo\/wp-json\/wp\/v2\/users\/7254"}],"replies":[{"embeddable":true,"href":"https:\/\/us.edu.pl\/instytut\/ipo\/wp-json\/wp\/v2\/comments?post=200"}],"version-history":[{"count":7,"href":"https:\/\/us.edu.pl\/instytut\/ipo\/wp-json\/wp\/v2\/pages\/200\/revisions"}],"predecessor-version":[{"id":533,"href":"https:\/\/us.edu.pl\/instytut\/ipo\/wp-json\/wp\/v2\/pages\/200\/revisions\/533"}],"up":[{"embeddable":true,"href":"https:\/\/us.edu.pl\/instytut\/ipo\/wp-json\/wp\/v2\/pages\/84"}],"wp:attachment":[{"href":"https:\/\/us.edu.pl\/instytut\/ipo\/wp-json\/wp\/v2\/media?parent=200"}],"curies":[{"name":"wp","href":"https:\/\/api.w.org\/{rel}","templated":true}]}}