{"id":228,"date":"2023-10-06T11:19:47","date_gmt":"2023-10-06T09:19:47","guid":{"rendered":"https:\/\/us.edu.pl\/instytut\/ipo\/?page_id=228"},"modified":"2023-10-06T11:21:54","modified_gmt":"2023-10-06T09:21:54","slug":"grzegorz-olszanski","status":"publish","type":"page","link":"https:\/\/us.edu.pl\/instytut\/ipo\/pracownicy\/grzegorz-olszanski\/","title":{"rendered":"Grzegorz Olsza\u0144ski"},"content":{"rendered":"<p>[vc_row][vc_column]\r\n                <div class=\"text-modules\">\r\n                    <div class=\"container\">\r\n                        \r\n                        <div class=\"text-modules__content\"><\/p>\n<h3><span style=\"color: #002e5a;\">Grzegorz Olsza\u0144ski<\/span><\/h3>\n<hr \/>\n<p>\n<\/div>\r\n                    <\/div>\r\n                <\/div>[\/vc_column][\/vc_row][vc_row el_class=&#8221;container&#8221;][vc_column width=&#8221;2\/3&#8243;][vc_tta_tabs active_section=&#8221;1&#8243;][vc_tta_section title=&#8221;POLISH&#8221; tab_id=&#8221;1696245225773-eae4e9a1-2c7a&#8221;]\r\n                <div class=\"text-modules\">\r\n                    <div class=\"container\">\r\n                        \r\n                        <div class=\"text-modules__content\"><\/p>\n<p class=\"western\"><strong>dr hab. Grzegorz Olsza\u0144ski, prof. U\u015a<\/strong>\u00a0\u2013 historyk literatury, wsp\u00f3\u0142tw\u00f3rca pierwszego w Polsce akademickiego kierunku studi\u00f3w adresowanego do os\u00f3b chc\u0105cych w przysz\u0142o\u015bci zajmowa\u0107 si\u0119 tworzeniem tekst\u00f3w literackich (sztuka pisania). W 1999 roku wyda\u0142 debiutancki zbi\u00f3r wierszy\u00a0<em>Tamagotchi w\u00a0pustym mieszkaniu<\/em>, za\u00a0kt\u00f3ry otrzyma\u0142 Nagrod\u0119 im. Kazimiery I\u0142\u0142akowicz\u00f3wny. W\u00a02002 roku zosta\u0142 stypendyst\u0105 tygodnika \u201ePolityka\u201d. Jest autorem ksi\u0105\u017cki po\u015bwi\u0119conej motywowi \u015bmierci w liryce Ewy Lipskiej (<em>\u015amier\u0107 udomowiona<\/em>), zbioru esej\u00f3w po\u015bwi\u0119conych literaturze (<i>Apelacje. Szkice o literaturze i przygodach jej tw\u00f3rc\u00f3w<\/i>) oraz monografii dotycz\u0105cej do\u015bwiadczenia staro\u015bci w literaturze (<em>Wiek m\u0119ski: epopeja rozk\u0142adu. Studia o\u00a0motywach senilnych w\u00a0poezji polskiej po\u00a01989 roku<\/em>). Wraz z Dariuszem Pawelcem i Monik\u0105 \u0141ado\u0144 wsp\u00f3\u0142autor serii\u00a0<i>Zamieranie<\/i>\u00a0(ukaza\u0142o si\u0119 sze\u015b\u0107 tom\u00f3w). W\u00a02013 roku zbi\u00f3r wierszy\u00a0<em>Starzy nieznajomi<\/em>\u00a0zosta\u0142 nominowany do Wroc\u0142awskiej Nagrody Poetyckiej \u201eSilesius\u201d w kategorii \u201eKsi\u0105\u017cka roku\u201d. Jest szefem dzia\u0142u Muzyka w kwartalniku \u201eOpcje\u201d. Zainteresowania badawcze: sztuka interpretacji, najnowsza poezja, zwi\u0105zki literatury z muzyk\u0105 i fotografi\u0105.<\/p>\n<p class=\"western\"><b>Najwa\u017cniejsze publikacje:<\/b><\/p>\n<hr \/>\n<p class=\"western\">Ksi\u0105\u017cki:<\/p>\n<ol>\n<li class=\"western\"><i>\u015amier\u0107 Udomowiona. Szkice o\u00a0wyobra\u017ani poetyckiej Ewy Lipskiej<\/i>. Wydawnictwo Uniwersytetu \u015al\u0105skiego. Katowice 2006, ISBN: 83-226-1512-6, ss. 204.<\/li>\n<li class=\"western\">S<i>zkice o\u00a0literaturze i\u00a0przygodach jej tw\u00f3rc\u00f3w<\/i>. Instytut Miko\u0142owski. Miko\u0142\u00f3w 2012, ISBN: 978-83-60949-66-5, ss. 179.<\/li>\n<li class=\"western\"><i>Wiek m\u0119ski: epopeja rozk\u0142adu. Motywy senilne w\u00a0poezji polskiej po\u00a01989\u00a0roku (Marcin \u015awietlicki, Jacek Podsiad\u0142o i\u00a0inni poeci)<\/i>. Wydawnictwo Uniwersytetu \u015al\u0105skiego. Katowice 2015, ISBN: 978-83-8012-631-2, ss. 328.<\/li>\n<\/ol>\n<p class=\"western\">Ksi\u0105\u017cki pod redakcj\u0105 (wyb\u00f3r):<\/p>\n<ol>\n<li class=\"western\"><i>Zamieranie prozy<\/i>. Red. M. \u0141ado\u0144, G. Olsza\u0144ski. Stowarzyszenie Inicjatyw Wydawniczych. Katowice 2011, ISBN: 978-83-930774-2-7, ss. 167.<\/li>\n<li class=\"western\"><i>Zamieranie fikcji<\/i>. Red. M. \u0141ado\u0144, G. Olsza\u0144ski. Stowarzyszenie Inicjatyw Wydawniczych. Katowice 2014, ISBN: 978-83-64844-00-3, ss. 274.<\/li>\n<li class=\"western\"><i>Zamieranie gatunku<\/i>. Red. M. \u0141ado\u0144, G. Olsza\u0144ski. Stowarzyszenie Inicjatyw Wydawniczych. Katowice 2015, 978-83-64844-1, 2-6, ss. 251.<\/li>\n<\/ol>\n<p class=\"western\">Edycja krytyczna:<\/p>\n<ol>\n<li>\n<p class=\"western\"><i>Stefan Szymutko: Po\u00a0co literatura jeszcze jest? Pisma rozproszone<\/i>. Red. M. Jochemczyk, G. Olsza\u0144ski. Wydawnictwo Uniwersytetu \u015al\u0105skiego. Katowice 2013, ISBN: 978-83-226-2249-0, ss. 277.<\/p>\n<\/li>\n<\/ol>\n<p class=\"western\">Artyku\u0142y (wyb\u00f3r):<\/p>\n<ol>\n<li class=\"western\"><i>Trup, kt\u00f3ry\u00a0m\u00f3wi<\/i>. W:\u00a0<i>Mistrz \u015bwiata. Szkice o\u00a0tw\u00f3rczo\u015bci Marcina \u015awietlickiego.<\/i>\u00a0Red. P.\u00a0\u015aliwi\u0144ski. Wydawnictwo Wojew\u00f3dzkiej Biblioteki Publicznej i\u00a0Centrum Animacji Kultury. Pozna\u0144 2012, s. 64\u201382.<\/li>\n<li class=\"western\"><i>Pi\u0119kny i\u00a0bestia. Rzecz o\u00a0\u015bladach, jakie Niewidzialna R\u0119ka Rynku pozostawi\u0142a na\u00a0wizerunku Pisarza<\/i>. W:\u00a0<i>Potwory. Hybrydy. Mutanty<\/i>. Red. R. Kozio\u0142ek, M. Marcela, O. Knapek, J. So\u0107ko. Wydawnictwo FA-art. Katowice 2012, s. 347\u2013361.<\/li>\n<li class=\"western\"><i>Apelacja (wok\u00f3\u0142 \u201eWyroku\u201d Franza Kafki)<\/i>. \u201eLiteratura na\u00a0\u015awiecie\u201d 2012, nr\u00a07\u20138, s. 17\u201377.<\/li>\n<li class=\"western\"><i>Negatywy pozytyw\u00f3w, czyli rzecz o\u00a0fotografiach pisarzy<\/i>. \u201ePami\u0119tnik Literacki\u201d 2013, nr\u00a01, s. 135\u2013164.<\/li>\n<\/ol>\n<p>\n<\/div>\r\n                    <\/div>\r\n                <\/div>[\/vc_tta_section][\/vc_tta_tabs][\/vc_column][vc_column width=&#8221;1\/3&#8243;]\r\n                <div class=\"text-modules\">\r\n                    <div class=\"container\">\r\n                        \r\n                        <div class=\"text-modules__content\"><\/p>\n<p>&nbsp;<\/p>\n<p><img class=\"alignnone wp-image-229 size-full\" src=\"http:\/\/us.edu.pl\/instytut\/ipo\/wp-content\/uploads\/sites\/74\/Pracownicy\/prof.-Olszanski.jpg\" alt=\"Grzegorz Olsza\u0144ski\" width=\"100%\" height=\"auto\" srcset=\"https:\/\/us.edu.pl\/instytut\/ipo\/wp-content\/uploads\/sites\/74\/Pracownicy\/prof.-Olszanski.jpg 640w, https:\/\/us.edu.pl\/instytut\/ipo\/wp-content\/uploads\/sites\/74\/Pracownicy\/prof.-Olszanski-240x300.jpg 240w, https:\/\/us.edu.pl\/instytut\/ipo\/wp-content\/uploads\/sites\/74\/Pracownicy\/prof.-Olszanski-460x575.jpg 460w\" sizes=\"(max-width: 640px) 100vw, 640px\" \/><\/p>\n<\/div>\r\n                    <\/div>\r\n                <\/div>[\/vc_column][\/vc_row]<\/p>","protected":false},"excerpt":{"rendered":"<p>[vc_row][vc_column][\/vc_column][\/vc_row][vc_row el_class=&#8221;container&#8221;][vc_column width=&#8221;2\/3&#8243;][vc_tta_tabs active_section=&#8221;1&#8243;][vc_tta_section title=&#8221;POLISH&#8221; tab_id=&#8221;1696245225773-eae4e9a1-2c7a&#8221;][\/vc_tta_section][\/vc_tta_tabs][\/vc_column][vc_column width=&#8221;1\/3&#8243;][\/vc_column][\/vc_row] [&#8230;]<\/p>\n<p><a class=\"btn btn-secondary understrap-read-more-link\" href=\"https:\/\/us.edu.pl\/instytut\/ipo\/pracownicy\/grzegorz-olszanski\/\">Read More&#8230;<\/a><\/p>\n","protected":false},"author":7254,"featured_media":0,"parent":84,"menu_order":0,"comment_status":"closed","ping_status":"closed","template":"","meta":{"_expiration-date-status":"","_expiration-date":0,"_expiration-date-type":"","_expiration-date-categories":[],"_expiration-date-options":[]},"acf":[],"_links":{"self":[{"href":"https:\/\/us.edu.pl\/instytut\/ipo\/wp-json\/wp\/v2\/pages\/228"}],"collection":[{"href":"https:\/\/us.edu.pl\/instytut\/ipo\/wp-json\/wp\/v2\/pages"}],"about":[{"href":"https:\/\/us.edu.pl\/instytut\/ipo\/wp-json\/wp\/v2\/types\/page"}],"author":[{"embeddable":true,"href":"https:\/\/us.edu.pl\/instytut\/ipo\/wp-json\/wp\/v2\/users\/7254"}],"replies":[{"embeddable":true,"href":"https:\/\/us.edu.pl\/instytut\/ipo\/wp-json\/wp\/v2\/comments?post=228"}],"version-history":[{"count":3,"href":"https:\/\/us.edu.pl\/instytut\/ipo\/wp-json\/wp\/v2\/pages\/228\/revisions"}],"predecessor-version":[{"id":233,"href":"https:\/\/us.edu.pl\/instytut\/ipo\/wp-json\/wp\/v2\/pages\/228\/revisions\/233"}],"up":[{"embeddable":true,"href":"https:\/\/us.edu.pl\/instytut\/ipo\/wp-json\/wp\/v2\/pages\/84"}],"wp:attachment":[{"href":"https:\/\/us.edu.pl\/instytut\/ipo\/wp-json\/wp\/v2\/media?parent=228"}],"curies":[{"name":"wp","href":"https:\/\/api.w.org\/{rel}","templated":true}]}}