{"id":245,"date":"2023-10-06T13:49:35","date_gmt":"2023-10-06T11:49:35","guid":{"rendered":"https:\/\/us.edu.pl\/instytut\/ipo\/?page_id=245"},"modified":"2024-03-14T13:20:05","modified_gmt":"2024-03-14T12:20:05","slug":"magdalena-piekara","status":"publish","type":"page","link":"https:\/\/us.edu.pl\/instytut\/ipo\/pracownicy\/magdalena-piekara\/","title":{"rendered":"Magdalena Piekara"},"content":{"rendered":"<p>[vc_row][vc_column]\r\n                <div class=\"text-modules\">\r\n                    <div class=\"container\">\r\n                        \r\n                        <div class=\"text-modules__content\"><\/p>\n<h3><span style=\"color: #002e5a;\">Magdalena Piekara<\/span><\/h3>\n<hr \/>\n<p>\n<\/div>\r\n                    <\/div>\r\n                <\/div>[\/vc_column][\/vc_row][vc_row el_class=&#8221;container&#8221;][vc_column width=&#8221;2\/3&#8243;][vc_tta_tabs active_section=&#8221;1&#8243;][vc_tta_section title=&#8221;POLISH&#8221; tab_id=&#8221;1696245225773-eae4e9a1-2c7a&#8221;]\r\n                <div class=\"text-modules\">\r\n                    <div class=\"container\">\r\n                        \r\n                        <div class=\"text-modules__content\"><p><strong>dr hab. Magdalena Piekara, prof. U\u015a<\/strong> \u2013 od pocz\u0105tku swej drogi zawodowej i naukowej zwi\u0105zana z Zak\u0142adem Historii Literatury Poromantycznej w Instytucie Nauk o literaturze Polskiej U\u015a, obecnie zatrudniona na stanowisku profesora uczelni w Instytucie Polonistyki, chocia\u017c wyk\u0142ada\u0142a tak\u017ce na innych uniwersytetach europejskich i azjatyckich; w Rosji, Kazachstanie, W\u0142oszech, S\u0142owenii, Czechach i in. W latach 2009-2011 by\u0142a profesorem wizytuj\u0105cym na Uniwersytecie \u015awi\u0119tych Cyryla i Metodego w Skopje (Macedonia). Zaanga\u017cowana od wielu lat w programy Erasmus i Erasmus +, a tak\u017ce zwi\u0105zana z istniej\u0105c\u0105 od ponad \u0107wier\u0107wiecza Szko\u0142\u0105 J\u0119zyka i Kultury Polskiej U\u015a.<\/p>\n<p>Zajmuje si\u0119 kwesti\u0105 \u017cydowsk\u0105 w pozytywizmie i socrealizmem. Prowadzi tak\u017ce zaj\u0119cia na specjalno\u015bci edytorskiej (filologia polska). Od kilku lat\u00a0 prowadzi tak\u017ce zaj\u0119cia humanistyczne na kierunkach zaliczanych do nauk \u015bcis\u0142ych: chemia, technologia chemiczna, biologia, ochrona \u015brodowiska.<\/p>\n<p>Autorka trzech ksi\u0105\u017cek: \u201eBohater powie\u015bci socrealistycznej\u201d (2001), \u201e\u015al\u0105ski socrealizm. W\u0142adza \u2013 literatura \u2013 rzeczywisto\u015b\u0107\u201d (2012) oraz \u201eKwestia \u017cydowska w publicystyce Elizy Orzeszkowej\u201d (2013). Obecnie pracuje nad \u201eWidok\u00f3wkami socrealistycznymi\u201d, kt\u00f3re uka\u017c\u0105 si\u0119 w 2020 r.<\/p>\n<p>Tutorka (na rok 2019-2020) w programie \u201eUniwersytet Najlepszych\u201d.<\/p>\n<\/div>\r\n                    <\/div>\r\n                <\/div>[\/vc_tta_section][\/vc_tta_tabs][\/vc_column][vc_column width=&#8221;1\/3&#8243;]\r\n                <div class=\"text-modules\">\r\n                    <div class=\"container\">\r\n                        \r\n                        <div class=\"text-modules__content\"><\/p>\n<p>&nbsp;<\/p>\n<p><img class=\"alignnone wp-image-246 size-full\" src=\"http:\/\/us.edu.pl\/instytut\/ipo\/wp-content\/uploads\/sites\/74\/Pracownicy\/piekara-383x575-1.jpg\" alt=\"Magdalena Piekara\" width=\"100%\" height=\"auto\" srcset=\"https:\/\/us.edu.pl\/instytut\/ipo\/wp-content\/uploads\/sites\/74\/Pracownicy\/piekara-383x575-1.jpg 383w, https:\/\/us.edu.pl\/instytut\/ipo\/wp-content\/uploads\/sites\/74\/Pracownicy\/piekara-383x575-1-200x300.jpg 200w\" sizes=\"(max-width: 383px) 100vw, 383px\" \/><\/p>\n<\/div>\r\n                    <\/div>\r\n                <\/div>[\/vc_column][\/vc_row]<\/p>","protected":false},"excerpt":{"rendered":"<p>[vc_row][vc_column][\/vc_column][\/vc_row][vc_row el_class=&#8221;container&#8221;][vc_column width=&#8221;2\/3&#8243;][vc_tta_tabs active_section=&#8221;1&#8243;][vc_tta_section title=&#8221;POLISH&#8221; tab_id=&#8221;1696245225773-eae4e9a1-2c7a&#8221;][\/vc_tta_section][\/vc_tta_tabs][\/vc_column][vc_column width=&#8221;1\/3&#8243;][\/vc_column][\/vc_row] [&#8230;]<\/p>\n<p><a class=\"btn btn-secondary understrap-read-more-link\" href=\"https:\/\/us.edu.pl\/instytut\/ipo\/pracownicy\/magdalena-piekara\/\">Read More&#8230;<\/a><\/p>\n","protected":false},"author":7254,"featured_media":0,"parent":84,"menu_order":0,"comment_status":"closed","ping_status":"closed","template":"","meta":{"_expiration-date-status":"","_expiration-date":0,"_expiration-date-type":"","_expiration-date-categories":[],"_expiration-date-options":[]},"acf":[],"_links":{"self":[{"href":"https:\/\/us.edu.pl\/instytut\/ipo\/wp-json\/wp\/v2\/pages\/245"}],"collection":[{"href":"https:\/\/us.edu.pl\/instytut\/ipo\/wp-json\/wp\/v2\/pages"}],"about":[{"href":"https:\/\/us.edu.pl\/instytut\/ipo\/wp-json\/wp\/v2\/types\/page"}],"author":[{"embeddable":true,"href":"https:\/\/us.edu.pl\/instytut\/ipo\/wp-json\/wp\/v2\/users\/7254"}],"replies":[{"embeddable":true,"href":"https:\/\/us.edu.pl\/instytut\/ipo\/wp-json\/wp\/v2\/comments?post=245"}],"version-history":[{"count":2,"href":"https:\/\/us.edu.pl\/instytut\/ipo\/wp-json\/wp\/v2\/pages\/245\/revisions"}],"predecessor-version":[{"id":535,"href":"https:\/\/us.edu.pl\/instytut\/ipo\/wp-json\/wp\/v2\/pages\/245\/revisions\/535"}],"up":[{"embeddable":true,"href":"https:\/\/us.edu.pl\/instytut\/ipo\/wp-json\/wp\/v2\/pages\/84"}],"wp:attachment":[{"href":"https:\/\/us.edu.pl\/instytut\/ipo\/wp-json\/wp\/v2\/media?parent=245"}],"curies":[{"name":"wp","href":"https:\/\/api.w.org\/{rel}","templated":true}]}}