{"id":261,"date":"2023-10-06T14:37:38","date_gmt":"2023-10-06T12:37:38","guid":{"rendered":"https:\/\/us.edu.pl\/instytut\/ipo\/?page_id=261"},"modified":"2024-03-14T13:20:58","modified_gmt":"2024-03-14T12:20:58","slug":"renata-ryba","status":"publish","type":"page","link":"https:\/\/us.edu.pl\/instytut\/ipo\/pracownicy\/renata-ryba\/","title":{"rendered":"Renata Ryba"},"content":{"rendered":"<p>[vc_row el_class=&#8221;container&#8221;][vc_column width=&#8221;2\/3&#8243;]\r\n                <div class=\"text-modules \">\r\n                    <div class=\"container\">\r\n                        <h3 class=\"section-title section-title_border-bottom\">Renata Ryba<\/h3> <h3 class=\"subtitle text-modules__subtitle\">e-mail: renata.ryba@us.edu.pl<\/h3>\r\n                        <div class=\"row m-0\">\r\n                            <div class=\"text-modules__content\">\r\n                                 \r\n                                <div class=\"mt-3\"><a href=\"https:\/\/orcid.org\/0000-0003-0415-3015\" class=\"link-button mr-3 \">ORCID<\/a><a href=\"https:\/\/www.researchgate.net\/profile\/Renata_Ryba\" class=\"link-button mr-3 \">ResearchGate<\/a><\/div>\r\n                            <\/div>\r\n                            \r\n                            \r\n                        <\/div>\r\n                    <\/div>\r\n                <\/div>[vc_tta_tabs alignment=&#8221;right&#8221; active_section=&#8221;1&#8243;][vc_tta_section title=&#8221;POLISH&#8221; tab_id=&#8221;1696245225773-eae4e9a1-2c7a&#8221;]\r\n                <div class=\"text-modules\">\r\n                    <div class=\"container\">\r\n                        \r\n                        <div class=\"text-modules__content\"><\/p>\n<h3 class=\"western\">dr hab. Renata Ryba, prof. U\u015a<\/h3>\n<hr \/>\n<p>&nbsp;<\/p>\n<p>polonistyka, literaturoznawstwo;<\/p>\n<p>doktorat uzyska\u0142am w 1998 roku na podstawie rozprawy: \u201eKsi\u0105\u017c\u0119 Wi\u015bniowiecki Janusz\u201d Samuela Twardowskiego na tle bohaterskiej epiki biograficznej w XVII wieku; habilitowa\u0142am si\u0119 w 2015 roku na podstawie ksi\u0105\u017cki: Literatura staropolska wobec zjawiska niewoli tatarsko-tureckiej. Studia i szkice. Moje zainteresowania koncentruj\u0105 si\u0119 wok\u00f3\u0142 literatury i kultury epok dawnych (w tym \u2013 czas\u00f3w saskich, o\u015bwiecenia, \u201e\u015blad\u00f3w staropolskich\u201d w wieku XIX).<\/p>\n<p>&nbsp;<\/p>\n<p><strong>Monografie autorskie:<\/strong><\/p>\n<hr \/>\n<ul>\n<li><em>Ksi\u0105\u017c\u0119 Wi\u015bniowiecki Janusz<\/em>\u00a0Samuela Twardowskiego na tle bohaterskiej epiki biograficznej siedemnastego wieku. Katowice 2000;<\/li>\n<li>Literatura staropolska wobec zjawiska niewoli tatarsko-tureckiej. Studia i szkice. Katowice 2014.<\/li>\n<\/ul>\n<p><strong>Artyku\u0142y w czasopismach (w wyborze):<\/strong><\/p>\n<hr \/>\n<ul>\n<li>Wsp\u00f3\u0142czesna\u00a0<em>\u015awitezianka<\/em>, czyli o\u00a0<em>Bajce warszawskiej<\/em>\u00a0Jana Lechonia, \u201eRuch Literacki\u201d 1993, z.4;\u2019<\/li>\n<li>Poetyka eposu biograficznego w realizacjach tw\u00f3rczych Samuela Twardowskiego, \u201eBarok. Historia-Literatura-Sztuka\u201d 1995, z.2;<\/li>\n<li>Motyw niewoli tatarsko-tureckiej w poezji pocz\u0105tku XVII wieku. Z perspektywy grzechu, \u201eNapis\u201d Seria XII 2006: Krwawy \u015bwit, mroczny dzie\u0144\u2026;<\/li>\n<li>\u201eEpizod poczajowski\u201d Miko\u0142aja Bazylego Potockiego, starosty kaniowskiego \u2013 w stron\u0119 legendy literackiej, \u201eWiek O\u015bwiecenia\u201d 2010, 26: Po\u0142udnie wieku;<\/li>\n<li>Old Polish Sources of Romantic Picture of Podole (Selected Examples), \u201eColloquia Litteraria\u201d 2017, z.2;<\/li>\n<li><em>Historyja \u017ca\u0142osna\u2026<\/em>\u00a0Bart\u0142omieja Paprockiego \u2013 u progu polskiej epiki historycznej, \u201e\u015al\u0105skie Studia Polonistyczne\u201d 2019, nr 2;<\/li>\n<li>Opinie na temat rz\u0105d\u00f3w w Rzeczypospolitej z perspektywy zabezpieczenia ludno\u015bci przed plag\u0105 jasyru \u2013 w wypowiedziach wybranych pami\u0119tnikarzy siedemnastego stulecia, \u201ePostscriptum Polonistyczne\u201d 2020, nr 2;<\/li>\n<li><em>Haracz krwi\u0105 tureck\u0105 Turkom wyp\u0142acony<\/em>\u00a0Stefana Jana \u015alizienia w kr\u0119gu poetyki ojczystego heroicum, \u201eRocznik Przemyski. Literatura i J\u0119zyk\u201d 2020, z. 2;<\/li>\n<li>Wyzwalanie z jasyru \u2013 w \u015bwietle XVII-wiecznych pami\u0119tnik\u00f3w i diariuszy, \u201ePami\u0119tnik Literacki\u201d 2022, z. 2.<\/li>\n<\/ul>\n<p>\n<\/div>\r\n                    <\/div>\r\n                <\/div>[\/vc_tta_section][\/vc_tta_tabs][\/vc_column][vc_column width=&#8221;1\/3&#8243;][\/vc_column][\/vc_row][vc_row el_class=&#8221;container&#8221;][vc_column width=&#8221;2\/3&#8243;][\/vc_column][vc_column width=&#8221;1\/3&#8243;][\/vc_column][\/vc_row]<\/p>","protected":false},"excerpt":{"rendered":"<p>[vc_row el_class=&#8221;container&#8221;][vc_column width=&#8221;2\/3&#8243;][vc_tta_tabs alignment=&#8221;right&#8221; active_section=&#8221;1&#8243;][vc_tta_section title=&#8221;POLISH&#8221; tab_id=&#8221;1696245225773-eae4e9a1-2c7a&#8221;][\/vc_tta_section][\/vc_tta_tabs][\/vc_column][vc_column width=&#8221;1\/3&#8243;][\/vc_column][\/vc_row][vc_row el_class=&#8221;container&#8221;][vc_column width=&#8221;2\/3&#8243;][\/vc_column][vc_column width=&#8221;1\/3&#8243;][\/vc_column][\/vc_row] [&#8230;]<\/p>\n<p><a class=\"btn btn-secondary understrap-read-more-link\" href=\"https:\/\/us.edu.pl\/instytut\/ipo\/pracownicy\/renata-ryba\/\">Read More&#8230;<\/a><\/p>\n","protected":false},"author":7254,"featured_media":0,"parent":84,"menu_order":0,"comment_status":"closed","ping_status":"closed","template":"","meta":{"_expiration-date-status":"","_expiration-date":0,"_expiration-date-type":"","_expiration-date-categories":[],"_expiration-date-options":[]},"acf":[],"_links":{"self":[{"href":"https:\/\/us.edu.pl\/instytut\/ipo\/wp-json\/wp\/v2\/pages\/261"}],"collection":[{"href":"https:\/\/us.edu.pl\/instytut\/ipo\/wp-json\/wp\/v2\/pages"}],"about":[{"href":"https:\/\/us.edu.pl\/instytut\/ipo\/wp-json\/wp\/v2\/types\/page"}],"author":[{"embeddable":true,"href":"https:\/\/us.edu.pl\/instytut\/ipo\/wp-json\/wp\/v2\/users\/7254"}],"replies":[{"embeddable":true,"href":"https:\/\/us.edu.pl\/instytut\/ipo\/wp-json\/wp\/v2\/comments?post=261"}],"version-history":[{"count":2,"href":"https:\/\/us.edu.pl\/instytut\/ipo\/wp-json\/wp\/v2\/pages\/261\/revisions"}],"predecessor-version":[{"id":536,"href":"https:\/\/us.edu.pl\/instytut\/ipo\/wp-json\/wp\/v2\/pages\/261\/revisions\/536"}],"up":[{"embeddable":true,"href":"https:\/\/us.edu.pl\/instytut\/ipo\/wp-json\/wp\/v2\/pages\/84"}],"wp:attachment":[{"href":"https:\/\/us.edu.pl\/instytut\/ipo\/wp-json\/wp\/v2\/media?parent=261"}],"curies":[{"name":"wp","href":"https:\/\/api.w.org\/{rel}","templated":true}]}}