{"id":272,"date":"2023-10-09T11:52:30","date_gmt":"2023-10-09T09:52:30","guid":{"rendered":"https:\/\/us.edu.pl\/instytut\/ipo\/?page_id=272"},"modified":"2023-10-09T11:52:30","modified_gmt":"2023-10-09T09:52:30","slug":"alina-swiesciak-fast","status":"publish","type":"page","link":"https:\/\/us.edu.pl\/instytut\/ipo\/pracownicy\/alina-swiesciak-fast\/","title":{"rendered":"Alina \u015awie\u015bciak-Fast"},"content":{"rendered":"<p>[vc_row][vc_column]\r\n                <div class=\"text-modules\">\r\n                    <div class=\"container\">\r\n                        \r\n                        <div class=\"text-modules__content\"><\/p>\n<h3><span style=\"color: #002e5a;\"><strong>Alina \u015awie\u015bciak-Fast<\/strong><\/span><\/h3>\n<hr \/>\n<p>\n<\/div>\r\n                    <\/div>\r\n                <\/div>[\/vc_column][\/vc_row][vc_row el_class=&#8221;container&#8221;][vc_column width=&#8221;2\/3&#8243;][vc_tta_tabs active_section=&#8221;1&#8243;][vc_tta_section title=&#8221;POLISH&#8221; tab_id=&#8221;1696245225773-eae4e9a1-2c7a&#8221;]\r\n                <div class=\"text-modules\">\r\n                    <div class=\"container\">\r\n                        \r\n                        <div class=\"text-modules__content\"><p><strong>prof. dr hab. Alina \u015awie\u015bciak-Fast<\/strong> \u2014 dziekan Szko\u0142y Doktorskiej w Uniwersytecie \u015al\u0105skim; autorka prac zwi\u0105zanych z XX-wieczn\u0105 i najnowsz\u0105 poezj\u0105. Ostatnio zajmuje si\u0119 badaniami literackimi w kontek\u015bcie estetyki i sztuki, przede wszystkim w odniesieniu do historycznej awangardy, neoawangardy i ich wsp\u00f3\u0142czesnych kontynuacji. Ma w dorobku r\u00f3wnie\u017c prace krytycznoliterackie. Od 2000 redaktor naczelna Kwartalnika Kulturalnego \u201eOpcje\u201d; od 2018 cz\u0142onkini kapitu\u0142y Nagrody Poetyckiej im. Wis\u0142awy Szymborskiej.<\/p>\n<p>&nbsp;<\/p>\n<p><strong>Ksi\u0105\u017cki:<\/strong><\/p>\n<hr \/>\n<ol>\n<li><em>Przemiany poetyki Ryszarda Krynickiego<\/em>. TAiWPN Universitas. Krak\u00f3w 2003, ISBN: 83-242-0305-2.<\/li>\n<li><em>Melancholia w poezji polskiej po 1989 roku<\/em>. TAiWPN Universitas. Krak\u00f3w 2010. ISBN: ISBN: 97883-242-1389-4.<\/li>\n<li><em>Translatologiczne wyprawy i przechadzki<\/em>. \u015al\u0105sk\u2013WSL. Katowice\u2013Cz\u0119stochowa 2010. ISBN: 978-83-7164-628-7 (wraz z\u00a0Piotrem Fastem).<\/li>\n<li><em>Lekcje nieobecno\u015bci.<\/em>\u00a0<em>Szkice o\u00a0najnowszej poezji polskiej (2001\u20132010)<\/em>. Instytut Miko\u0142owski. Miko\u0142\u00f3w 2010. ISBN: 978-83-609-4953-5.<\/li>\n<li><em>Wsp\u00f3\u0142czynnik sztuki. Polska poezja awangardowa i\u00a0postawangardowa mi\u0119dzy autonomi\u0105 a\u00a0heteronomi\u0105<\/em>. Wydawnictwo Uniwersytetu Jagiello\u0144skiego. Krak\u00f3w 2019. ISBN: 978-83-233-4642-5.<\/li>\n<\/ol>\n<p><strong>Wybrane ksi\u0105\u017cki pod redakcj\u0105:<\/strong><\/p>\n<hr \/>\n<ol>\n<li><em>Interpretowa\u0107 dalej. Najwa\u017cniejsze polskie ksi\u0105\u017cki poetyckie lat 1945\u20131969<\/em>. Red. A.\u00a0Ka\u0142u\u017ca, A.\u00a0\u015awie\u015bciak. TAiWPN Universitas, Krak\u00f3w 2011. ISBN: 97883-242-1668-0.<\/li>\n<li><em>Studies in Translation.\u00a0<\/em><em>History and Theory<\/em><em>.<\/em>\u00a0<em>Red. A.\u00a0\u015awie\u015bciak, W.M.\u00a0Osadnik.<\/em>\u00a0\u015al\u0105sk Sp. z\u00a0o.o., Stowarzyszenie Inicjatyw Wydawniczych.<em>\u00a0Katowice 2015<\/em><em>.<\/em><em>\u00a0ISBN: 978-83-7164-883-0.<\/em><\/li>\n<li><em>Kontrinterpretacje<\/em>. Red. A.\u00a0\u015awie\u015bciak, M.\u00a0Piotrowska-Grot, E.\u00a0Suszek. TAiWPN Universitas. Krak\u00f3w 2018. ISBN: 97883-242-3484-4.<\/li>\n<\/ol>\n<p><strong>\u00a0<\/strong><strong>Wybrane artyku\u0142y:<\/strong><\/p>\n<hr \/>\n<ol>\n<li><em>Fikcja awangardy?<\/em>, \u201eTeksty Drugie\u201d 2015, nr\u00a06, s.\u00a047\u201369.<\/li>\n<li><em>Stanis\u0142aw Bara\u0144czak i awangarda<\/em>, \u201ePrzestrzenie Teorii\u201d, nr 26 (2016), s.\u00a065\u201386.<\/li>\n<li><em>Natalia LL jako artystka neoawangardowa<\/em>, \u201eZagadnienia Rodzaj\u00f3w Literackich\u201d 2018, nr\u00a02, s.\u00a091\u2013102.<\/li>\n<\/ol>\n<p>\n<\/div>\r\n                    <\/div>\r\n                <\/div>[\/vc_tta_section][\/vc_tta_tabs][\/vc_column][vc_column width=&#8221;1\/3&#8243;]\r\n                <div class=\"text-modules\">\r\n                    <div class=\"container\">\r\n                        \r\n                        <div class=\"text-modules__content\"><\/p>\n<p>&nbsp;<\/p>\n<p><img class=\"alignnone wp-image-273 size-full\" src=\"http:\/\/us.edu.pl\/instytut\/ipo\/wp-content\/uploads\/sites\/74\/Pracownicy\/Alina-LswieL\u203aciak_DSC_4667_4-5-819x1024-1.jpg\" alt=\"Alina \u015awie\u015bciak-Fast\" width=\"100%\" height=\"auto\" srcset=\"https:\/\/us.edu.pl\/instytut\/ipo\/wp-content\/uploads\/sites\/74\/Pracownicy\/Alina-LswieL\u203aciak_DSC_4667_4-5-819x1024-1.jpg 819w, https:\/\/us.edu.pl\/instytut\/ipo\/wp-content\/uploads\/sites\/74\/Pracownicy\/Alina-LswieL\u203aciak_DSC_4667_4-5-819x1024-1-240x300.jpg 240w, https:\/\/us.edu.pl\/instytut\/ipo\/wp-content\/uploads\/sites\/74\/Pracownicy\/Alina-LswieL\u203aciak_DSC_4667_4-5-819x1024-1-768x960.jpg 768w, https:\/\/us.edu.pl\/instytut\/ipo\/wp-content\/uploads\/sites\/74\/Pracownicy\/Alina-LswieL\u203aciak_DSC_4667_4-5-819x1024-1-460x575.jpg 460w\" sizes=\"(max-width: 819px) 100vw, 819px\" \/><\/p>\n<\/div>\r\n                    <\/div>\r\n                <\/div>[\/vc_column][\/vc_row]<\/p>","protected":false},"excerpt":{"rendered":"<p>[vc_row][vc_column][\/vc_column][\/vc_row][vc_row el_class=&#8221;container&#8221;][vc_column width=&#8221;2\/3&#8243;][vc_tta_tabs active_section=&#8221;1&#8243;][vc_tta_section title=&#8221;POLISH&#8221; tab_id=&#8221;1696245225773-eae4e9a1-2c7a&#8221;][\/vc_tta_section][\/vc_tta_tabs][\/vc_column][vc_column width=&#8221;1\/3&#8243;][\/vc_column][\/vc_row] [&#8230;]<\/p>\n<p><a class=\"btn btn-secondary understrap-read-more-link\" href=\"https:\/\/us.edu.pl\/instytut\/ipo\/pracownicy\/alina-swiesciak-fast\/\">Read More&#8230;<\/a><\/p>\n","protected":false},"author":7254,"featured_media":0,"parent":84,"menu_order":0,"comment_status":"closed","ping_status":"closed","template":"","meta":{"_expiration-date-status":"","_expiration-date":0,"_expiration-date-type":"","_expiration-date-categories":[],"_expiration-date-options":[]},"acf":[],"_links":{"self":[{"href":"https:\/\/us.edu.pl\/instytut\/ipo\/wp-json\/wp\/v2\/pages\/272"}],"collection":[{"href":"https:\/\/us.edu.pl\/instytut\/ipo\/wp-json\/wp\/v2\/pages"}],"about":[{"href":"https:\/\/us.edu.pl\/instytut\/ipo\/wp-json\/wp\/v2\/types\/page"}],"author":[{"embeddable":true,"href":"https:\/\/us.edu.pl\/instytut\/ipo\/wp-json\/wp\/v2\/users\/7254"}],"replies":[{"embeddable":true,"href":"https:\/\/us.edu.pl\/instytut\/ipo\/wp-json\/wp\/v2\/comments?post=272"}],"version-history":[{"count":1,"href":"https:\/\/us.edu.pl\/instytut\/ipo\/wp-json\/wp\/v2\/pages\/272\/revisions"}],"predecessor-version":[{"id":274,"href":"https:\/\/us.edu.pl\/instytut\/ipo\/wp-json\/wp\/v2\/pages\/272\/revisions\/274"}],"up":[{"embeddable":true,"href":"https:\/\/us.edu.pl\/instytut\/ipo\/wp-json\/wp\/v2\/pages\/84"}],"wp:attachment":[{"href":"https:\/\/us.edu.pl\/instytut\/ipo\/wp-json\/wp\/v2\/media?parent=272"}],"curies":[{"name":"wp","href":"https:\/\/api.w.org\/{rel}","templated":true}]}}