{"id":287,"date":"2023-10-09T13:07:06","date_gmt":"2023-10-09T11:07:06","guid":{"rendered":"https:\/\/us.edu.pl\/instytut\/ipo\/?page_id=287"},"modified":"2023-10-09T13:07:06","modified_gmt":"2023-10-09T11:07:06","slug":"teresa-wilkon","status":"publish","type":"page","link":"https:\/\/us.edu.pl\/instytut\/ipo\/pracownicy\/teresa-wilkon\/","title":{"rendered":"Teresa Wilko\u0144"},"content":{"rendered":"<p>[vc_row][vc_column]\r\n                <div class=\"text-modules\">\r\n                    <div class=\"container\">\r\n                        \r\n                        <div class=\"text-modules__content\"><\/p>\n<h3><span style=\"color: #002e5a;\">Teresa Wilko\u0144<\/span><\/h3>\n<hr \/>\n<p>\n<\/div>\r\n                    <\/div>\r\n                <\/div>[\/vc_column][\/vc_row][vc_row el_class=&#8221;container&#8221;][vc_column width=&#8221;2\/3&#8243;][vc_tta_tabs active_section=&#8221;1&#8243;][vc_tta_section title=&#8221;POLISH&#8221; tab_id=&#8221;1696245225773-eae4e9a1-2c7a&#8221;]\r\n                <div class=\"text-modules\">\r\n                    <div class=\"container\">\r\n                        \r\n                        <div class=\"text-modules__content\"><p><strong>prof. dr hab. Teresa Wilko\u0144<\/strong>\u00a0\u2013 autorka ksi\u0105\u017cek i artyku\u0142\u00f3w dotycz\u0105cych historii polskiej literatury wsp\u00f3\u0142czesnej, szczeg\u00f3lnie poezji, teorii literatury (w tym problematyki konwencji i gatunk\u00f3w literackich), problem\u00f3w kultury czytelniczej i informacyjnej, filiacji kulturalnych polsko \u2013 w\u0142oskich. W latach 1990 \u2013 1994 nauczyciel j\u0119zyka polskiego w Szkole Polskiej przy Ambasadzie w Pary\u017cu \u2013 Francja; w latach 1994 \u2013 2008 pracownik naukowo-dydaktyczny (w wyniku konkursu i nominacji z Ministerstwa w\u0142oskiego) w Universita degli Studi di Napoli L\u2019Orientale w Neapolu \u2013 W\u0142ochy.W latach 2011-2019 kierownik Zak\u0142adu Kultury Czytelniczej I Informacyjnej. Od 2008 roku Cz\u0142onek Zarz\u0105du Komisji Historyczno-Literackiej im. A. Mickiewicza w Tarnowie; w latach 2010-2019 redaktor serii naukowej \u201eNauka o Ksi\u0105\u017cce i Bibliotece\u201d, U\u015a; Cz\u0142onek Rady Naukowej\u00a0<em>Tarnowskich Studi\u00f3w Naukowych \u201cPro Publico Bono\u201d, Tarnowskiego Przegl\u0105du Nauk Spo\u0142eczno-Humanistycznyc<\/em>h oraz Zeszyt\u00f3w Naukowych\u00a0<em>Humanities and Cultural Studies.<\/em><em>\u00a0<\/em><\/p>\n<p>Kontakt: <a href=\"mailto:teresa.wilkon@us.edu.pl\">teresa.wilkon@us.edu.pl<\/a><\/p>\n<p><strong>Wybrane publikacje:<\/strong><\/p>\n<hr \/>\n<p><span style=\"text-decoration: underline;\">Ksi\u0105\u017cki:<\/span><\/p>\n<ol>\n<li>Polska poezja socrealistyczna w latach 1949-1955. Gliwice 1992. ISBN 83-85338-15-2, ss. 160.<\/li>\n<li>Mi\u0119dzy konwencj\u0105 a Arkadi\u0105 : szkice o poezji polskiej XX wieku. Katowice ISBN 83-87819-71-9, ss. 150.<\/li>\n<li>Napoli nella poesia polacca XIX ed inizio XX secolo. Il Torcoliere Officine Grafico-Editoriali d\u2019Ateneo -U.N.O, Neapol 2005, ss. 169.<\/li>\n<li>Nimfy oko b\u0142\u0119kitne. Obrazy Neapolu w poezji polskiej XIX i XX wieku, Katowice 2006. ISBN 83-226-1522-1, ss. 200.<\/li>\n<li>Poematy Konstantego Ildefonsa Ga\u0142czy\u0144skiego, Katowice 2010. ISBN 978-83-226-1959-9, ss. 224.<\/li>\n<li>Katastrofizm w poezji polskiej w latach 1930-1939 : szkice literackie, Katowice 2016. ISBN 978-83-226-3028-0, ss.256.<\/li>\n<li>Kanony sztuki post\u0119powej i jedynie s\u0142usznej : socrealizm w poezji polskiej. Wyd. 2, zm. i poszerz. \u2013 Katowice 2016. ISBN 978-83-60781-80-7, ss.218.<\/li>\n<\/ol>\n<p><span style=\"text-decoration: underline;\">Inne:<\/span><\/p>\n<ol start=\"8\">\n<li>Kultura warto\u015bci. Jan Kochanowski.\u201eWorld Journal of Theoretical and Applied Sciences\u201d nr 2(5)\/2016. Z problematyki kultur. Studium interdyscyplinarne. Mi\u0119dzynarodowy projekt naukowo-badawczy nr PB- 5\/2017. Gliwicka Wy\u017csza Szko\u0142a Przedsi\u0119biorczo\u015bci, s. 89-111.<\/li>\n<li>Le catastrofiche forze della natura in W\u0142adys\u0142aw Broniewski, w: I quattro elementi nella lingua, nella letteratura e nell`arte italiana e polacca. Approccio interdyscyplinarne e interculturale. A cura di Katarzyna Kwapisz-Osadnik, Firenze \u2013 Katowice 2017, s. 277-285. (ISBN 978-88-7667-627-7).<\/li>\n<li>Le \u201eOpere\u201d del romanticismo sloveno ( di France Preseren), w: Bibliotheca Nostra.\u201e\u015al\u0105ski Kwartalnik Naukowy\u201d. Teksty-pisarze-ksi\u0105\u017cki, nr 3 (49), 2017 (druk 2018), s.110-118. ( ISBN 97883947032-4-0).<\/li>\n<\/ol>\n<p>\n<\/div>\r\n                    <\/div>\r\n                <\/div>[\/vc_tta_section][\/vc_tta_tabs][\/vc_column][vc_column width=&#8221;1\/3&#8243;]\r\n                <div class=\"text-modules\">\r\n                    <div class=\"container\">\r\n                        \r\n                        <div class=\"text-modules__content\"><\/p>\n<p>&nbsp;<\/p>\n<p><img class=\"alignnone wp-image-288 size-full\" src=\"http:\/\/us.edu.pl\/instytut\/ipo\/wp-content\/uploads\/sites\/74\/Pracownicy\/Teresa-Wilkon.jpg\" alt=\"Teresa Wilko\u0144\" width=\"100%\" height=\"auto\" srcset=\"https:\/\/us.edu.pl\/instytut\/ipo\/wp-content\/uploads\/sites\/74\/Pracownicy\/Teresa-Wilkon.jpg 759w, https:\/\/us.edu.pl\/instytut\/ipo\/wp-content\/uploads\/sites\/74\/Pracownicy\/Teresa-Wilkon-222x300.jpg 222w, https:\/\/us.edu.pl\/instytut\/ipo\/wp-content\/uploads\/sites\/74\/Pracownicy\/Teresa-Wilkon-426x575.jpg 426w\" sizes=\"(max-width: 759px) 100vw, 759px\" \/><\/p>\n<\/div>\r\n                    <\/div>\r\n                <\/div>[\/vc_column][\/vc_row]<\/p>","protected":false},"excerpt":{"rendered":"<p>[vc_row][vc_column][\/vc_column][\/vc_row][vc_row el_class=&#8221;container&#8221;][vc_column width=&#8221;2\/3&#8243;][vc_tta_tabs active_section=&#8221;1&#8243;][vc_tta_section title=&#8221;POLISH&#8221; tab_id=&#8221;1696245225773-eae4e9a1-2c7a&#8221;][\/vc_tta_section][\/vc_tta_tabs][\/vc_column][vc_column width=&#8221;1\/3&#8243;][\/vc_column][\/vc_row] [&#8230;]<\/p>\n<p><a class=\"btn btn-secondary understrap-read-more-link\" href=\"https:\/\/us.edu.pl\/instytut\/ipo\/pracownicy\/teresa-wilkon\/\">Read More&#8230;<\/a><\/p>\n","protected":false},"author":7254,"featured_media":0,"parent":84,"menu_order":0,"comment_status":"closed","ping_status":"closed","template":"","meta":{"_expiration-date-status":"","_expiration-date":0,"_expiration-date-type":"","_expiration-date-categories":[],"_expiration-date-options":[]},"acf":[],"_links":{"self":[{"href":"https:\/\/us.edu.pl\/instytut\/ipo\/wp-json\/wp\/v2\/pages\/287"}],"collection":[{"href":"https:\/\/us.edu.pl\/instytut\/ipo\/wp-json\/wp\/v2\/pages"}],"about":[{"href":"https:\/\/us.edu.pl\/instytut\/ipo\/wp-json\/wp\/v2\/types\/page"}],"author":[{"embeddable":true,"href":"https:\/\/us.edu.pl\/instytut\/ipo\/wp-json\/wp\/v2\/users\/7254"}],"replies":[{"embeddable":true,"href":"https:\/\/us.edu.pl\/instytut\/ipo\/wp-json\/wp\/v2\/comments?post=287"}],"version-history":[{"count":1,"href":"https:\/\/us.edu.pl\/instytut\/ipo\/wp-json\/wp\/v2\/pages\/287\/revisions"}],"predecessor-version":[{"id":289,"href":"https:\/\/us.edu.pl\/instytut\/ipo\/wp-json\/wp\/v2\/pages\/287\/revisions\/289"}],"up":[{"embeddable":true,"href":"https:\/\/us.edu.pl\/instytut\/ipo\/wp-json\/wp\/v2\/pages\/84"}],"wp:attachment":[{"href":"https:\/\/us.edu.pl\/instytut\/ipo\/wp-json\/wp\/v2\/media?parent=287"}],"curies":[{"name":"wp","href":"https:\/\/api.w.org\/{rel}","templated":true}]}}