{"id":298,"date":"2023-10-09T15:01:58","date_gmt":"2023-10-09T13:01:58","guid":{"rendered":"https:\/\/us.edu.pl\/instytut\/ipo\/?page_id=298"},"modified":"2026-03-16T19:54:33","modified_gmt":"2026-03-16T18:54:33","slug":"uchwaly-rady-naukowej","status":"publish","type":"page","link":"https:\/\/us.edu.pl\/instytut\/ipo\/akty-prawne\/uchwaly-rady-naukowej\/","title":{"rendered":"Uchwa\u0142y Rady Naukowej"},"content":{"rendered":"<p>[vc_row][vc_column][vc_column_text][\/vc_column_text][\/vc_column][\/vc_row][vc_row el_class=&#8221;container&#8221;][vc_column width=&#8221;2\/3&#8243;]\r\n                <div class='sidebar_moduls sidebar_links color-blue' style='background-color: #EBEBEB'>\r\n                    <h3><\/h3>\r\n                    <ul class='angle-list'>\r\n                    <li><a href=\"http:\/\/us.edu.pl\/instytut\/ipo\/wp-content\/uploads\/sites\/74\/Bez-kategorii\/Uchwala-parametry-2024.pdf\" class=\"mtli_attachment mtli_pdf\">Uchwa\u0142a nr 7\/2023 Rady Naukowej Instytutu Polonistyki Wydzia\u0142u Humanistycznego Uniwersytetu \u015al\u0105skiego w Katowicach z dnia 15 grudnia 2023 r. w sprawie okre\u015blenia docelowych parametr\u00f3w jako\u015bci dorobku dyscypliny w roku 2024<\/a><\/li>\r\n                <\/ul>\r\n            <\/div>\r\n                <div class='sidebar_moduls sidebar_links color-blue' style='background-color: #EBEBEB'>\r\n                    <h3><\/h3>\r\n                    <ul class='angle-list'>\r\n                    <li><a href=\"http:\/\/us.edu.pl\/instytut\/ipo\/wp-content\/uploads\/sites\/74\/Bez-kategorii\/Uchwala-zespoly-badawcze-22-marca-2024-roku-calosc.pdf\" class=\"mtli_attachment mtli_pdf\">Uchwa\u0142a nr 1\/2024 Rady Naukowej Instytutu Polonistyki Wydzia\u0142u Humanistycznego Uniwersytetu \u015al\u0105skiego w Katowicach z dnia 22 marca 2024 r. w sprawie zasad organizacji, funkcjonowania i finansowania indywidualnej dzia\u0142alno\u015bci badawczej pracownik\u00f3w oraz zespo\u0142\u00f3w badawczych w Instytucie Polonistyki<\/a><\/li>\r\n                <\/ul>\r\n            <\/div>\r\n                <div class='sidebar_moduls sidebar_links color-blue' style='background-color: #EBEBEB'>\r\n                    <h3><\/h3>\r\n                    <ul class='angle-list'>\r\n                    <li><a href=\"http:\/\/us.edu.pl\/instytut\/ipo\/wp-content\/uploads\/sites\/74\/Bez-kategorii\/Uchwala-w-sprawie-regulaminu-stazy-naukowych.pdf\" class=\"mtli_attachment mtli_pdf\">Uchwa\u0142a nr 2\/2024 Rady Naukowej Instytutu Polonistyki Wydzia\u0142u Humanistycznego Uniwersytetu \u015al\u0105skiego w Katowicach z dnia 24 maja 2024 r. w sprawie zatwierdzenia Regulaminu Sta\u017cy Naukowych w Instytucie Polonistyki Wydzia\u0142u Humanistycznego Uniwersytetu \u015al\u0105skiego w Katowicach<\/a><\/li><li><a href=\"http:\/\/us.edu.pl\/instytut\/ipo\/wp-content\/uploads\/sites\/74\/Bez-kategorii\/Regulamin-stazy-naukowych.pdf\" class=\"mtli_attachment mtli_pdf\">Regulamin Sta\u017cy Naukowych w Instytucie Polonistyki Wydzia\u0142u Humanistycznego Uniwersytetu \u015al\u0105skiego w Katowicach (Za\u0142\u0105cznik do Uchwa\u0142y nr 2\/2024 Rady Naukowej Instytutu Polonistyki)<\/a><\/li>\r\n                <\/ul>\r\n            <\/div>\r\n                <div class='sidebar_moduls sidebar_links color-blue' style='background-color: #EBEBEB'>\r\n                    <h3><\/h3>\r\n                    <ul class='angle-list'>\r\n                    <li><a href=\"http:\/\/us.edu.pl\/instytut\/ipo\/wp-content\/uploads\/sites\/74\/2025\/03\/Uchwala-parametry-2025.pdf\" class=\"mtli_attachment mtli_pdf\">Uchwa\u0142a nr 1\/2025 Rady Naukowej Instytutu Polonistyki Wydzia\u0142u Humanistycznego Uniwersytetu \u015al\u0105skiego w Katowicach z dnia 28 lutego 2025 r. w sprawie okre\u015blenia docelowych parametr\u00f3w jako\u015bci dorobku dyscypliny w roku 2025<\/a><\/li>\r\n                <\/ul>\r\n            <\/div>\r\n                <div class='sidebar_moduls sidebar_links color-blue' style='background-color: #EBEBEB'>\r\n                    <h3><\/h3>\r\n                    <ul class='angle-list'>\r\n                    <li><a href=\"http:\/\/us.edu.pl\/instytut\/ipo\/wp-content\/uploads\/sites\/74\/2026\/03\/Uchwala-parametry-2026.pdf\" class=\"mtli_attachment mtli_pdf\">Uchwa\u0142a nr 11\/2026 Rady Naukowej Instytutu Polonistyki Wydzia\u0142u Humanistycznego Uniwersytetu \u015al\u0105skiego w Katowicach z dnia 30 stycznia 2026 r. w sprawie okre\u015blenia docelowych parametr\u00f3w jako\u015bci dorobku dyscypliny w roku 2026<\/a><\/li>\r\n                <\/ul>\r\n            <\/div>[\/vc_column][vc_column width=&#8221;1\/3&#8243;][\/vc_column][\/vc_row]<\/p>","protected":false},"excerpt":{"rendered":"<p>[vc_row][vc_column][vc_column_text][\/vc_column_text][\/vc_column][\/vc_row][vc_row el_class=&#8221;container&#8221;][vc_column width=&#8221;2\/3&#8243;][\/vc_column][vc_column width=&#8221;1\/3&#8243;][\/vc_column][\/vc_row] [&#8230;]<\/p>\n<p><a class=\"btn btn-secondary understrap-read-more-link\" href=\"https:\/\/us.edu.pl\/instytut\/ipo\/akty-prawne\/uchwaly-rady-naukowej\/\">Read More&#8230;<\/a><\/p>\n","protected":false},"author":7254,"featured_media":0,"parent":296,"menu_order":0,"comment_status":"closed","ping_status":"closed","template":"","meta":{"_expiration-date-status":"","_expiration-date":0,"_expiration-date-type":"","_expiration-date-categories":[],"_expiration-date-options":[]},"acf":[],"_links":{"self":[{"href":"https:\/\/us.edu.pl\/instytut\/ipo\/wp-json\/wp\/v2\/pages\/298"}],"collection":[{"href":"https:\/\/us.edu.pl\/instytut\/ipo\/wp-json\/wp\/v2\/pages"}],"about":[{"href":"https:\/\/us.edu.pl\/instytut\/ipo\/wp-json\/wp\/v2\/types\/page"}],"author":[{"embeddable":true,"href":"https:\/\/us.edu.pl\/instytut\/ipo\/wp-json\/wp\/v2\/users\/7254"}],"replies":[{"embeddable":true,"href":"https:\/\/us.edu.pl\/instytut\/ipo\/wp-json\/wp\/v2\/comments?post=298"}],"version-history":[{"count":7,"href":"https:\/\/us.edu.pl\/instytut\/ipo\/wp-json\/wp\/v2\/pages\/298\/revisions"}],"predecessor-version":[{"id":1778,"href":"https:\/\/us.edu.pl\/instytut\/ipo\/wp-json\/wp\/v2\/pages\/298\/revisions\/1778"}],"up":[{"embeddable":true,"href":"https:\/\/us.edu.pl\/instytut\/ipo\/wp-json\/wp\/v2\/pages\/296"}],"wp:attachment":[{"href":"https:\/\/us.edu.pl\/instytut\/ipo\/wp-json\/wp\/v2\/media?parent=298"}],"curies":[{"name":"wp","href":"https:\/\/api.w.org\/{rel}","templated":true}]}}