{"id":308,"date":"2023-10-09T15:13:20","date_gmt":"2023-10-09T13:13:20","guid":{"rendered":"https:\/\/us.edu.pl\/instytut\/ipo\/?page_id=308"},"modified":"2024-05-27T10:44:30","modified_gmt":"2024-05-27T08:44:30","slug":"rada-naukowa","status":"publish","type":"page","link":"https:\/\/us.edu.pl\/instytut\/ipo\/rada-naukowa\/","title":{"rendered":"Rada Naukowa"},"content":{"rendered":"<p>[vc_row][vc_column]\r\n                <div class=\"text-modules\">\r\n                    <div class=\"container\">\r\n                        <h3 class=\"page-title text__title\">SK\u0141AD RADY NAUKOWEJ INSTYTUTU<\/h3>\r\n                        <div class=\"text-modules__content\"><p><strong>DYREKCJA INSTYTUTU:<\/strong><\/p>\n<p>prof. dr hab. Dariusz Pawelec &#8211; przewodnicz\u0105cy<br \/>\ndr hab. Magdalena B\u0105k, prof. U\u015a<\/p>\n<p><strong>PROFESOROWIE TYTULARNI:<\/strong><\/p>\n<p>prof. dr hab. Maria Bar\u0142owska<br \/>\nprof. dr hab. Joanna Dembi\u0144ska-Pawelec<br \/>\nprof. dr hab. El\u017cbieta Dutka<br \/>\nprof. dr hab. Marian Kisiel<br \/>\nprof. dr hab. Aleksander Nawarecki<br \/>\nprof. dr hab. J\u00f3zef Olejniczak<br \/>\nprof. dr hab. Dariusz Rott<br \/>\nprof. dr hab. Alina \u015awie\u015bciak-Fast<\/p>\n<p><strong>CZ\u0141ONKOWIE RADY WY\u0141ONIENI NA PODSTAWIE DOROBKU:<\/strong><\/p>\n<p>dr Piotr Gorli\u0144ski-Kucik<br \/>\ndr hab. Filip Mazurkiewicz, prof. U\u015a<br \/>\ndr Katarzyna Niesporek-Klanowska<br \/>\ndr hab. Piotr Bogalecki, prof. U\u015a<br \/>\ndr hab. Monika \u0141ado\u0144, prof. U\u015a<br \/>\ndr hab. Ma\u0142gorzata W\u00f3jcik-Dudek, prof. U\u015a<br \/>\ndr hab. Iwona Gralewicz-Wolny, prof. U\u015a<br \/>\ndr hab. Katarzyna Ta\u0142u\u0107, prof. U\u015a<\/p>\n<\/div>\r\n                    <\/div>\r\n                <\/div>[\/vc_column][\/vc_row]<\/p>","protected":false},"excerpt":{"rendered":"<p>[vc_row][vc_column][\/vc_column][\/vc_row] [&#8230;]<\/p>\n<p><a class=\"btn btn-secondary understrap-read-more-link\" href=\"https:\/\/us.edu.pl\/instytut\/ipo\/rada-naukowa\/\">Read More&#8230;<\/a><\/p>\n","protected":false},"author":7254,"featured_media":0,"parent":0,"menu_order":0,"comment_status":"closed","ping_status":"closed","template":"","meta":{"_expiration-date-status":"","_expiration-date":0,"_expiration-date-type":"","_expiration-date-categories":[],"_expiration-date-options":[]},"acf":[],"_links":{"self":[{"href":"https:\/\/us.edu.pl\/instytut\/ipo\/wp-json\/wp\/v2\/pages\/308"}],"collection":[{"href":"https:\/\/us.edu.pl\/instytut\/ipo\/wp-json\/wp\/v2\/pages"}],"about":[{"href":"https:\/\/us.edu.pl\/instytut\/ipo\/wp-json\/wp\/v2\/types\/page"}],"author":[{"embeddable":true,"href":"https:\/\/us.edu.pl\/instytut\/ipo\/wp-json\/wp\/v2\/users\/7254"}],"replies":[{"embeddable":true,"href":"https:\/\/us.edu.pl\/instytut\/ipo\/wp-json\/wp\/v2\/comments?post=308"}],"version-history":[{"count":9,"href":"https:\/\/us.edu.pl\/instytut\/ipo\/wp-json\/wp\/v2\/pages\/308\/revisions"}],"predecessor-version":[{"id":567,"href":"https:\/\/us.edu.pl\/instytut\/ipo\/wp-json\/wp\/v2\/pages\/308\/revisions\/567"}],"wp:attachment":[{"href":"https:\/\/us.edu.pl\/instytut\/ipo\/wp-json\/wp\/v2\/media?parent=308"}],"curies":[{"name":"wp","href":"https:\/\/api.w.org\/{rel}","templated":true}]}}

<p>[vc_row][vc_column]
                <div class="text-modules">
                    <div class="container">
                        <h3 class="page-title text__title">SKŁAD RADY NAUKOWEJ INSTYTUTU</h3>
                        <div class="text-modules__content"><p><strong>DYREKCJA INSTYTUTU:</strong></p>
<p>prof. dr hab. Dariusz Pawelec &#8211; przewodniczący<br />
dr hab. Magdalena Bąk, prof. UŚ</p>
<p><strong>PROFESOROWIE TYTULARNI:</strong></p>
<p>prof. dr hab. Maria Barłowska<br />
prof. dr hab. Joanna Dembińska-Pawelec<br />
prof. dr hab. Elżbieta Dutka<br />
prof. dr hab. Marian Kisiel<br />
prof. dr hab. Aleksander Nawarecki<br />
prof. dr hab. Józef Olejniczak<br />
prof. dr hab. Dariusz Rott<br />
prof. dr hab. Alina Świeściak-Fast</p>
<p><strong>CZŁONKOWIE RADY WYŁONIENI NA PODSTAWIE DOROBKU:</strong></p>
<p>dr Piotr Gorliński-Kucik<br />
dr hab. Filip Mazurkiewicz, prof. UŚ<br />
dr Katarzyna Niesporek-Klanowska<br />
dr hab. Piotr Bogalecki, prof. UŚ<br />
dr hab. Monika Ładoń, prof. UŚ<br />
dr hab. Małgorzata Wójcik-Dudek, prof. UŚ<br />
dr hab. Iwona Gralewicz-Wolny, prof. UŚ<br />
dr hab. Katarzyna Tałuć, prof. UŚ</p>
</div>
                    </div>
                </div>[/vc_column][/vc_row]</p>
