{"id":499,"date":"2024-02-13T13:02:06","date_gmt":"2024-02-13T12:02:06","guid":{"rendered":"https:\/\/us.edu.pl\/instytut\/ipo\/?page_id=499"},"modified":"2024-03-14T13:21:53","modified_gmt":"2024-03-14T12:21:53","slug":"karolina-starnawska","status":"publish","type":"page","link":"https:\/\/us.edu.pl\/instytut\/ipo\/pracownicy\/karolina-starnawska\/","title":{"rendered":"Karolina Starnawska"},"content":{"rendered":"<p>[vc_row el_class=&#8221;container&#8221;][vc_column width=&#8221;2\/3&#8243;]\r\n                <div class=\"text-modules \">\r\n                    <div class=\"container\">\r\n                        <h3 class=\"section-title section-title_border-bottom\">Karolina Starnawska<\/h3> <h3 class=\"subtitle text-modules__subtitle\">e-mail: karolina.starnawska@us.edu.pl<\/h3>\r\n                        <div class=\"row m-0\">\r\n                            <div class=\"text-modules__content\">\r\n                                 \r\n                                <div class=\"mt-3\"><a href=\"https:\/\/orcid.org\/0000-0002-8276-7058\" class=\"link-button mr-3 \">ORCID<\/a><a href=\"https:\/\/www.researchgate.net\/profile\/Karolina_Starnawska\" class=\"link-button mr-3 \">ResearchGate<\/a><a href=\"https:\/\/scholar.google.com\/citations?user=3eCmsvkAAAAJ&hl=pl&authuser=1\" class=\"link-button mr-3 \">GoogleScholar<\/a><a href=\"https:\/\/www.instagram.com\/lekcje_literatury\/\" class=\"link-button mr-3 \">Instagram <\/a><\/div>\r\n                            <\/div>\r\n                            \r\n                            \r\n                        <\/div>\r\n                    <\/div>\r\n                <\/div>[vc_tta_tabs alignment=&#8221;right&#8221; active_section=&#8221;1&#8243;][vc_tta_section title=&#8221;POLISH&#8221; tab_id=&#8221;1696245225773-eae4e9a1-2c7a&#8221;]\r\n                <div class=\"text-modules\">\r\n                    <div class=\"container\">\r\n                        \r\n                        <div class=\"text-modules__content\"><\/p>\n<p class=\"western\"><strong>dr Karolina Starnawska<\/strong>\u00a0(<i>de domo<\/i> J\u0119drych), adiunkt. Dydaktyczka, polonistka i literaturoznawczyni specjalizuj\u0105ca si\u0119 w literaturze dzieci\u0119cej i m\u0142odzie\u017cowej. W latach 2008\u20132020 nauczycielka j\u0119zyka polskiego w Szkole Spo\u0142ecznej w Bytomiu. Opr\u00f3cz publikacji naukowych ma tak\u017ce w swoim dorobku artyku\u0142y metodyczne i popularyzatorskie kierowane do nauczycieli i rodzic\u00f3w oraz recenzje. Pisze blog www.lekcjepolskiego.pl, prowadzi profil @lekcje_polskiego na Instagramie.<\/p>\n<p><strong>Publikacje:<\/strong><\/p>\n<hr \/>\n<ol>\n<li class=\"western\"><i>Kim jest Gilbert Blythe? Portrety bohatera w powie\u015bci \u201eAnia z Zielonego Wzg\u00f3rza\u201d Lucy Maud Montgomery i serialu \u201eAnia, nie Anna\u201d Moiry Walley-Beckett<\/i>.\u00a0\u201eDzieci\u0144stwo. Literatura i Kultura\u201d,\u00a01(1), s47-69.\u00a0<u><a href=\"https:\/\/doi.org\/10.32798\/dlk.24\">https:\/\/doi.org\/10.32798\/dlk.24<\/a><\/u>.<\/li>\n<li class=\"western\"><i>Pami\u0119tajcie o ogrodach\u2026: obrazy wsi w Febliku Ma\u0142gorzaty Musierowicz<\/i>. W:\u00a0<i>(Od)pami\u0119tywanie \u2013 gry z przesz\u0142o\u015bci\u0105 w literaturze dla dzieci i m\u0142odzie\u017cy<\/i>. Wydawnictwo Uniwersytetu \u015al\u0105skiego. Katowice 2018. ISBN 978-83-226-3306-9, s. 263-275.<\/li>\n<li class=\"western\"><i>Przesuni\u0119cie centrum \u015bwiata i ucieczka na wie\u015b w \u201eFebliku\u201d i \u201eWnuczce do orzech\u00f3w\u201d Ma\u0142gorzaty Musierowicz<\/i>. \u201eAnnales Universitatis Paedagogicae Cracoviensis, Studia Poetica\u201d. Vol. 6 (2018), s. 52-63.<\/li>\n<li class=\"western\"><i>Obraz staro\u015bci i \u015bmierci w renesansowym \u015bwiecie rodziny Borejk\u00f3w<\/i>. W:\u00a0<i>\u015amier\u0107 w literaturze dzieci\u0119cej i m\u0142odzie\u017cowej<\/i>. Wydawnictwo Stowarzyszenia Bibliotekarzy Polskich. Warszawa 2018. ISBN 978-83-65741-11-0, s. 295-308.<\/li>\n<li class=\"western\"><i>Pomnik trwalszy ni\u017c ze spi\u017cu, czyli lepiej by\u0107 profesorem Dmuchawcem ni\u017c Stanis\u0142aw\u0105 Bozowsk\u0105<\/i>. W:\u00a0<i>Przestrzenie spotkania: tom dedykowany Profesor Ewie Jask\u00f3\u0142owej w czterdziestolecie pracy naukowej i dydaktycznej<\/i>. Wydawnictwo Uniwersytetu \u015al\u0105skiego. Katowice 2018.ISBN 978-83-226-3308-3, s. 257-268.<\/li>\n<li class=\"western\"><i>Pani domu czas\u00f3w okupacji \u2013 wizerunek kobiety w ksi\u0105\u017cce \u201eNie wyrzucaj pieni\u0119dzy za okno\u201d: poradnik dla pani domu Marii Kr\u00fcger i Haliny Bieli\u0144skiej<\/i>. W:\u00a0<i>To\u017csamo\u015b\u0107 kobiet w Polsce: interpretacje<\/i>. T. 2.<i>W XX i XXI wieku<\/i>. Wydawnictwo Uniwersytetu Warmi\u0144sko-Mazurskiego. Olsztyn 2016.ISBN 978-83-8100-010-9, s. 81-90.<\/li>\n<li class=\"western\"><i>Za\u0142o\u017cenia dydaktyczne, tematy i bohaterowie \u201eW szkole i w domu\u201d \u2013 zbioru czytanek pod redakcj\u0105 Janiny Mortkowiczowej i Stefanii Sempo\u0142owskiej<\/i>. W:\u00a0<i>\u201eStare\u201d i \u201enowe\u201d w literaturze dla dzieci i m\u0142odzie\u017cy \u2013 ma\u0142e formy narracyjne<\/i>. Wydawnictwo Uniwersytetu Opolskiego. Opole 2017.ISBN 978-83-7395-752-7, s. 45-58.<\/li>\n<li class=\"western\"><i>Magia dzieci\u0119cej wyobra\u017ani w dylogii o Karolci Marii Kr\u00fcger<\/i>. W:\u00a0<i>J\u0119zykowe, literackie i kulturowe \u015bcie\u017cki edukacji polonistycznej (tradycja i wsp\u00f3\u0142czesno\u015b\u0107): ksi\u0119ga jubileuszowa dedykowana Profesor Helenie Synowiec w czterdziestolecie pracy naukowej i dydaktycznej<\/i>. Wydawnictwo Uniwersytetu \u015al\u0105skiego. Katowice 2014. ISBN 978-83-8012-268-0, s. 195-206.<\/li>\n<li class=\"western\"><i>Warszawa jako przestrze\u0144 gry w \u201eKlimku i Klementynce\u201d Marii Kr\u00fcger<\/i>. \u201eAnnales Universitatis Paedagogicae Cracoviensis, Studia Historicolitteraria\u201d. Nr 14 (2014), s. 239-248.<\/li>\n<li class=\"western\"><i>Technopol w krainie wyobra\u017ani: o \u201ePodr\u00f3\u017cach Pana Kleksa\u201d Jana Brzechwy<\/i>. \u201eFiloteknos\u201d. Vol. 5 (2015), s. 71-83.<\/li>\n<\/ol>\n<p>\n<\/div>\r\n                    <\/div>\r\n                <\/div>[\/vc_tta_section][vc_tta_section title=&#8221;ENGLISH&#8221; tab_id=&#8221;1696252715456-7a1c3c83-9fb3&#8243;]\r\n                <div class=\"text-modules\">\r\n                    <div class=\"container\">\r\n                        \r\n                        <div class=\"text-modules__content\"><p><strong>Karolina Starnawska, PhD<\/strong><\/p>\n<p><strong>Assistant Professor in the Institute of Literary Studies<\/strong><\/p>\n<p><strong>Interdisciplinary Centre for Humanist Education Studies<\/strong><\/p>\n<p>&nbsp;<\/p>\n<p><strong>Research interests<\/strong>:<\/p>\n<hr \/>\n<p>Literature for children and adolescents, didactics of literature, the new media and TIK in education, education<\/p>\n<p>&nbsp;<\/p>\n<p><strong>Recent publications:<\/strong><\/p>\n<hr \/>\n<ol>\n<li>W poszukiwaniu szko\u0142y idealnej: opowiadania z serii \u201eZ naszej szko\u0142y\u201d Janiny Mortkowicz [In search of an ideal school: The stories of the series \u201eZ naszej szko\u0142y\u201d by Janina Mortkowicz]. In: Ludzie ksi\u0119gi: wok\u00f3\u0142 wybranych zagadnie\u0144 wydawnictwa Jakuba Mortkowicza (Katowice: Wydawnictwo Uniwersytetu \u015al\u0105skiego, 2020. pp. 71-95).<\/li>\n<li>\u201eKim jest Gilbert Blythe? Portrety bohatera w powie\u015bci Ania z Zielonego Wzg\u00f3rza Lucy Maud Montgomery i serialu Ania, nie Anna Moiry Walley-Beckett\u201d [Who is Gilbert Blythe? Portraits of the main characters of the novel \u201cAnne of Green Gables\u201d by Lucy Maud Montgomery and the TV series \u201cAnne with an E\u201d by Moira Walley-Beckett],\u00a0<em>Dzieci\u0144stwo, Literatura<\/em><em>, Kult<\/em><em>ura<\/em>, vol. 1, 2019, pp. 47-69.<\/li>\n<li>\u201eWr\u00f3ci\u0107 do tajemniczego ogrodu. O potrzebie wyj\u015bcia ze szkolnej \u0142awki\u201d [To return to the secret garden. On leaving school], Konteksty Kultury, vol. 16, 2019, pp. 541-554.<\/li>\n<li>Obraz staro\u015bci i \u015bmierci w renesansowym \u015bwiecie rodziny Borejk\u00f3w [A picture of old age and death in the Renaissance world of the Borejkos]. In: \u015amier\u0107 w literaturze dzieci\u0119cej i m\u0142odzie\u017cowej. (Warszawa: Wydawnictwo Stowarzyszenia Bibliotekarzy Polskich, 2018. pp. 295-308).<\/li>\n<li><em>Portret dziewczynki, dziewczyny i kobiety w powie\u015bciach Marii Kr\u00fcger<\/em>\u00a0[A portrait of the small girl, the young girl and the woman in Maria Kr\u00fcger\u2019s novels] (Katowice: Wydawnictwo Uniwersytetu \u015al\u0105skiego, 2017).<\/li>\n<\/ol>\n<p><strong>\u00a0<\/strong><\/p>\n<p><strong>Research grants:<\/strong><\/p>\n<hr \/>\n<ol>\n<li>\u201cThe V4 Humanities Education for the Climate. Diagnoses \u2013 Best Practices \u2013 Recommendations\u201d, a project financed with the grant from The International Visegrad Fund, member of the Polish research team, 2020\u20132023.<\/li>\n<li>\u201cProjekt wydawniczy Mortkowicza\u201d (\u201eMortkowicz\u2019s publishing project\u201d), a common project of the University of Silesia and Universite Libre de Bruxelle, as part of the bilateral agreement between PAN (the Polish Academy of Sciences) and F.R.S.-FNRS (the Fund for Scientific Research), head of the Polish research team, 2015\u20132017.<\/li>\n<\/ol>\n<p>&nbsp;<\/p>\n<p><strong>Academic outreach and engagement<\/strong><strong>:<\/strong><\/p>\n<hr \/>\n<ol>\n<li>Collaboration with Bractwo O\u015bwiatowe Towarzystwa G\u00f3rno\u015bl\u0105skiego (the Education Company of the Upper Silesian Society) in the organization of three editions of the Silesian Competition of Oxford Debates, 2016\u20132018.<\/li>\n<li>\u201eCzy tylko TIK? Nowe narz\u0119dzia i metody pracy na lekcjach\u201d [Only TIK? New tools and methods used during lessons] \u2014 workshops for the participants of the Silesian Education Congress, Katowice, 2018.<\/li>\n<\/ol>\n<p>\n<\/div>\r\n                    <\/div>\r\n                <\/div>[\/vc_tta_section][\/vc_tta_tabs][\/vc_column][vc_column width=&#8221;1\/3&#8243;]\r\n                <div class=\"text-modules\">\r\n                    <div class=\"container\">\r\n                        \r\n                        <div class=\"text-modules__content\"><\/p>\n<p>&nbsp;<\/p>\n<p><img class=\"alignnone wp-image-500 size-full\" src=\"http:\/\/us.edu.pl\/instytut\/ipo\/wp-content\/uploads\/sites\/74\/Pracownicy\/KStarnawska-200x300-1.jpg\" alt=\"Karolina Starnawska\" width=\"100%\" height=\"auto\" \/><\/p>\n<\/div>\r\n                    <\/div>\r\n                <\/div>[\/vc_column][\/vc_row][vc_row el_class=&#8221;container&#8221;][vc_column width=&#8221;2\/3&#8243;][\/vc_column][vc_column width=&#8221;1\/3&#8243;][\/vc_column][\/vc_row]<\/p>","protected":false},"excerpt":{"rendered":"<p>[vc_row el_class=&#8221;container&#8221;][vc_column width=&#8221;2\/3&#8243;][vc_tta_tabs alignment=&#8221;right&#8221; active_section=&#8221;1&#8243;][vc_tta_section title=&#8221;POLISH&#8221; tab_id=&#8221;1696245225773-eae4e9a1-2c7a&#8221;][\/vc_tta_section][vc_tta_section title=&#8221;ENGLISH&#8221; tab_id=&#8221;1696252715456-7a1c3c83-9fb3&#8243;][\/vc_tta_section][\/vc_tta_tabs][\/vc_column][vc_column width=&#8221;1\/3&#8243;][\/vc_column][\/vc_row][vc_row el_class=&#8221;container&#8221;][vc_column width=&#8221;2\/3&#8243;][\/vc_column][vc_column width=&#8221;1\/3&#8243;][\/vc_column][\/vc_row] [&#8230;]<\/p>\n<p><a class=\"btn btn-secondary understrap-read-more-link\" href=\"https:\/\/us.edu.pl\/instytut\/ipo\/pracownicy\/karolina-starnawska\/\">Read More&#8230;<\/a><\/p>\n","protected":false},"author":7254,"featured_media":0,"parent":84,"menu_order":0,"comment_status":"closed","ping_status":"closed","template":"","meta":{"_expiration-date-status":"","_expiration-date":0,"_expiration-date-type":"","_expiration-date-categories":[],"_expiration-date-options":[]},"acf":[],"_links":{"self":[{"href":"https:\/\/us.edu.pl\/instytut\/ipo\/wp-json\/wp\/v2\/pages\/499"}],"collection":[{"href":"https:\/\/us.edu.pl\/instytut\/ipo\/wp-json\/wp\/v2\/pages"}],"about":[{"href":"https:\/\/us.edu.pl\/instytut\/ipo\/wp-json\/wp\/v2\/types\/page"}],"author":[{"embeddable":true,"href":"https:\/\/us.edu.pl\/instytut\/ipo\/wp-json\/wp\/v2\/users\/7254"}],"replies":[{"embeddable":true,"href":"https:\/\/us.edu.pl\/instytut\/ipo\/wp-json\/wp\/v2\/comments?post=499"}],"version-history":[{"count":4,"href":"https:\/\/us.edu.pl\/instytut\/ipo\/wp-json\/wp\/v2\/pages\/499\/revisions"}],"predecessor-version":[{"id":537,"href":"https:\/\/us.edu.pl\/instytut\/ipo\/wp-json\/wp\/v2\/pages\/499\/revisions\/537"}],"up":[{"embeddable":true,"href":"https:\/\/us.edu.pl\/instytut\/ipo\/wp-json\/wp\/v2\/pages\/84"}],"wp:attachment":[{"href":"https:\/\/us.edu.pl\/instytut\/ipo\/wp-json\/wp\/v2\/media?parent=499"}],"curies":[{"name":"wp","href":"https:\/\/api.w.org\/{rel}","templated":true}]}}