{"id":405,"date":"2020-02-03T11:57:05","date_gmt":"2020-02-03T10:57:05","guid":{"rendered":"http:\/\/us.edu.pl\/instytut\/is\/?page_id=405"},"modified":"2024-07-12T11:45:03","modified_gmt":"2024-07-12T09:45:03","slug":"cwikla-pawel","status":"publish","type":"page","link":"https:\/\/us.edu.pl\/instytut\/is\/cwikla-pawel\/","title":{"rendered":"\u0106wik\u0142a Pawe\u0142"},"content":{"rendered":"<p>[vc_row][vc_column]\r\n                <div class=\"text-modules reverse\">\r\n                    <div class=\"container\">\r\n                        <h3 class=\"section-title section-title_border-bottom\">dr Pawe\u0142 \u0106wik\u0142a<\/h3> <h3 class=\"subtitle text-modules__subtitle\">pawel.cwikla@us.edu.pl<\/h3>\r\n                        <div class=\"row m-0\">\r\n                            <div class=\"text-modules__content\">\r\n                                <strong>ZAINTERESOWANIA NAUKOWE<\/strong><\/p>\n<p>Socjologia literatury, socjologia kultury, historia my\u015bli spo\u0142ecznej<\/p>\n<p><strong>WYBRANE PUBLIKACJE<\/strong><\/p>\n<p><strong>Wybrane ksi\u0105\u017cki:<\/strong><\/p>\n<ul>\n<li>Class and Cultural Narratives. The Silesian Case,: Wydawnictwo Uniwersytetu \u015al\u0105skiego, Katowice 2019 (wsp\u00f3\u0142autorstwo: Monika Gnieciak, Kazimiera W\u00f3dz)<\/li>\n<li>Region kultury. Stanis\u0142awa Bieniasza bycie \u201eu siebie\u201d, Wydawnictwo Bezkresy Wiedzy 2018;<\/li>\n<li>\u201ePoznaj \u017byda\u201d\u2013Antysemityzm wg Teodora Jeske-Choi\u0144skiego, Wydawnictwo Bezkresy Wiedzy 2017;<\/li>\n<li>Boksowanie \u015bwiata \u2013 Wizje \u0142adu spo\u0142ecznego na podstawie tw\u00f3rczo\u015bci Janusza A. Zajdla, wyd. \u015al\u0105sk, Katowice 2006;<\/li>\n<\/ul>\n<p><strong>Wybrane artyku\u0142y:<\/strong><\/p>\n<ul>\n<li>The Historical Novel: Past, Reality and Future. From Interpretation to Sociological Analysis, \u201eNarrative\u201d vol. 32, no 1, January 2024;<\/li>\n<li>On Blind Testing and the Culture of Symposium. In Vino Veritas, (w:) P. Wr\u00f3blewski (red.), Tradition and Change. Scruton&#8217;s Philosophy and its Meaning for Contemporary Europe, wyd. Semper, Warszawa 2022.<\/li>\n<li>Lucien Goldmann, autor \u201eDon Kichota\u201d. Perspektywa socjologii literatury, \u201ePrzegl\u0105d Socjologii Jako\u015bciowej\u201d, nr 4\/2021, s. 28-43.<\/li>\n<li>Go\u015bcinno\u015b\u0107 niejednoznaczna. Analiza wybranych przypadk\u00f3w na przyk\u0142adzie powie\u015bci \u201eLalka\u201d i filmu \u201eGreen Book\u201d, \u201eKultura i Spo\u0142ecze\u0144stwo\u201d, nr 1\/2020, s. 129-148;<\/li>\n<li>Odradzanie si\u0119 regionalnej to\u017csamo\u015bci. na przyk\u0142adzie spo\u0142ecznego otoczenia klubu pi\u0142karskiego \u201eZag\u0142\u0119bie\u201d Sosnowiec, \u201eStudia Socjologiczne\u201d, nr 2\/2017, s. 109-135;<\/li>\n<li>Socjologia w literaturze. Casus \u2018Wojny ko\u0144ca \u015bwiata\u2019 Mario Vargasa Llosy, \u201eStudia Socjologiczne\u201d, nr 2\/2012, s. 47-80;<\/li>\n<\/ul>\n<p>&nbsp;<\/p>\n<p>Pe\u0142ny zestaw publikacji dost\u0119pny w tym miejscu: <a href=\"https:\/\/ab.us.edu.pl\/emp?id=32892&amp;view=P\">Publikacje<\/a><\/p>\n<p>&nbsp;<\/p>\n<p><strong>DODATKOWE INFORMACJE<\/strong><\/p>\n<p><strong>Funkcje:<\/strong><\/p>\n<ul>\n<li>Cz\u0142onek Rady Naukowej Instytut Socjologii (od 2019 r.)<\/li>\n<li>Uczestnictwo w grantach:<\/li>\n<li>&#8211; 2022-2023 &#8211; Cz\u0142onek zespo\u0142u w projekcie\u00a0pt.: <em>Moc Tradycji<\/em>, finansowanym z Europejskiego Funduszu Rozwoju Regionalnego z Programu Interreg V-A Republika Czeska\u2013Polska: <em>Przekraczamy Granice 2014-2020<\/em>; kierownik: dr hab. prof. U\u015a. Piotr Wr\u00f3blewski<\/li>\n<li>2014 &#8211; cz\u0142onek zespo\u0142u w projekcie badawczym RESCuE (<em>Patterns of Resilience during Socioeconomic Crises among Households in Europe<\/em>); kierownik: prof. zw. dr hab. Kazimiera W\u00f3dz.<\/li>\n<li>2007-2011 &#8211; cz\u0142onek zespo\u0142u badawczego SPHERE (<em>Space, Place and the Historical and contemporary articulations of regional, national and European identities through work and community in areas undergoing economic restructuring and regeneration<\/em>)\u2013projekt realizowany w ramach Si\u00f3dmego Europejskiego Programu Ramowego, kierownik: prof. zw. dr hab. Kazimiera W\u00f3dz.<\/li>\n<li>Opiekun praktyk zawodowych na kierunku Socjologia Reklamy i Komunikacja Spo\u0142eczna (2005-2021)<\/li>\n<\/ul>\n<p><strong>ADRESY INTERNETOWE W SIECI<\/strong><\/p>\n<p><a href=\"https:\/\/orcid.org\/0000-0001-6912-0324\">https:\/\/orcid.org\/0000-0001-6912-0324<\/a><\/p>\n<p><a href=\"https:\/\/www.researchgate.net\/profile\/Pawel-Cwikla\">https:\/\/www.researchgate.net\/profile\/Pawel-Cwikla<\/a><\/p>\n<p>&nbsp;<\/p>\n<p>&nbsp;<\/p>\n<p>&nbsp;<\/p>\n<p>&nbsp;<\/p>\n<p>&nbsp;<\/p>\n<p>&nbsp;<\/p>\n<div class=\"mt-3\"><\/div>\r\n                            <\/div>\r\n                            \r\n                            <div class=\"text-modules__img\"><img src=\"https:\/\/us.edu.pl\/instytut\/is\/wp-content\/uploads\/sites\/34\/Bez-kategorii\/Pawel-Cwikla-foto-300x232.png\" alt=\"img\"><\/div>\r\n                        <\/div>\r\n                    <\/div>\r\n                <\/div>[\/vc_column][\/vc_row][vc_row][vc_column][vc_column_text][\/vc_column_text][\/vc_column][\/vc_row][vc_row][vc_column][vc_column_text][\/vc_column_text][\/vc_column][\/vc_row][vc_row][vc_column][vc_column_text]<\/p>","protected":false},"excerpt":{"rendered":"<p>[vc_row][vc_column][\/vc_column][\/vc_row][vc_row][vc_column][vc_column_text][\/vc_column_text][\/vc_column][\/vc_row][vc_row][vc_column][vc_column_text][\/vc_column_text][\/vc_column][\/vc_row][vc_row][vc_column][vc_column_text] [&#8230;]<\/p>\n<p><a class=\"btn btn-secondary understrap-read-more-link\" href=\"https:\/\/us.edu.pl\/instytut\/is\/cwikla-pawel\/\">Read More&#8230;<\/a><\/p>\n","protected":false},"author":191,"featured_media":0,"parent":0,"menu_order":0,"comment_status":"closed","ping_status":"closed","template":"","meta":{"_expiration-date-status":"","_expiration-date":0,"_expiration-date-type":"","_expiration-date-categories":[],"_expiration-date-options":[]},"acf":[],"_links":{"self":[{"href":"https:\/\/us.edu.pl\/instytut\/is\/wp-json\/wp\/v2\/pages\/405"}],"collection":[{"href":"https:\/\/us.edu.pl\/instytut\/is\/wp-json\/wp\/v2\/pages"}],"about":[{"href":"https:\/\/us.edu.pl\/instytut\/is\/wp-json\/wp\/v2\/types\/page"}],"author":[{"embeddable":true,"href":"https:\/\/us.edu.pl\/instytut\/is\/wp-json\/wp\/v2\/users\/191"}],"replies":[{"embeddable":true,"href":"https:\/\/us.edu.pl\/instytut\/is\/wp-json\/wp\/v2\/comments?post=405"}],"version-history":[{"count":8,"href":"https:\/\/us.edu.pl\/instytut\/is\/wp-json\/wp\/v2\/pages\/405\/revisions"}],"predecessor-version":[{"id":2617,"href":"https:\/\/us.edu.pl\/instytut\/is\/wp-json\/wp\/v2\/pages\/405\/revisions\/2617"}],"wp:attachment":[{"href":"https:\/\/us.edu.pl\/instytut\/is\/wp-json\/wp\/v2\/media?parent=405"}],"curies":[{"name":"wp","href":"https:\/\/api.w.org\/{rel}","templated":true}]}}

Ćwikła Paweł

<p>[vc_row][vc_column]
                <div class="text-modules reverse">
                    <div class="container">
                        <h3 class="section-title section-title_border-bottom">dr Paweł Ćwikła</h3> <h3 class="subtitle text-modules__subtitle">pawel.cwikla@us.edu.pl</h3>
                        <div class="row m-0">
                            <div class="text-modules__content">
                                <strong>ZAINTERESOWANIA NAUKOWE</strong></p>
<p>Socjologia literatury, socjologia kultury, historia myśli społecznej</p>
<p><strong>WYBRANE PUBLIKACJE</strong></p>
<p><strong>Wybrane książki:</strong></p>
<ul>
<li>Class and Cultural Narratives. The Silesian Case,: Wydawnictwo Uniwersytetu Śląskiego, Katowice 2019 (współautorstwo: Monika Gnieciak, Kazimiera Wódz)</li>
<li>Region kultury. Stanisława Bieniasza bycie „u siebie”, Wydawnictwo Bezkresy Wiedzy 2018;</li>
<li>„Poznaj Żyda”–Antysemityzm wg Teodora Jeske-Choińskiego, Wydawnictwo Bezkresy Wiedzy 2017;</li>
<li>Boksowanie świata – Wizje ładu społecznego na podstawie twórczości Janusza A. Zajdla, wyd. Śląsk, Katowice 2006;</li>
</ul>
<p><strong>Wybrane artykuły:</strong></p>
<ul>
<li>The Historical Novel: Past, Reality and Future. From Interpretation to Sociological Analysis, „Narrative” vol. 32, no 1, January 2024;</li>
<li>On Blind Testing and the Culture of Symposium. In Vino Veritas, (w:) P. Wróblewski (red.), Tradition and Change. Scruton&#8217;s Philosophy and its Meaning for Contemporary Europe, wyd. Semper, Warszawa 2022.</li>
<li>Lucien Goldmann, autor „Don Kichota”. Perspektywa socjologii literatury, „Przegląd Socjologii Jakościowej”, nr 4/2021, s. 28-43.</li>
<li>Gościnność niejednoznaczna. Analiza wybranych przypadków na przykładzie powieści „Lalka” i filmu „Green Book”, „Kultura i Społeczeństwo”, nr 1/2020, s. 129-148;</li>
<li>Odradzanie się regionalnej tożsamości. na przykładzie społecznego otoczenia klubu piłkarskiego „Zagłębie” Sosnowiec, „Studia Socjologiczne”, nr 2/2017, s. 109-135;</li>
<li>Socjologia w literaturze. Casus ‘Wojny końca świata’ Mario Vargasa Llosy, „Studia Socjologiczne”, nr 2/2012, s. 47-80;</li>
</ul>
<p>&nbsp;</p>
<p>Pełny zestaw publikacji dostępny w tym miejscu: <a href="https://ab.us.edu.pl/emp?id=32892&amp;view=P">Publikacje</a></p>
<p>&nbsp;</p>
<p><strong>DODATKOWE INFORMACJE</strong></p>
<p><strong>Funkcje:</strong></p>
<ul>
<li>Członek Rady Naukowej Instytut Socjologii (od 2019 r.)</li>
<li>Uczestnictwo w grantach:</li>
<li>&#8211; 2022-2023 &#8211; Członek zespołu w projekcie pt.: <em>Moc Tradycji</em>, finansowanym z Europejskiego Funduszu Rozwoju Regionalnego z Programu Interreg V-A Republika Czeska–Polska: <em>Przekraczamy Granice 2014-2020</em>; kierownik: dr hab. prof. UŚ. Piotr Wróblewski</li>
<li>2014 &#8211; członek zespołu w projekcie badawczym RESCuE (<em>Patterns of Resilience during Socioeconomic Crises among Households in Europe</em>); kierownik: prof. zw. dr hab. Kazimiera Wódz.</li>
<li>2007-2011 &#8211; członek zespołu badawczego SPHERE (<em>Space, Place and the Historical and contemporary articulations of regional, national and European identities through work and community in areas undergoing economic restructuring and regeneration</em>)–projekt realizowany w ramach Siódmego Europejskiego Programu Ramowego, kierownik: prof. zw. dr hab. Kazimiera Wódz.</li>
<li>Opiekun praktyk zawodowych na kierunku Socjologia Reklamy i Komunikacja Społeczna (2005-2021)</li>
</ul>
<p><strong>ADRESY INTERNETOWE W SIECI</strong></p>
<p><a href="https://orcid.org/0000-0001-6912-0324">https://orcid.org/0000-0001-6912-0324</a></p>
<p><a href="https://www.researchgate.net/profile/Pawel-Cwikla">https://www.researchgate.net/profile/Pawel-Cwikla</a></p>
<p>&nbsp;</p>
<p>&nbsp;</p>
<p>&nbsp;</p>
<p>&nbsp;</p>
<p>&nbsp;</p>
<p>&nbsp;</p>
<div class="mt-3"></div>
                            </div>
                            
                            <div class="text-modules__img"><img src="https://us.edu.pl/instytut/is/wp-content/uploads/sites/34/Bez-kategorii/Pawel-Cwikla-foto-300x232.png" alt="img"></div>
                        </div>
                    </div>
                </div>[/vc_column][/vc_row][vc_row][vc_column][vc_column_text][/vc_column_text][/vc_column][/vc_row][vc_row][vc_column][vc_column_text][/vc_column_text][/vc_column][/vc_row][vc_row][vc_column][vc_column_text]</p>
