{"id":121,"date":"2020-11-17T09:55:34","date_gmt":"2020-11-17T08:55:34","guid":{"rendered":"https:\/\/us.edu.pl\/instytut\/isft\/?page_id=121"},"modified":"2024-01-12T10:52:47","modified_gmt":"2024-01-12T09:52:47","slug":"dyrekcja-i-rada-naukowa","status":"publish","type":"page","link":"https:\/\/us.edu.pl\/instytut\/isft\/en\/dyrekcja-i-rada-naukowa\/","title":{"rendered":"Members"},"content":{"rendered":"<p>[vc_row title=&#8221;&#8221;][vc_column]\r\n                <div class=\"text-modules\">\r\n                    <div class=\"container\">\r\n                        \r\n                        <div class=\"text-modules__content\"><\/p>\n<div class=\"row\">\n<ul style=\"list-style-type: square;\">\n<li><a href=\"http:\/\/www.writv.us.edu.pl\/en\/teachers\/item\/264-fidyk-andrzej-en\" target=\"_blank\" rel=\"noopener noreferrer\">Prof. dr hab. Andrzej Fidyk<\/a><\/li>\n<li><a href=\"http:\/\/www.writv.us.edu.pl\/en\/teachers\/item\/278-musial-janusz-en\" target=\"_blank\" rel=\"noopener noreferrer\">Prof. dr hab. Janusz Musia\u0142<\/a><\/li>\n<li><a href=\"http:\/\/www.writv.us.edu.pl\/en\/teachers\/item\/272-pieprzyca-maciej-en\" target=\"_blank\" rel=\"noopener noreferrer\">Prof. dr hab. Maciej Pieprzyca<\/a><\/li>\n<li><a href=\"http:\/\/www.writv.us.edu.pl\/en\/teachers\/item\/269-sikora-adam-en\" target=\"_blank\" rel=\"noopener noreferrer\">Prof. dr hab. Adam Sikora<\/a><\/li>\n<li><a href=\"http:\/\/www.writv.us.edu.pl\/en\/teachers\/item\/265-zanussi-krzysztof-en\" target=\"_blank\" rel=\"noopener noreferrer\">Prof. dr hab. Krzysztof Zanussi<\/a><\/li>\n<li><a href=\"http:\/\/www.writv.us.edu.pl\/en\/teachers\/item\/261-lukaszewicz-jerzy-en\" target=\"_blank\" rel=\"noopener noreferrer\">Prof. dr hab. Jerzy \u0141ukaszewicz<\/a><\/li>\n<li><a href=\"http:\/\/www.writv.us.edu.pl\/en\/teachers\/item\/258-dziworski-bogdan-en\" target=\"_blank\" rel=\"noopener noreferrer\">Prof. dr hab. Bogdan Dziworski<\/a><\/li>\n<li><a href=\"http:\/\/www.writv.us.edu.pl\/en\/teachers\/item\/276-drzazga-dagmara-en\" target=\"_blank\" rel=\"noopener noreferrer\">Dr hab. Dagmara Drzazga, prof. U\u015a<\/a><\/li>\n<li><a href=\"http:\/\/www.writv.us.edu.pl\/en\/teachers\/item\/279-koszalka-marcin-en\" target=\"_blank\" rel=\"noopener noreferrer\">Dr hab. Marcin Kosza\u0142ka, prof. U\u015a<\/a><\/li>\n<li><a href=\"http:\/\/www.writv.us.edu.pl\/en\/teachers\/item\/512-rafal-milach-en\" target=\"_blank\" rel=\"noopener noreferrer\">Dr hab. Rafa\u0142 Milach, prof. U\u015a<\/a><\/li>\n<li><a href=\"http:\/\/www.writv.us.edu.pl\/en\/teachers\/item\/273-rosa-michal-en\" target=\"_blank\" rel=\"noopener noreferrer\">Dr hab. in\u017c. Micha\u0142 Rosa<\/a><\/li>\n<li><a href=\"http:\/\/www.writv.us.edu.pl\/en\/teachers\/item\/291-chorzepa-pawel-en\" target=\"_blank\" rel=\"noopener noreferrer\">Dr hab. Pawe\u0142 Chorz\u0119pa<\/a><\/li>\n<li><a href=\"http:\/\/www.writv.us.edu.pl\/en\/teachers\/item\/323-swierszcz-villqist-jaroslaw-en\" target=\"_blank\" rel=\"noopener noreferrer\">Dr Jaros\u0142aw \u015awierszcz, prof. U\u015a<\/a><\/li>\n<li><a href=\"http:\/\/www.writv.us.edu.pl\/en\/teachers\/item\/271-czernow-ryszard-en\" target=\"_blank\" rel=\"noopener noreferrer\">Dr hab. Ryszard Czernow, prof. U\u015a<\/a><\/li>\n<li><a href=\"http:\/\/www.writv.us.edu.pl\/en\/teachers\/item\/293-pawelec-dariusz-en\" target=\"_blank\" rel=\"noopener noreferrer\">Dr hab. Dariusz Pawelec, prof. U\u015a<\/a><\/li>\n<li><a href=\"http:\/\/www.writv.us.edu.pl\/en\/teachers\/item\/281-dzianowicz-beata-en\" target=\"_blank\" rel=\"noopener noreferrer\">Dr hab. Beata Dzianowicz<\/a><\/li>\n<li><a href=\"http:\/\/www.writv.us.edu.pl\/en\/teachers\/item\/454-matuszynski-jan-pawel-en\" target=\"_blank\" rel=\"noopener noreferrer\">Dr Jan Matuszy\u0144ski<\/a><\/li>\n<li><a href=\"http:\/\/www.writv.us.edu.pl\/en\/teachers\/item\/288-huth-anna-en\" target=\"_blank\" rel=\"noopener noreferrer\">Dr Anna Huth<\/a><\/li>\n<li><a href=\"http:\/\/www.writv.us.edu.pl\/en\/teachers\/item\/282-kowalczyk-andrzej-en\" target=\"_blank\" rel=\"noopener noreferrer\">Dr Andrzej Kowalczyk<\/a><\/li>\n<li><a href=\"http:\/\/www.writv.us.edu.pl\/en\/teachers\/item\/579-tomasz-gudzowanty-en\" target=\"_blank\" rel=\"noopener noreferrer\">Dr Tomasz Gudzowaty<\/a><\/li>\n<li><a href=\"http:\/\/www.writv.us.edu.pl\/en\/teachers\/item\/290-baka-lukasz-en\" target=\"_blank\" rel=\"noopener noreferrer\">Dr \u0141ukasz Baka<\/a><\/li>\n<li><a href=\"http:\/\/www.writv.us.edu.pl\/en\/teachers\/item\/286-trela-ptaszynska-jolanta-en\" target=\"_blank\" rel=\"noopener noreferrer\">Dr Jolanta Trela-Ptaszy\u0144ska<\/a><\/li>\n<li><a href=\"http:\/\/www.writv.us.edu.pl\/en\/teachers\/item\/301-konopka-bartosz-en\" target=\"_blank\" rel=\"noopener noreferrer\">Mgr Bartosz Konopka<\/a><\/li>\n<li><a href=\"http:\/\/www.writv.us.edu.pl\/en\/teachers\/item\/450-domin-malgorzata-en\" target=\"_blank\" rel=\"noopener noreferrer\">Mgr Ma\u0142gorzata Domin<\/a><\/li>\n<\/ul>\n<\/div>\n<p>\n<\/div>\r\n                    <\/div>\r\n                <\/div>[\/vc_column][\/vc_row]<\/p>","protected":false},"excerpt":{"rendered":"<p>[vc_row title=&#8221;&#8221;][vc_column][\/vc_column][\/vc_row] [&#8230;]<\/p>\n<p><a class=\"btn btn-secondary understrap-read-more-link\" href=\"https:\/\/us.edu.pl\/instytut\/isft\/en\/dyrekcja-i-rada-naukowa\/\">Read More&#8230;<\/a><\/p>\n","protected":false},"author":29,"featured_media":0,"parent":0,"menu_order":0,"comment_status":"closed","ping_status":"closed","template":"","meta":{"_expiration-date-status":"","_expiration-date":0,"_expiration-date-type":"","_expiration-date-categories":[],"_expiration-date-options":[]},"acf":[],"_links":{"self":[{"href":"https:\/\/us.edu.pl\/instytut\/isft\/en\/wp-json\/wp\/v2\/pages\/121"}],"collection":[{"href":"https:\/\/us.edu.pl\/instytut\/isft\/en\/wp-json\/wp\/v2\/pages"}],"about":[{"href":"https:\/\/us.edu.pl\/instytut\/isft\/en\/wp-json\/wp\/v2\/types\/page"}],"author":[{"embeddable":true,"href":"https:\/\/us.edu.pl\/instytut\/isft\/en\/wp-json\/wp\/v2\/users\/29"}],"replies":[{"embeddable":true,"href":"https:\/\/us.edu.pl\/instytut\/isft\/en\/wp-json\/wp\/v2\/comments?post=121"}],"version-history":[{"count":10,"href":"https:\/\/us.edu.pl\/instytut\/isft\/en\/wp-json\/wp\/v2\/pages\/121\/revisions"}],"predecessor-version":[{"id":618,"href":"https:\/\/us.edu.pl\/instytut\/isft\/en\/wp-json\/wp\/v2\/pages\/121\/revisions\/618"}],"wp:attachment":[{"href":"https:\/\/us.edu.pl\/instytut\/isft\/en\/wp-json\/wp\/v2\/media?parent=121"}],"curies":[{"name":"wp","href":"https:\/\/api.w.org\/{rel}","templated":true}]}}

<p>[vc_row title=&#8221;&#8221;][vc_column]
                <div class="text-modules">
                    <div class="container">
                        
                        <div class="text-modules__content"></p>
<div class="row">
<ul style="list-style-type: square;">
<li><a href="http://www.writv.us.edu.pl/en/teachers/item/264-fidyk-andrzej-en" target="_blank" rel="noopener noreferrer">Prof. dr hab. Andrzej Fidyk</a></li>
<li><a href="http://www.writv.us.edu.pl/en/teachers/item/278-musial-janusz-en" target="_blank" rel="noopener noreferrer">Prof. dr hab. Janusz Musiał</a></li>
<li><a href="http://www.writv.us.edu.pl/en/teachers/item/272-pieprzyca-maciej-en" target="_blank" rel="noopener noreferrer">Prof. dr hab. Maciej Pieprzyca</a></li>
<li><a href="http://www.writv.us.edu.pl/en/teachers/item/269-sikora-adam-en" target="_blank" rel="noopener noreferrer">Prof. dr hab. Adam Sikora</a></li>
<li><a href="http://www.writv.us.edu.pl/en/teachers/item/265-zanussi-krzysztof-en" target="_blank" rel="noopener noreferrer">Prof. dr hab. Krzysztof Zanussi</a></li>
<li><a href="http://www.writv.us.edu.pl/en/teachers/item/261-lukaszewicz-jerzy-en" target="_blank" rel="noopener noreferrer">Prof. dr hab. Jerzy Łukaszewicz</a></li>
<li><a href="http://www.writv.us.edu.pl/en/teachers/item/258-dziworski-bogdan-en" target="_blank" rel="noopener noreferrer">Prof. dr hab. Bogdan Dziworski</a></li>
<li><a href="http://www.writv.us.edu.pl/en/teachers/item/276-drzazga-dagmara-en" target="_blank" rel="noopener noreferrer">Dr hab. Dagmara Drzazga, prof. UŚ</a></li>
<li><a href="http://www.writv.us.edu.pl/en/teachers/item/279-koszalka-marcin-en" target="_blank" rel="noopener noreferrer">Dr hab. Marcin Koszałka, prof. UŚ</a></li>
<li><a href="http://www.writv.us.edu.pl/en/teachers/item/512-rafal-milach-en" target="_blank" rel="noopener noreferrer">Dr hab. Rafał Milach, prof. UŚ</a></li>
<li><a href="http://www.writv.us.edu.pl/en/teachers/item/273-rosa-michal-en" target="_blank" rel="noopener noreferrer">Dr hab. inż. Michał Rosa</a></li>
<li><a href="http://www.writv.us.edu.pl/en/teachers/item/291-chorzepa-pawel-en" target="_blank" rel="noopener noreferrer">Dr hab. Paweł Chorzępa</a></li>
<li><a href="http://www.writv.us.edu.pl/en/teachers/item/323-swierszcz-villqist-jaroslaw-en" target="_blank" rel="noopener noreferrer">Dr Jarosław Świerszcz, prof. UŚ</a></li>
<li><a href="http://www.writv.us.edu.pl/en/teachers/item/271-czernow-ryszard-en" target="_blank" rel="noopener noreferrer">Dr hab. Ryszard Czernow, prof. UŚ</a></li>
<li><a href="http://www.writv.us.edu.pl/en/teachers/item/293-pawelec-dariusz-en" target="_blank" rel="noopener noreferrer">Dr hab. Dariusz Pawelec, prof. UŚ</a></li>
<li><a href="http://www.writv.us.edu.pl/en/teachers/item/281-dzianowicz-beata-en" target="_blank" rel="noopener noreferrer">Dr hab. Beata Dzianowicz</a></li>
<li><a href="http://www.writv.us.edu.pl/en/teachers/item/454-matuszynski-jan-pawel-en" target="_blank" rel="noopener noreferrer">Dr Jan Matuszyński</a></li>
<li><a href="http://www.writv.us.edu.pl/en/teachers/item/288-huth-anna-en" target="_blank" rel="noopener noreferrer">Dr Anna Huth</a></li>
<li><a href="http://www.writv.us.edu.pl/en/teachers/item/282-kowalczyk-andrzej-en" target="_blank" rel="noopener noreferrer">Dr Andrzej Kowalczyk</a></li>
<li><a href="http://www.writv.us.edu.pl/en/teachers/item/579-tomasz-gudzowanty-en" target="_blank" rel="noopener noreferrer">Dr Tomasz Gudzowaty</a></li>
<li><a href="http://www.writv.us.edu.pl/en/teachers/item/290-baka-lukasz-en" target="_blank" rel="noopener noreferrer">Dr Łukasz Baka</a></li>
<li><a href="http://www.writv.us.edu.pl/en/teachers/item/286-trela-ptaszynska-jolanta-en" target="_blank" rel="noopener noreferrer">Dr Jolanta Trela-Ptaszyńska</a></li>
<li><a href="http://www.writv.us.edu.pl/en/teachers/item/301-konopka-bartosz-en" target="_blank" rel="noopener noreferrer">Mgr Bartosz Konopka</a></li>
<li><a href="http://www.writv.us.edu.pl/en/teachers/item/450-domin-malgorzata-en" target="_blank" rel="noopener noreferrer">Mgr Małgorzata Domin</a></li>
</ul>
</div>
<p>
</div>
                    </div>
                </div>[/vc_column][/vc_row]</p>
