{"id":361,"date":"2021-01-20T11:23:37","date_gmt":"2021-01-20T10:23:37","guid":{"rendered":"https:\/\/us.edu.pl\/instytut\/isft\/?page_id=361"},"modified":"2021-07-28T12:30:00","modified_gmt":"2021-07-28T10:30:00","slug":"film-proxy","status":"publish","type":"page","link":"https:\/\/us.edu.pl\/instytut\/isft\/film-proxy\/","title":{"rendered":"Film Proxy"},"content":{"rendered":"<p>[vc_row][vc_column][vc_single_image image=&#8221;374&#8243; img_size=&#8221;large&#8221; alignment=&#8221;center&#8221;][\/vc_column][\/vc_row][vc_row][vc_column]\r\n                <div class=\"text-modules\">\r\n                    <div class=\"container\">\r\n                        <h3 class=\"page-title text__title\">Film Proxy - kontakt z profesjonalistami z bran\u017cy filmowej<\/h3>\r\n                        <div class=\"text-modules__content\"><p><strong>Film Proxy zajmuje si\u0119 wyszukiwaniem m\u0142odych utalentowanych przedstawicieli zawod\u00f3w filmowych w Polsce, zanim jeszcze zostan\u0105 oni odkryci przez bran\u017c\u0119 filmow\u0105. Przygotowuje swoich uczestnik\u00f3w do nawigowania w mi\u0119dzynarodowym otoczeniu filmowym oraz pomaga im zbudowa\u0107 sieci profesjonalnych kontakt\u00f3w z bran\u017c\u0105. W ten spos\u00f3b projekt odpowiada na potrzeb\u0119 pocz\u0105tkuj\u0105cych filmowc\u00f3w posiadania mentora, kt\u00f3ry wprowadzi ich do bran\u017cy filmowej. Co wa\u017cne, FP robi to na skal\u0119 mi\u0119dzynarodow\u0105.<\/strong><\/p>\n<p>Film Proxy oferuje r\u00f3wnie\u017c sesje szkoleniowe, kt\u00f3re umo\u017cliwiaj\u0105 uczestnikom pozostanie na bie\u017c\u0105co z najnowszymi trendami i technologiami.<\/p>\n<p>Celem Film Proxy jest stworzenie sieci po\u0142\u0105cze\u0144 pomi\u0119dzy mi\u0119dzynarodowymi i lokalnymi profesjonalnymi producentami audiowizualnymi, domami produkcyjnymi i postprodukcyjnymi, re\u017cyserami a m\u0142odymi polskimi przedstawicielami zawod\u00f3w filmowych.<\/p>\n<p>Wsp\u00f3\u0142dzia\u0142anie ze Szko\u0142\u0105 Filmow\u0105 im. K. Kie\u015blowskiego umo\u017cliwia Film Proxy na osi\u0105gni\u0119cie wyznaczonego celu bez wzgl\u0119du na ewentualny rezultat finansowy.<\/p>\n<\/div>\r\n                    <\/div>\r\n                <\/div>[\/vc_column][\/vc_row][vc_row][vc_column]\r\n                <div class=\"text-modules \">\r\n                    <div class=\"container\">\r\n                         \r\n                        <div class=\"row m-0\">\r\n                            <div class=\"text-modules__content\">\r\n                                Film Proxy to miejsce dla pocz\u0105tkuj\u0105cych przedstawicieli tzw. zawod\u00f3w filmowych below-the-line, jak: operator zdj\u0119\u0107, mistrz o\u015bwietlenia, monta\u017cysta, realizator d\u017awi\u0119ku na planie, animator, specjalista od efekt\u00f3w specjalnych.<\/p>\n<p>Film Proxy oferuje szereg specjalistycznych szkole\u0144 dla tych zawod\u00f3w, ale r\u00f3wnie\u017c zajmuje si\u0119 promocj\u0105 ich us\u0142ug na arenie mi\u0119dzynarodowej poprzez organizacj\u0119 spotka\u0144 z domami produkcyjnymi i posprodukcyjnymi oraz seri\u0119 wydarze\u0144 podczas mi\u0119dzynarodowych festiwali filmowych. \r\n                                <div class=\"mt-3\"><\/div>\r\n                            <\/div>\r\n                            \r\n                            <div class=\"text-modules__img\"><img src=\"https:\/\/us.edu.pl\/instytut\/isft\/wp-content\/uploads\/sites\/49\/Nieprzypisane\/poj-galleria6-300x150.jpg\" alt=\"img\"><\/div>\r\n                        <\/div>\r\n                    <\/div>\r\n                <\/div>[\/vc_column][\/vc_row]<\/p>","protected":false},"excerpt":{"rendered":"<p>[vc_row][vc_column][vc_single_image image=&#8221;374&#8243; img_size=&#8221;large&#8221; alignment=&#8221;center&#8221;][\/vc_column][\/vc_row][vc_row][vc_column][\/vc_column][\/vc_row][vc_row][vc_column][\/vc_column][\/vc_row] [&#8230;]<\/p>\n<p><a class=\"btn btn-secondary understrap-read-more-link\" href=\"https:\/\/us.edu.pl\/instytut\/isft\/film-proxy\/\">Read More&#8230;<\/a><\/p>\n","protected":false},"author":2787,"featured_media":0,"parent":0,"menu_order":0,"comment_status":"closed","ping_status":"closed","template":"","meta":{"_expiration-date-status":"saved","_expiration-date":0,"_expiration-date-type":"","_expiration-date-categories":[],"_expiration-date-options":[]},"acf":[],"_links":{"self":[{"href":"https:\/\/us.edu.pl\/instytut\/isft\/wp-json\/wp\/v2\/pages\/361"}],"collection":[{"href":"https:\/\/us.edu.pl\/instytut\/isft\/wp-json\/wp\/v2\/pages"}],"about":[{"href":"https:\/\/us.edu.pl\/instytut\/isft\/wp-json\/wp\/v2\/types\/page"}],"author":[{"embeddable":true,"href":"https:\/\/us.edu.pl\/instytut\/isft\/wp-json\/wp\/v2\/users\/2787"}],"replies":[{"embeddable":true,"href":"https:\/\/us.edu.pl\/instytut\/isft\/wp-json\/wp\/v2\/comments?post=361"}],"version-history":[{"count":8,"href":"https:\/\/us.edu.pl\/instytut\/isft\/wp-json\/wp\/v2\/pages\/361\/revisions"}],"predecessor-version":[{"id":556,"href":"https:\/\/us.edu.pl\/instytut\/isft\/wp-json\/wp\/v2\/pages\/361\/revisions\/556"}],"wp:attachment":[{"href":"https:\/\/us.edu.pl\/instytut\/isft\/wp-json\/wp\/v2\/media?parent=361"}],"curies":[{"name":"wp","href":"https:\/\/api.w.org\/{rel}","templated":true}]}}