{"id":1658,"date":"2020-03-26T14:20:42","date_gmt":"2020-03-26T13:20:42","guid":{"rendered":"https:\/\/us.edu.pl\/instytut\/ismuz\/?page_id=1658"},"modified":"2020-03-29T13:55:25","modified_gmt":"2020-03-29T11:55:25","slug":"wieslaw-cienciala","status":"publish","type":"page","link":"https:\/\/us.edu.pl\/instytut\/ismuz\/pracownicy\/wieslaw-cienciala\/","title":{"rendered":"prof. dr hab. Wies\u0142aw Ciencia\u0142a"},"content":{"rendered":"<p>[vc_row][vc_column]\r\n                <div class=\"text-modules reverse\">\r\n                    <div class=\"container\">\r\n                        <h3 class=\"section-title section-title_border-bottom\">prof. dr hab. Wies\u0142aw Ciencia\u0142a<\/h3> \r\n                        <div class=\"row m-0\">\r\n                            <div class=\"text-modules__content\">\r\n                                <\/p>\n<p style=\"text-align: justify\"><strong>Wies\u0142aw Ciencia\u0142a<\/strong> &#8211; profesor sztuk muzycznych (kompozycja); absolwent \u00a0Akademii Muzycznej im.\u00a0K.\u00a0Szymanowskiego w\u00a0Katowicach (teoria muzyki 1987, kompozycja 1989);<\/p>\n<p style=\"text-align: justify\">dorobek: trzy autorskie p\u0142yty\u00a0CD, udzia\u0142 \u00a0(pojedyncze utwory) w\u00a0kilkunastu p\u0142ytach\u00a0CD;<\/p>\n<p style=\"text-align: justify\">udzia\u0142 w\u00a0kilku festiwalach muzyki wsp\u00f3\u0142czesnej o\u00a0najwy\u017cszej randze, np.\u00a0Warszawska Jesie\u0144 (Warszawa), Deux Visages de\u00a0l&#8217;\u00c9lectroacoustique Festival \u00a0(Bruksela), MELOS-\u00c9TOS (Bratys\u0142awa), Hudebni Sou\u0107asnost (Ostrawa), POLISH ARTS FESTIVAL (Essex), TWO days &amp; nights of new music (Odessa), \u00a0Musica Polonica Nova (Wroc\u0142aw), \u015al\u0105skie Dni Muzyki Wsp\u00f3\u0142czesnej\u00a0(Katowice);<\/p>\n<p style=\"text-align: justify\">wykonania utwor\u00f3w w\u00a0Polsce i\u00a0za granic\u0105 (do roku 2019:\u00a0Austria, Belgia, Chiny, Chorwacja, Czarnog\u00f3ra, Czechy, Finlandia,\u00a0Hiszpania, Litwa, Niemcy, Portugalia, Serbia, S\u0142owacja, S\u0142owenia,\u00a0Szwecja, Ukraina, Wielka Brytania);<\/p>\n<p style=\"text-align: justify\">w repertuarze wielu wykonawc\u00f3w jest &#8222;Cadenza&#8221; na akordeon solo, utw\u00f3r wielokrotnie wykonywany na znacz\u0105cych konkursach: Arrasate Hiria \u00a0Nazioarteko Lehiaketa (Arrasate \/ Mondrag\u00f3n &#8211; Hiszpania), Coupe\u00a0Mondiale (Szanghaj &#8211; Chiny, Kowno &#8211; Litwa), Tarptautinis Akordeonistu Konkursas (Wilno &#8211; Litwa), Bistri\u010dki Zvukolik (Marija Bistrica\u00a0&#8211;\u00a0Chorwacja), Glazbene staze: VOLIM, VOLIM, VOLIM! (Zagrzeb &#8211; Chorwacja), PROGRAMSKA KNJI\u017dICA (Daruvar &#8211; Chorwacja), Produkcija \u00a0odjela za orgulje, udaraljke i harmoniku (Vara\u017edin &#8211; Chorwacja), \u00a0Me\u0111unarodni festival harmonike (Tivat &#8211; Czarnog\u00f3ra), International Music Competition (Belgrad &#8211; Serbia), PANNONIACCORDION (Murska Sobota &#8211; S\u0142owenia);<\/p>\n<p style=\"text-align: justify\">z Uniwersytetem \u015al\u0105skim zwi\u0105zany od roku 1987, od roku 2012 zatrudniony na stanowisku profesora; w\u00a0latach 1993-1997 by\u0142 wyk\u0142adowc\u0105, a\u00a0w\u00a0latach 2003-2012 profesorem Akademii Muzycznej w\u00a0Katowicach; pracowa\u0142 tak\u017ce w\u00a0Institut pro Um\u011bleck\u00e1 Studia w\u00a0Ostrawie (Czechy) oraz Akad\u00e9mia Umen\u00ed \/ Fakulta Muzick\u00fdch Umen\u00ed w\u00a0Ba\u0144skiej Bystrzycy (S\u0142owacja); w\u00a0kadencji 2008-2012 dziekan Wydzia\u0142u Artystycznego w\u00a0Cieszynie;<\/p>\n<p style=\"text-align: justify\">dydaktyka oparta o\u00a0w\u0142asne\u00a0do\u015bwiadczenia muzyczne (kompozycja) i\u00a0komputerowe.<\/p>\n<p style=\"text-align: justify\"><a href=\"https:\/\/www.polmic.pl\/index.php?option=com_mwosoby&amp;id=398&amp;litera=3&amp;view=czlowiek&amp;Itemid=5&amp;lang=pl\">https:\/\/www.polmic.pl<\/a><\/p>\n<p>\u00a0 \r\n                                <div class=\"mt-3\"><\/div>\r\n                            <\/div>\r\n                            \r\n                            <div class=\"text-modules__img\"><img src=\"https:\/\/us.edu.pl\/instytut\/ismuz\/wp-content\/uploads\/sites\/54\/Nieprzypisane\/Ciencia\u0142a-Wies\u0142aw.jpg\" alt=\"img\"><\/div>\r\n                        <\/div>\r\n                    <\/div>\r\n                <\/div>[\/vc_column][\/vc_row]<\/p>","protected":false},"excerpt":{"rendered":"<p>[vc_row][vc_column][\/vc_column][\/vc_row] [&#8230;]<\/p>\n<p><a class=\"btn btn-secondary understrap-read-more-link\" href=\"https:\/\/us.edu.pl\/instytut\/ismuz\/pracownicy\/wieslaw-cienciala\/\">Read More&#8230;<\/a><\/p>\n","protected":false},"author":362,"featured_media":0,"parent":189,"menu_order":10,"comment_status":"closed","ping_status":"closed","template":"","meta":{"_expiration-date-status":"saved","_expiration-date":0,"_expiration-date-type":"","_expiration-date-categories":[],"_expiration-date-options":[]},"acf":[],"_links":{"self":[{"href":"https:\/\/us.edu.pl\/instytut\/ismuz\/wp-json\/wp\/v2\/pages\/1658"}],"collection":[{"href":"https:\/\/us.edu.pl\/instytut\/ismuz\/wp-json\/wp\/v2\/pages"}],"about":[{"href":"https:\/\/us.edu.pl\/instytut\/ismuz\/wp-json\/wp\/v2\/types\/page"}],"author":[{"embeddable":true,"href":"https:\/\/us.edu.pl\/instytut\/ismuz\/wp-json\/wp\/v2\/users\/362"}],"replies":[{"embeddable":true,"href":"https:\/\/us.edu.pl\/instytut\/ismuz\/wp-json\/wp\/v2\/comments?post=1658"}],"version-history":[{"count":5,"href":"https:\/\/us.edu.pl\/instytut\/ismuz\/wp-json\/wp\/v2\/pages\/1658\/revisions"}],"predecessor-version":[{"id":1753,"href":"https:\/\/us.edu.pl\/instytut\/ismuz\/wp-json\/wp\/v2\/pages\/1658\/revisions\/1753"}],"up":[{"embeddable":true,"href":"https:\/\/us.edu.pl\/instytut\/ismuz\/wp-json\/wp\/v2\/pages\/189"}],"wp:attachment":[{"href":"https:\/\/us.edu.pl\/instytut\/ismuz\/wp-json\/wp\/v2\/media?parent=1658"}],"curies":[{"name":"wp","href":"https:\/\/api.w.org\/{rel}","templated":true}]}}