{"id":1827,"date":"2020-03-30T21:37:29","date_gmt":"2020-03-30T19:37:29","guid":{"rendered":"https:\/\/us.edu.pl\/instytut\/ismuz\/?page_id=1827"},"modified":"2020-03-31T13:33:07","modified_gmt":"2020-03-31T11:33:07","slug":"bogumila-dunikowska","status":"publish","type":"page","link":"https:\/\/us.edu.pl\/instytut\/ismuz\/pracownicy\/bogumila-dunikowska\/","title":{"rendered":"dr hab. Bogumi\u0142a-Faustyna Maria Dunikowska prof. U\u015a"},"content":{"rendered":"<p>[vc_row][vc_column]\r\n                <div class=\"text-modules reverse\">\r\n                    <div class=\"container\">\r\n                        <h3 class=\"section-title section-title_border-bottom\">dr hab. Bogumi\u0142a-Faustyna Maria Dunikowska prof. U\u015a<\/h3> \r\n                        <div class=\"row m-0\">\r\n                            <div class=\"text-modules__content\">\r\n                                <\/p>\n<p style=\"text-align: justify\"><strong>Bogumi\u0142a-Faustyna Maria Dunikowska<\/strong> &#8211; koncertuj\u0105ca organistka, pianistka, improwizatorka, kompozytorka, pedagog i\u00a0teolog. Na drog\u0119 rozwoju pianistycznego wkroczy\u0142a maj\u0105c 5\u00a0lat i\u00a0znalaz\u0142a si\u0119 pod opiek\u0105 improwizatora Paw\u0142a Winnickiego, a\u00a0potem w\u00a0katowickiej POSM I\u00a0i\u00a0II\u00a0st. pod kierunkiem pianisty i\u00a0improwizatora Ernesta Ma\u0142ka oraz pianistki Heleny Drathowej. W\u00a0liceum muzycznym pod okiem J\u00f3zefa Podleskiego doskonali\u0142a improwizacj\u0119 fortepianow\u0105 i\u00a0ona to w\u0142a\u015bnie &#8211; jak p\u00f3\u017aniej tak\u017ce organowa &#8211; sta\u0142a si\u0119 pasj\u0105 rozwijan\u0105 przez ca\u0142e \u017cycie. Z\u00a0wyr\u00f3\u017cnieniem zda\u0142a matur\u0119 z\u00a0fortepianu w\u00a0PLM w\u00a0Katowicach, a\u00a0ju\u017c w\u00a0wieku 17 lat by\u0142a studentk\u0105 drugiego roku stacjonarnych magisterskich studi\u00f3w pianistycznych w\u00a0klasie prof.\u00a0Marii Kubie\u0144-Uszokowej na Wydziale Instrumentalnym katowickiej Akademii Muzycznej. Na tym\u017ce Wydziale podj\u0119\u0142a r\u00f3wnie\u017c stacjonarne studia magisterskie w\u00a0klasie organ\u00f3w pod kierunkiem profesora Juliana Gembalskiego, u\u00a0kt\u00f3rego kszta\u0142ci\u0142a si\u0119 tak\u017ce w\u00a0improwizacji organowej. Uczestniczy\u0142a w\u00a0wielu kursach mistrzowskich M.\u00a0Eisenberga, U.\u00a0Spang-Hanssena, J.C.\u00a0Zehndera, Ch.\u00a0Bosserta, B.\u00a0Oberhammera, M-C.\u00a0Alain. Studia w\u00a0Akademii Muzycznej uko\u0144czy\u0142a z\u00a0dyplomami w\u00a0obu specjalno\u015bciach.<\/p>\n<p style=\"text-align: justify\">W\u00a0wieku 23\u00a0lat rozpocz\u0119\u0142a prac\u0119 naukowo-dydaktyczn\u0105 na Uniwersytecie \u015al\u0105skim w\u00a0Cieszynie. Doktorat ze sztuki muzycznej w\u00a0grze na organach przeprowadzi\u0142a w\u00a0Akademii Muzycznej w\u00a0Krakowie, a\u00a0habilitacj\u0119 uzyska\u0142a w\u00a0Akademii Muzycznej w\u00a0Katowicach. Uko\u0144czy\u0142a tak\u017ce stacjonarne studia teologiczne w\u00a0krakowskiej PAT na Wydziale Teologicznym w\u00a0Bielsku Bia\u0142ej, kt\u00f3re da\u0142y jej kompetencje do analizy zagadnie\u0144 zwi\u0105zanych z\u00a0muzyk\u0105 i\u00a0teologi\u0105 w\u00a0obszarze ich przenikania i\u00a0wzajemnych odniesie\u0144. W\u00a0kr\u0119gu tych zainteresowa\u0144 znajduje si\u0119 naukowa publikacja Autorki pt. &#8222;Akt tw\u00f3rczy organisty w\u00a0ramach liturgii Ko\u015bcio\u0142a rzymskokatolickiego w\u00a0kontek\u015bcie warto\u015bci&#8221;. Ten nurt aktywno\u015bci zaowocowa\u0142 skomponowaniem wielu pie\u015bni o\u00a0Bo\u017cym Mi\u0142osierdziu. Autorka jest inicjatork\u0105 mi\u0119dzynarodowego festiwalu &#8222;Panorama Sztuki Chrze\u015bcija\u0144skiej MUSICA SACRA&#8221; w\u00a0Skoczowie, gdzie przez szereg lat pe\u0142ni\u0142a funkcj\u0119 dyrektora artystycznego.<\/p>\n<p style=\"text-align: justify\">Bogumi\u0142a-Faustyna M.\u00a0Dunikowska jest laureatk\u0105 Konkursu Organowego im.\u00a0J.S.\u00a0Bacha w\u00a0Gda\u0144sku &#8211; Bydgoszczy, ma w\u00a0dorobku koncerty na festiwalach mi\u0119dzynarodowych i\u00a0prawykonania solistyczne, kameralne oraz z\u00a0orkiestrami symfonicznymi w\u00a0Niemczech, S\u0142owacji, Czechach, Francji i\u00a0Finlandii, wsp\u00f3\u0142pracuje te\u017c z\u00a0ch\u00f3rami krajowymi i\u00a0zagranicznymi. W\u00a0interpretacjach organowych si\u0119ga po muzyk\u0119 wszystkich epok od renesansu i\u00a0baroku po wsp\u00f3\u0142czesno\u015b\u0107, najch\u0119tniej wykonuje dzie\u0142a z\u00a0kr\u0119gu XIX i\u00a0XX wiecznej muzyki francuskiej i\u00a0p\u00f3\u0142nocnoeuropejskiej oraz muzyk\u0119 filmow\u0105.<\/p>\n<div class=\"mt-3\"><\/div>\r\n                            <\/div>\r\n                            \r\n                            <div class=\"text-modules__img\"><img src=\"https:\/\/us.edu.pl\/instytut\/ismuz\/wp-content\/uploads\/sites\/54\/Nieprzypisane\/B.-Dunikowska1-1.jpg\" alt=\"img\"><\/div>\r\n                        <\/div>\r\n                    <\/div>\r\n                <\/div>\r\n                <div class=\"text-modules\">\r\n                    <div class=\"container\">\r\n                        \r\n                        <div class=\"text-modules__content\"><p>Komponuje utwory na organy, fortepian, muzyk\u0119 kameraln\u0105 na skrzypce, wiolonczel\u0119, \u015bpiew i zespo\u0142y wokalne.<br \/>\nDo utwor\u00f3w B-F. M. Dunikowskiej, kt\u00f3re mia\u0142y krajowe i zagraniczne prawykonania nale\u017c\u0105 m. in.:<\/p>\n<p>Cykl &#8222;Zamy\u015blenia o Hildegardzie z Bingen&#8221; &#8211; na skrzypce i organy,<br \/>\n&#8222;Fresk&#8221; na wiolonczel\u0119 i organy,<br \/>\n&#8222;Postludium w dawnym stylu&#8221; na skrzypce i organy,<br \/>\n&#8222;In Unum&#8221; na skrzypce i fortepian,<br \/>\n&#8222;\u015awit&#8221; na g\u0142os, skrzypce i organy,<br \/>\n&#8222;Mystic Elegy&#8221; na skrzypce i organy.<\/p>\n<p style=\"text-align: justify\">Niekt\u00f3re utwory, jak &#8222;SONGS. M\u0119czennikom chrze\u015bcija\u0144skim XXI w.&#8221; na organy<br \/>\nczy &#8222;Srebrna Suita Organowa&#8221; zosta\u0142y nagrane przez kompozytork\u0119 na p\u0142ytach CD.<br \/>\nNajnowsza z nich nosi tytu\u0142 &#8222;Ku \u015awiat\u0142u&#8221;.<br \/>\nAutorka dokona\u0142a te\u017c nagra\u0144 licznych kompozycji o charakterze religijnym, w\u015br\u00f3d nich pie\u015bni ku czci \u015bw. Miko\u0142aja Biskupa oraz muzyk\u0119 do audiobooka &#8222;Pere\u0142ki z Dziennczka Siostry Faustyny Kowalskiej&#8221;. B-F. M. Dunikowska skomponowa\u0142a tak\u017ce muzyk\u0119 do film\u00f3w dokumentalnych.<\/p>\n<p style=\"text-align: justify\">Pasj\u0105 improwizacji organowej i fortepianowej dzieli si\u0119 ze studentami. Oryginalny spos\u00f3b rozwijania tej umiej\u0119tno\u015bci zawar\u0142a w pracy naukowej o\u00a0doskonaleniu gry na organach poprzez improwizacj\u0119. Najnowszy artyku\u0142 Autorki po\u015bwi\u0119cony improwizacji pt. &#8222;Rado\u015b\u0107 improwizacji a inspiruj\u0105cy nauczyciel&#8221; zosta\u0142 wydany przez Akademi\u0119 Muzyczn\u0105 w Katowicach w publikacji naukowej pt. &#8222;Improwizacja jako osobista wypowied\u017a tw\u00f3rcza&#8221;.<\/p>\n<p style=\"text-align: justify\"><strong>Motto:<\/strong> Sztuka tworzenia jest wynikiem poznania i umiej\u0119tno\u015bci, kt\u00f3re kszta\u0142towane przez ca\u0142e \u017cycie, \u017cycie to kszta\u0142tuj\u0105.<\/p>\n<p>\u00a0<\/p>\n<\/div>\r\n                    <\/div>\r\n                <\/div>[\/vc_column][\/vc_row]<\/p>","protected":false},"excerpt":{"rendered":"<p>[vc_row][vc_column][\/vc_column][\/vc_row] [&#8230;]<\/p>\n<p><a class=\"btn btn-secondary understrap-read-more-link\" href=\"https:\/\/us.edu.pl\/instytut\/ismuz\/pracownicy\/bogumila-dunikowska\/\">Read More&#8230;<\/a><\/p>\n","protected":false},"author":362,"featured_media":0,"parent":189,"menu_order":10,"comment_status":"closed","ping_status":"closed","template":"","meta":{"_expiration-date-status":"saved","_expiration-date":0,"_expiration-date-type":"","_expiration-date-categories":[],"_expiration-date-options":[]},"acf":[],"_links":{"self":[{"href":"https:\/\/us.edu.pl\/instytut\/ismuz\/wp-json\/wp\/v2\/pages\/1827"}],"collection":[{"href":"https:\/\/us.edu.pl\/instytut\/ismuz\/wp-json\/wp\/v2\/pages"}],"about":[{"href":"https:\/\/us.edu.pl\/instytut\/ismuz\/wp-json\/wp\/v2\/types\/page"}],"author":[{"embeddable":true,"href":"https:\/\/us.edu.pl\/instytut\/ismuz\/wp-json\/wp\/v2\/users\/362"}],"replies":[{"embeddable":true,"href":"https:\/\/us.edu.pl\/instytut\/ismuz\/wp-json\/wp\/v2\/comments?post=1827"}],"version-history":[{"count":11,"href":"https:\/\/us.edu.pl\/instytut\/ismuz\/wp-json\/wp\/v2\/pages\/1827\/revisions"}],"predecessor-version":[{"id":1848,"href":"https:\/\/us.edu.pl\/instytut\/ismuz\/wp-json\/wp\/v2\/pages\/1827\/revisions\/1848"}],"up":[{"embeddable":true,"href":"https:\/\/us.edu.pl\/instytut\/ismuz\/wp-json\/wp\/v2\/pages\/189"}],"wp:attachment":[{"href":"https:\/\/us.edu.pl\/instytut\/ismuz\/wp-json\/wp\/v2\/media?parent=1827"}],"curies":[{"name":"wp","href":"https:\/\/api.w.org\/{rel}","templated":true}]}}