{"id":1936,"date":"2020-04-20T13:51:26","date_gmt":"2020-04-20T11:51:26","guid":{"rendered":"https:\/\/us.edu.pl\/instytut\/ismuz\/?page_id=1936"},"modified":"2021-02-02T10:13:27","modified_gmt":"2021-02-02T09:13:27","slug":"prof-dr-hab-michal-korzistka","status":"publish","type":"page","link":"https:\/\/us.edu.pl\/instytut\/ismuz\/pracownicy\/prof-dr-hab-michal-korzistka\/","title":{"rendered":"prof. dr hab. Micha\u0142 Korzistka"},"content":{"rendered":"<p>[vc_row][vc_column]\r\n                <div class=\"text-modules reverse\">\r\n                    <div class=\"container\">\r\n                        <h3 class=\"section-title section-title_border-bottom\">prof. dr hab. Micha\u0142 Korzistka<\/h3> \r\n                        <div class=\"row m-0\">\r\n                            <div class=\"text-modules__content\">\r\n                                <\/p>\n<p style=\"text-align: justify\"><strong>prof. dr hab. Micha\u0142 Korzistka<\/strong> &#8211; pianista, kameralista, pedagog. Jest absolwentem Pa\u0144stwowej Szko\u0142y Muzycznej w\u00a0Bielsku-Bia\u0142ej, klasy fortepianu mgra\u00a0Zdzis\u0142awa Tanewskiego. Uko\u0144czy\u0142 Akademi\u0119 Muzyczn\u0105 w\u00a0Katowicach w\u00a0klasie fortepianu prof.\u00a0Tadeusza \u017bmudzi\u0144skiego (dyplom z wyr\u00f3\u017cnieniem) oraz Podyplomowe Studium Pianistyczne w\u00a0Akademii Muzycznej w\u00a0Warszawie pod kierunkiem prof.\u00a0Jerzego Sulikowskiego. Swoje umiej\u0119tno\u015bci doskonali\u0142 na kursie mistrzowskim u\u00a0prof.\u00a0Rudolfa Buchbindera w\u00a0Z\u00fcrichu. Od roku 1985 zwi\u0105zany zawodowo z Uniwersytetem \u015al\u0105skim w\u00a0Katowicach, Wydzia\u0142em Artystycznym (obecnie Wydzia\u0142em Sztuki i Nauk o Edukacji) w Cieszynie. W latach 2002 \u2013 2005 oraz 2009 \u2013 2019 kierownik Zak\u0142adu (Katedry) Instrumentalistyki, a w\u00a0kadencji 2008-2016 dyrektor Instytutu Muzyki w Cieszynie na Wydziale Artystycznym Uniwersytetu \u015al\u0105skiego w Katowicach.<\/p>\n<p style=\"text-align: justify\">W roku 2010 by\u0142 koordynatorem mi\u0119dzynarodowego projektu pn.: \u201eRok Chopinowski na Morawach i \u015al\u0105sku Cieszy\u0144skim\u201d, kt\u00f3ry zrealizowany zosta\u0142 przy wsp\u00f3\u0142udziale Konsulatu Generalnego RP w Ostrawie, a wsp\u00f3\u0142finansowany by\u0142 przez Ministra Kultury i Dziedzictwa Narodowego.<\/p>\n<p style=\"text-align: justify\">Uczestniczy\u0142 w\u00a0wielu konkursach i\u00a0festiwalach w\u00a0kraju i\u00a0za granic\u0105, m.in.: <em>Festiwalach M\u0142odych Talent\u00f3w<\/em> w\u00a0Opolu i\u00a0Tarnowie, <em>I\u00a0Og\u00f3lnopolskim Konkursie Pianistycznym im.\u00a0K.\u00a0Szymanowskiego <\/em>w\u00a0\u0141odzi, <em>Festiwalu Pianistyki Polskiej<\/em> w\u00a0S\u0142upsku, <em>Mi\u0119dzynarodowym Konkursie Pianistycznym Rina Sala Gallo<\/em> w\u00a0Monzy we W\u0142oszech, <em>II\u00a0Mi\u0119dzynarodowym Konkursie Muzycznym<\/em> w\u00a0Tokio w\u00a0Japonii, <em>Mi\u0119dzynarodowym Konkursie Muzycznym<\/em> w\u00a0Montrealu w\u00a0Kanadzie, <em>42\u00a0Mi\u0119dzynarodowym Festiwalu Chopinowskim <\/em>w Dusznikach-Zdroju.<\/p>\n<p style=\"text-align: justify\">Bra\u0142 udzia\u0142 w koncertach w\u00a0dworku Chopina w\u00a0\u017belazowej Woli, pod pomnikiem Chopina w\u00a0\u0141azienkach, w\u00a0&#8222;Atmie&#8221; w\u00a0Zakopanem, na Zamku w\u00a0Pszczynie. Nagra\u0142 materia\u0142y archiwalne dla Akademii Muzycznej w\u00a0Katowicach i\u00a0dla II\u00a0Programu Polskiego Radia oraz uczestniczy\u0142 w\u00a0nagraniu p\u0142yty z\u00a0muzyk\u0105 K.\u00a0Szymanowskiego dla Polskich Nagra\u0144. Koncertuje w\u00a0kraju i\u00a0za granic\u0105.<\/p>\n<div class=\"mt-3\"><\/div>\r\n                            <\/div>\r\n                            \r\n                            <div class=\"text-modules__img\"><img src=\"https:\/\/us.edu.pl\/instytut\/ismuz\/wp-content\/uploads\/sites\/54\/2020\/04\/minPICT0063.jpg\" alt=\"img\"><\/div>\r\n                        <\/div>\r\n                    <\/div>\r\n                <\/div>\r\n                <div class=\"text-modules\">\r\n                    <div class=\"container\">\r\n                        <h3 class=\"page-title text__title\">Dyskografia<\/h3>\r\n                        <div class=\"text-modules__content\"><p><strong>CD \u201eMicha\u0142 Korzistka gra Chopina\u201d<\/strong><br \/>\nNagranie z koncertu w sali The Blakehay w Weston-super-Mare, Wielka Brytania, 22.09.2001 r.<\/p>\n<p><a href=\"http:\/\/old.instytutmuzyki.us.edu.pl\/files\/etiuda.mp3\"><img class=\"alignnone size-full wp-image-1943\" src=\"https:\/\/us.edu.pl\/instytut\/ismuz\/wp-content\/uploads\/sites\/54\/Nieprzypisane\/michal.korzistka1.jpg\" alt=\"\" width=\"200\" height=\"200\" srcset=\"https:\/\/us.edu.pl\/instytut\/ismuz\/wp-content\/uploads\/sites\/54\/Nieprzypisane\/michal.korzistka1.jpg 200w, https:\/\/us.edu.pl\/instytut\/ismuz\/wp-content\/uploads\/sites\/54\/Nieprzypisane\/michal.korzistka1-150x150.jpg 150w\" sizes=\"(max-width: 200px) 100vw, 200px\" \/><img class=\"alignnone wp-image-1944\" src=\"https:\/\/us.edu.pl\/instytut\/ismuz\/wp-content\/uploads\/sites\/54\/Nieprzypisane\/michal.korzistka2b-300x300.jpg\" alt=\"\" width=\"200\" height=\"200\" srcset=\"https:\/\/us.edu.pl\/instytut\/ismuz\/wp-content\/uploads\/sites\/54\/Nieprzypisane\/michal.korzistka2b-300x300.jpg 300w, https:\/\/us.edu.pl\/instytut\/ismuz\/wp-content\/uploads\/sites\/54\/Nieprzypisane\/michal.korzistka2b-150x150.jpg 150w, https:\/\/us.edu.pl\/instytut\/ismuz\/wp-content\/uploads\/sites\/54\/Nieprzypisane\/michal.korzistka2b-575x575.jpg 575w, https:\/\/us.edu.pl\/instytut\/ismuz\/wp-content\/uploads\/sites\/54\/Nieprzypisane\/michal.korzistka2b.jpg 600w\" sizes=\"(max-width: 200px) 100vw, 200px\" \/><\/a><\/p>\n<p>&nbsp;<\/p>\n<p><a href=\"http:\/\/old.instytutmuzyki.us.edu.pl\/files\/etiuda.mp3\">Fryderyk Chopin &#8211; Etiuda c-moll op. 10 nr 12 <\/a><\/p>\n<hr \/>\n<p><strong>CD \u201eKlejnoty Muzyki Polskiej\u201d<\/strong><\/p>\n<p>Utwory H. Wieniawskiego, F. Chopina, G. Bacewicz, M. Kar\u0142owicza, K. Szymanowskiego i I. Friedmana wykonuj\u0105:<br \/>\nA. Wagner, A. Adamczyk, M. Mizera, U. Mizia, M. Surowiak-Then, B. Deso\u0144, M. Korzistka, J. Korpiela-Jatkowska, J. Pola\u0144ski oraz Kwintet Bielskiego Towarzystwa Muzycznego w sk\u0142adzie: A. Wagner, J. Widera, W. Szulakowski, U. Mizia, P. Rura\u0144ski.<\/p>\n<p><img class=\"alignnone size-full wp-image-1945\" src=\"https:\/\/us.edu.pl\/instytut\/ismuz\/wp-content\/uploads\/sites\/54\/Nieprzypisane\/michal.korzistka3.jpg\" alt=\"\" width=\"200\" height=\"200\" srcset=\"https:\/\/us.edu.pl\/instytut\/ismuz\/wp-content\/uploads\/sites\/54\/Nieprzypisane\/michal.korzistka3.jpg 200w, https:\/\/us.edu.pl\/instytut\/ismuz\/wp-content\/uploads\/sites\/54\/Nieprzypisane\/michal.korzistka3-150x150.jpg 150w\" sizes=\"(max-width: 200px) 100vw, 200px\" \/><img class=\"alignnone size-full wp-image-1946\" src=\"https:\/\/us.edu.pl\/instytut\/ismuz\/wp-content\/uploads\/sites\/54\/Nieprzypisane\/michal.korzistka4.jpg\" alt=\"\" width=\"200\" height=\"200\" srcset=\"https:\/\/us.edu.pl\/instytut\/ismuz\/wp-content\/uploads\/sites\/54\/Nieprzypisane\/michal.korzistka4.jpg 200w, https:\/\/us.edu.pl\/instytut\/ismuz\/wp-content\/uploads\/sites\/54\/Nieprzypisane\/michal.korzistka4-150x150.jpg 150w\" sizes=\"(max-width: 200px) 100vw, 200px\" \/><\/p>\n<p><a href=\"http:\/\/old.instytutmuzyki.us.edu.pl\/files\/Szymanowski_Etiuda_op4_nr3.mp3\" target=\"_blank\" rel=\"noopener noreferrer\">Karol Szymanowski &#8211; Etiuda b-moll op. 4 nr 3<\/a><\/p>\n<p>P\u0142yta CD nagrana w czerwcu 2007 roku w sali koncertowej Bielskiego Centrum Kultury w Bielsku-Bia\u0142ej.<\/p>\n<hr \/>\n<p><strong>CD \u201eMicha\u0142 Korzistka live\u201d<\/strong><br \/>\nUtwory Fryderyka Chopina i Ferenca Liszta gra Micha\u0142 Korzistka.<br \/>\nNagranie zrealizowano w Playhouse Theatre w Weston-super-Mare, Wielka Brytania, 22 kwietnia 2007 roku.<\/p>\n<p><img class=\"alignnone size-full wp-image-1947\" src=\"https:\/\/us.edu.pl\/instytut\/ismuz\/wp-content\/uploads\/sites\/54\/Nieprzypisane\/michal.korzistka5.jpg\" alt=\"\" width=\"200\" height=\"200\" srcset=\"https:\/\/us.edu.pl\/instytut\/ismuz\/wp-content\/uploads\/sites\/54\/Nieprzypisane\/michal.korzistka5.jpg 200w, https:\/\/us.edu.pl\/instytut\/ismuz\/wp-content\/uploads\/sites\/54\/Nieprzypisane\/michal.korzistka5-150x150.jpg 150w\" sizes=\"(max-width: 200px) 100vw, 200px\" \/><img class=\"alignnone wp-image-1948\" src=\"https:\/\/us.edu.pl\/instytut\/ismuz\/wp-content\/uploads\/sites\/54\/Nieprzypisane\/michal.korzistka6b-300x300.jpg\" alt=\"\" width=\"200\" height=\"200\" srcset=\"https:\/\/us.edu.pl\/instytut\/ismuz\/wp-content\/uploads\/sites\/54\/Nieprzypisane\/michal.korzistka6b-300x300.jpg 300w, https:\/\/us.edu.pl\/instytut\/ismuz\/wp-content\/uploads\/sites\/54\/Nieprzypisane\/michal.korzistka6b-150x150.jpg 150w, https:\/\/us.edu.pl\/instytut\/ismuz\/wp-content\/uploads\/sites\/54\/Nieprzypisane\/michal.korzistka6b-575x575.jpg 575w, https:\/\/us.edu.pl\/instytut\/ismuz\/wp-content\/uploads\/sites\/54\/Nieprzypisane\/michal.korzistka6b.jpg 600w\" sizes=\"(max-width: 200px) 100vw, 200px\" \/><\/p>\n<p><a href=\"http:\/\/old.instytutmuzyki.us.edu.pl\/files\/mefisto.mp3\">Ferenc Liszt &#8211; Walc Mefisto <\/a><\/p>\n<hr \/>\n<p><strong>CD \u201eChopin, Lutos\u0142awski\u201d<\/strong><br \/>\nMicha\u0142 Korzistka gra utwory F. Chopina (nagranie z koncertu w sali The Blakehay w Weston-super-Mare, Wielka Brytania) i W. Lutos\u0142awskiego (zarejestrowane w sali kameralnej Wydzia\u0142u Artystycznego U\u015a w Cieszynie)<\/p>\n<p><a href=\"http:\/\/old.instytutmuzyki.us.edu.pl\/files\/F.%20Chopin%20Sonata%20b-moll%20op.10%20nr%203%20-%20Grave.%20Doppio%20movimento.mp3\"><img class=\"alignnone size-full wp-image-1949\" src=\"https:\/\/us.edu.pl\/instytut\/ismuz\/wp-content\/uploads\/sites\/54\/Nieprzypisane\/michal.korzistka7.jpg\" alt=\"\" width=\"200\" height=\"200\" srcset=\"https:\/\/us.edu.pl\/instytut\/ismuz\/wp-content\/uploads\/sites\/54\/Nieprzypisane\/michal.korzistka7.jpg 200w, https:\/\/us.edu.pl\/instytut\/ismuz\/wp-content\/uploads\/sites\/54\/Nieprzypisane\/michal.korzistka7-150x150.jpg 150w\" sizes=\"(max-width: 200px) 100vw, 200px\" \/><img class=\"alignnone size-full wp-image-1950\" src=\"https:\/\/us.edu.pl\/instytut\/ismuz\/wp-content\/uploads\/sites\/54\/Nieprzypisane\/michal.korzistka8.jpg\" alt=\"\" width=\"200\" height=\"200\" srcset=\"https:\/\/us.edu.pl\/instytut\/ismuz\/wp-content\/uploads\/sites\/54\/Nieprzypisane\/michal.korzistka8.jpg 200w, https:\/\/us.edu.pl\/instytut\/ismuz\/wp-content\/uploads\/sites\/54\/Nieprzypisane\/michal.korzistka8-150x150.jpg 150w\" sizes=\"(max-width: 200px) 100vw, 200px\" \/><img class=\"alignnone size-full wp-image-1951\" src=\"https:\/\/us.edu.pl\/instytut\/ismuz\/wp-content\/uploads\/sites\/54\/Nieprzypisane\/michal.korzistka9.jpg\" alt=\"\" width=\"200\" height=\"200\" srcset=\"https:\/\/us.edu.pl\/instytut\/ismuz\/wp-content\/uploads\/sites\/54\/Nieprzypisane\/michal.korzistka9.jpg 200w, https:\/\/us.edu.pl\/instytut\/ismuz\/wp-content\/uploads\/sites\/54\/Nieprzypisane\/michal.korzistka9-150x150.jpg 150w\" sizes=\"(max-width: 200px) 100vw, 200px\" \/><\/a><\/p>\n<p><a href=\"http:\/\/old.instytutmuzyki.us.edu.pl\/files\/F.%20Chopin%20Sonata%20b-moll%20op.10%20nr%203%20-%20Grave.%20Doppio%20movimento.mp3\">F. Chopin &#8211; Sonata b-moll op. 10 nr 3 &#8211; Grave. Doppio movimento<\/a><br \/>\n<a href=\"http:\/\/old.instytutmuzyki.us.edu.pl\/files\/F.%20Chopin%20Sonata%20b-moll%20op.10%20nr%203%20-%20Scherzo.mp3\">F. Chopin &#8211; Sonata b-moll op. 10 nr 3 &#8211; Scherzo<\/a><br \/>\n<a href=\"http:\/\/old.instytutmuzyki.us.edu.pl\/files\/F.%20Chopin%20Sonata%20b-moll%20op.10%20nr%203%20-%20Marche%20funebre.%20Lento.mp3\">F. Chopin &#8211; Sonata b-moll op. 10 nr 3 &#8211; Marche funebre. Lento<\/a><br \/>\n<a href=\"http:\/\/old.instytutmuzyki.us.edu.pl\/files\/F.%20Chopin%20Sonata%20b-moll%20op.10%20nr%203%20-%20Finale%20Presto.mp3\">F. Chopin &#8211; Sonata b-moll op. 10 nr 3 &#8211; Finale Presto<\/a><br \/>\n<a href=\"http:\/\/old.instytutmuzyki.us.edu.pl\/files\/W.%20Lutoslawski%20Melodie%20ludowe%20na%20fortepian%20-%20Rektor.mp3\">W. Lutos\u0142awski &#8211; Melodie ludowe na fortepian &#8211; Rektor<\/a><br \/>\n<a href=\"http:\/\/old.instytutmuzyki.us.edu.pl\/files\/W.%20Lutoslawski%20Melodie%20ludowe%20na%20fortepian%20-%20Panie%20Michale.mp3\">W. Lutos\u0142awski &#8211; Melodie ludowe na fortepian &#8211; Panie Michale<\/a><br \/>\n<a href=\"http:\/\/old.instytutmuzyki.us.edu.pl\/files\/W.%20Lutoslawski%20Bukoliki%20na%20fortepian%20-%20Allegro%20marciale.mp3\">W. Lutos\u0142awski &#8211; Bukoliki na fortepian &#8211; Allegro marciale<\/a><\/p>\n<hr \/>\n<p><strong>2 CD<\/strong><strong> \u201eSonaty skrzypcowe\u201d<\/strong><br \/>\nSonaty skrzypcowe Ignacego Jana Paderewskiego, J\u00f3zefa Elsnera i Zygmunta Noskowskiego graj\u0105:<br \/>\nAdam Wagner &#8211; skrzypce, Micha\u0142 Korzistka &#8211; fortepian, Dariusz Noras &#8211; fortepian<\/p>\n<p><img class=\"alignnone size-full wp-image-1952\" src=\"https:\/\/us.edu.pl\/instytut\/ismuz\/wp-content\/uploads\/sites\/54\/Nieprzypisane\/michal.korzistka10.jpg\" alt=\"\" width=\"180\" height=\"180\" srcset=\"https:\/\/us.edu.pl\/instytut\/ismuz\/wp-content\/uploads\/sites\/54\/Nieprzypisane\/michal.korzistka10.jpg 180w, https:\/\/us.edu.pl\/instytut\/ismuz\/wp-content\/uploads\/sites\/54\/Nieprzypisane\/michal.korzistka10-150x150.jpg 150w\" sizes=\"(max-width: 180px) 100vw, 180px\" \/><img class=\"alignnone size-full wp-image-1953\" src=\"https:\/\/us.edu.pl\/instytut\/ismuz\/wp-content\/uploads\/sites\/54\/Nieprzypisane\/michal.korzistka11.jpg\" alt=\"\" width=\"180\" height=\"180\" srcset=\"https:\/\/us.edu.pl\/instytut\/ismuz\/wp-content\/uploads\/sites\/54\/Nieprzypisane\/michal.korzistka11.jpg 180w, https:\/\/us.edu.pl\/instytut\/ismuz\/wp-content\/uploads\/sites\/54\/Nieprzypisane\/michal.korzistka11-150x150.jpg 150w\" sizes=\"(max-width: 180px) 100vw, 180px\" \/><img class=\"alignnone size-full wp-image-1954\" src=\"https:\/\/us.edu.pl\/instytut\/ismuz\/wp-content\/uploads\/sites\/54\/Nieprzypisane\/michal.korzistka12.jpg\" alt=\"\" width=\"180\" height=\"180\" srcset=\"https:\/\/us.edu.pl\/instytut\/ismuz\/wp-content\/uploads\/sites\/54\/Nieprzypisane\/michal.korzistka12.jpg 180w, https:\/\/us.edu.pl\/instytut\/ismuz\/wp-content\/uploads\/sites\/54\/Nieprzypisane\/michal.korzistka12-150x150.jpg 150w\" sizes=\"(max-width: 180px) 100vw, 180px\" \/><img class=\"alignnone size-full wp-image-1955\" src=\"https:\/\/us.edu.pl\/instytut\/ismuz\/wp-content\/uploads\/sites\/54\/Nieprzypisane\/michal.korzistka13.jpg\" alt=\"\" width=\"180\" height=\"180\" srcset=\"https:\/\/us.edu.pl\/instytut\/ismuz\/wp-content\/uploads\/sites\/54\/Nieprzypisane\/michal.korzistka13.jpg 180w, https:\/\/us.edu.pl\/instytut\/ismuz\/wp-content\/uploads\/sites\/54\/Nieprzypisane\/michal.korzistka13-150x150.jpg 150w\" sizes=\"(max-width: 180px) 100vw, 180px\" \/><img class=\"alignnone size-full wp-image-1956\" src=\"https:\/\/us.edu.pl\/instytut\/ismuz\/wp-content\/uploads\/sites\/54\/Nieprzypisane\/michal.korzistka14.jpg\" alt=\"\" width=\"180\" height=\"180\" srcset=\"https:\/\/us.edu.pl\/instytut\/ismuz\/wp-content\/uploads\/sites\/54\/Nieprzypisane\/michal.korzistka14.jpg 180w, https:\/\/us.edu.pl\/instytut\/ismuz\/wp-content\/uploads\/sites\/54\/Nieprzypisane\/michal.korzistka14-150x150.jpg 150w\" sizes=\"(max-width: 180px) 100vw, 180px\" \/><\/p>\n<p><a href=\"http:\/\/old.instytutmuzyki.us.edu.pl\/files\/I.%20Paderewski%20-%20Sonata%20op.%2013%20Allegro%20con%20fantasia.mp3\">I. Paderewski &#8211; Sonata op. 13 Allegro con fantasia<\/a><br \/>\n<a href=\"http:\/\/old.instytutmuzyki.us.edu.pl\/files\/I.%20Paderewski%20-%20Sonata%20op.%2013%20Intermezzo.%20Andantino.mp3\">I. Paderewski &#8211; Sonata op. 13 Intermezzo. Andantino<\/a><br \/>\n<a href=\"http:\/\/old.instytutmuzyki.us.edu.pl\/files\/I.%20Paderewski%20-%20Sonata%20op.%2013%20Finale.mp3\">I. Paderewski &#8211; Sonata op. 13 Finale. Allegro molto quasi presto<\/a><br \/>\n<a href=\"http:\/\/old.instytutmuzyki.us.edu.pl\/files\/J.%20Elsner%20-%20Sonata%20F-dur%20Allegro.mp3\">J. Elsner &#8211; Sonata F-dur Allegro<\/a><br \/>\n<a href=\"http:\/\/old.instytutmuzyki.us.edu.pl\/files\/J.%20Elsner%20-%20Sonata%20F-dur%20Andante.mp3\">J. Elsner &#8211; Sonata F-dur Andante<\/a><br \/>\n<a href=\"http:\/\/old.instytutmuzyki.us.edu.pl\/files\/J.%20Elsner%20-%20Sonata%20F-dur%20Rondo.%20Allegretto.mp3\">J. Elsner &#8211; Sonata F-dur Rondo. Allegretto<\/a><\/p>\n<hr \/>\n<p><strong>CD<\/strong> <strong>\u201cThe Music of My Soul\u201d<\/strong><br \/>\nUtwory Jacka Glenca gra Micha\u0142 Korzistka<\/p>\n<p><img class=\"alignnone size-full wp-image-1957\" src=\"https:\/\/us.edu.pl\/instytut\/ismuz\/wp-content\/uploads\/sites\/54\/Nieprzypisane\/michal.korzistka15.jpg\" alt=\"\" width=\"180\" height=\"180\" srcset=\"https:\/\/us.edu.pl\/instytut\/ismuz\/wp-content\/uploads\/sites\/54\/Nieprzypisane\/michal.korzistka15.jpg 180w, https:\/\/us.edu.pl\/instytut\/ismuz\/wp-content\/uploads\/sites\/54\/Nieprzypisane\/michal.korzistka15-150x150.jpg 150w\" sizes=\"(max-width: 180px) 100vw, 180px\" \/><img class=\"alignnone size-full wp-image-1958\" src=\"https:\/\/us.edu.pl\/instytut\/ismuz\/wp-content\/uploads\/sites\/54\/Nieprzypisane\/michal.korzistka16.jpg\" alt=\"\" width=\"180\" height=\"180\" srcset=\"https:\/\/us.edu.pl\/instytut\/ismuz\/wp-content\/uploads\/sites\/54\/Nieprzypisane\/michal.korzistka16.jpg 180w, https:\/\/us.edu.pl\/instytut\/ismuz\/wp-content\/uploads\/sites\/54\/Nieprzypisane\/michal.korzistka16-150x150.jpg 150w\" sizes=\"(max-width: 180px) 100vw, 180px\" \/> <img class=\"alignnone size-full wp-image-1959\" src=\"https:\/\/us.edu.pl\/instytut\/ismuz\/wp-content\/uploads\/sites\/54\/Nieprzypisane\/michal.korzistka17.jpg\" alt=\"\" width=\"180\" height=\"180\" srcset=\"https:\/\/us.edu.pl\/instytut\/ismuz\/wp-content\/uploads\/sites\/54\/Nieprzypisane\/michal.korzistka17.jpg 180w, https:\/\/us.edu.pl\/instytut\/ismuz\/wp-content\/uploads\/sites\/54\/Nieprzypisane\/michal.korzistka17-150x150.jpg 150w\" sizes=\"(max-width: 180px) 100vw, 180px\" \/><img class=\"alignnone size-full wp-image-1960\" src=\"https:\/\/us.edu.pl\/instytut\/ismuz\/wp-content\/uploads\/sites\/54\/Nieprzypisane\/michal.korzistka18.jpg\" alt=\"\" width=\"180\" height=\"180\" srcset=\"https:\/\/us.edu.pl\/instytut\/ismuz\/wp-content\/uploads\/sites\/54\/Nieprzypisane\/michal.korzistka18.jpg 180w, https:\/\/us.edu.pl\/instytut\/ismuz\/wp-content\/uploads\/sites\/54\/Nieprzypisane\/michal.korzistka18-150x150.jpg 150w\" sizes=\"(max-width: 180px) 100vw, 180px\" \/><\/p>\n<p><a href=\"http:\/\/old.instytutmuzyki.us.edu.pl\/files\/The%20Music%20of%20My%20Soul.mp3\">The Music of My Soul <\/a><br \/>\n<a href=\"http:\/\/old.instytutmuzyki.us.edu.pl\/files\/Thoughts%20of%20Love.mp3\">Thoughts of Love <\/a><br \/>\n<a href=\"http:\/\/old.instytutmuzyki.us.edu.pl\/files\/Melancholy%20day.mp3\">Melancholy day <\/a><\/p>\n<hr \/>\n<p><strong>You Tube <\/strong><\/p>\n<p>Polonaise A major, Op. 40, No. 1\u00a0 Fryderyka Chopina wykonany podczas koncertu \u201cThe Sound of Poland\u201d. Koncert odby\u0142 si\u0119 w Austin w Teksasie 4 listopada 2018 roku.<\/p>\n<p><a href=\"https:\/\/www.youtube.com\/watch?v=KB1tnXBYSSQ\"><strong>https:\/\/www.youtube.com\/watch?v=KB1tnXBYSSQ<\/strong><\/a><\/p>\n<hr \/>\n<p>\n<\/div>\r\n                    <\/div>\r\n                <\/div>[\/vc_column][\/vc_row][vc_row disable_element=&#8221;yes&#8221;][vc_column width=&#8221;1\/6&#8243;][vc_video link=&#8221;https:\/\/www.youtube.com\/watch?v=H0GDEbGwxrA&#8221; el_width=&#8221;90&#8243; align=&#8221;center&#8221;][vc_video link=&#8221;https:\/\/www.youtube.com\/watch?v=TXYzg66hlv0&#8243; el_width=&#8221;90&#8243; align=&#8221;center&#8221;][\/vc_column][vc_column width=&#8221;1\/6&#8243;][vc_video link=&#8221;https:\/\/www.youtube.com\/watch?v=Nji7dHm8l80&#8243; el_width=&#8221;90&#8243; align=&#8221;center&#8221;][vc_video link=&#8221;https:\/\/www.youtube.com\/watch?v=WSaAa4t3xCE&amp;feature=youtu.be&#8221; el_width=&#8221;90&#8243; align=&#8221;center&#8221;][\/vc_column][vc_column width=&#8221;1\/6&#8243;][vc_video link=&#8221;https:\/\/www.youtube.com\/watch?v=UJPigq4TbMA&#8221; el_width=&#8221;90&#8243; align=&#8221;center&#8221;][vc_video link=&#8221;https:\/\/www.youtube.com\/watch?v=ZZC2rANYvuA&#8221; el_width=&#8221;90&#8243; align=&#8221;center&#8221;][\/vc_column][vc_column width=&#8221;1\/6&#8243;][vc_video link=&#8221;https:\/\/www.youtube.com\/watch?v=qX_xcpPF0Ys&#8221; el_width=&#8221;90&#8243; align=&#8221;center&#8221;][vc_video link=&#8221;https:\/\/www.youtube.com\/watch?v=7ICaG6GJ0bY&#8221; el_width=&#8221;90&#8243; align=&#8221;center&#8221;][\/vc_column][vc_column width=&#8221;1\/6&#8243;][vc_video link=&#8221;https:\/\/www.youtube.com\/watch?v=omvaUV4voZE&#8221; el_width=&#8221;90&#8243; align=&#8221;center&#8221;][vc_video link=&#8221;https:\/\/www.youtube.com\/watch?v=A0lJ_C4-0MQ&#8221; el_width=&#8221;90&#8243; align=&#8221;center&#8221;][\/vc_column][vc_column width=&#8221;1\/6&#8243;][vc_video link=&#8221;https:\/\/www.youtube.com\/watch?v=nDKd6qdPgX8&#8243; el_width=&#8221;90&#8243; align=&#8221;center&#8221;][vc_video link=&#8221;https:\/\/www.youtube.com\/watch?v=xIFKR2I9PRU&#8221; el_width=&#8221;90&#8243; align=&#8221;center&#8221;][\/vc_column][\/vc_row][vc_row disable_element=&#8221;yes&#8221;][vc_column width=&#8221;1\/4&#8243;][vc_video link=&#8221;https:\/\/www.youtube.com\/watch?v=JZ4sTet1xbw&#8221; el_width=&#8221;90&#8243; align=&#8221;center&#8221;][\/vc_column][vc_column width=&#8221;1\/4&#8243;][vc_video link=&#8221;https:\/\/www.youtube.com\/watch?v=rwXJT_SWhxM&amp;t=2s&#8221; el_width=&#8221;90&#8243; align=&#8221;center&#8221;][\/vc_column][vc_column width=&#8221;1\/4&#8243;][vc_video link=&#8221;https:\/\/www.youtube.com\/watch?v=CLudk1RBgnM&#8221; el_width=&#8221;90&#8243; align=&#8221;center&#8221;][\/vc_column][vc_column width=&#8221;1\/4&#8243;][vc_video link=&#8221;https:\/\/www.youtube.com\/watch?v=a5_42rzRifI&#8221; el_width=&#8221;90&#8243; align=&#8221;center&#8221;][\/vc_column][\/vc_row]<\/p>","protected":false},"excerpt":{"rendered":"<p>[vc_row][vc_column][\/vc_column][\/vc_row][vc_row disable_element=&#8221;yes&#8221;][vc_column width=&#8221;1\/6&#8243;][vc_video link=&#8221;https:\/\/www.youtube.com\/watch?v=H0GDEbGwxrA&#8221; el_width=&#8221;90&#8243; align=&#8221;center&#8221;][vc_video link=&#8221;https:\/\/www.youtube.com\/watch?v=TXYzg66hlv0&#8243; el_width=&#8221;90&#8243; align=&#8221;center&#8221;][\/vc_column][vc_column width=&#8221;1\/6&#8243;][vc_video link=&#8221;https:\/\/www.youtube.com\/watch?v=Nji7dHm8l80&#8243; el_width=&#8221;90&#8243; align=&#8221;center&#8221;][vc_video link=&#8221;https:\/\/www.youtube.com\/watch?v=WSaAa4t3xCE&amp;feature=youtu.be&#8221; el_width=&#8221;90&#8243; align=&#8221;center&#8221;][\/vc_column][vc_column width=&#8221;1\/6&#8243;][vc_video link=&#8221;https:\/\/www.youtube.com\/watch?v=UJPigq4TbMA&#8221; el_width=&#8221;90&#8243; align=&#8221;center&#8221;][vc_video link=&#8221;https:\/\/www.youtube.com\/watch?v=ZZC2rANYvuA&#8221; el_width=&#8221;90&#8243; align=&#8221;center&#8221;][\/vc_column][vc_column width=&#8221;1\/6&#8243;][vc_video link=&#8221;https:\/\/www.youtube.com\/watch?v=qX_xcpPF0Ys&#8221; el_width=&#8221;90&#8243; align=&#8221;center&#8221;][vc_video link=&#8221;https:\/\/www.youtube.com\/watch?v=7ICaG6GJ0bY&#8221; el_width=&#8221;90&#8243; align=&#8221;center&#8221;][\/vc_column][vc_column width=&#8221;1\/6&#8243;][vc_video link=&#8221;https:\/\/www.youtube.com\/watch?v=omvaUV4voZE&#8221; el_width=&#8221;90&#8243; align=&#8221;center&#8221;][vc_video link=&#8221;https:\/\/www.youtube.com\/watch?v=A0lJ_C4-0MQ&#8221; el_width=&#8221;90&#8243; align=&#8221;center&#8221;][\/vc_column][vc_column width=&#8221;1\/6&#8243;][vc_video link=&#8221;https:\/\/www.youtube.com\/watch?v=nDKd6qdPgX8&#8243; el_width=&#8221;90&#8243; align=&#8221;center&#8221;][vc_video link=&#8221;https:\/\/www.youtube.com\/watch?v=xIFKR2I9PRU&#8221; el_width=&#8221;90&#8243; align=&#8221;center&#8221;][\/vc_column][\/vc_row][vc_row disable_element=&#8221;yes&#8221;][vc_column width=&#8221;1\/4&#8243;][vc_video link=&#8221;https:\/\/www.youtube.com\/watch?v=JZ4sTet1xbw&#8221; el_width=&#8221;90&#8243; align=&#8221;center&#8221;][\/vc_column][vc_column width=&#8221;1\/4&#8243;][vc_video link=&#8221;https:\/\/www.youtube.com\/watch?v=rwXJT_SWhxM&amp;t=2s&#8221; el_width=&#8221;90&#8243; align=&#8221;center&#8221;][\/vc_column][vc_column width=&#8221;1\/4&#8243;][vc_video link=&#8221;https:\/\/www.youtube.com\/watch?v=CLudk1RBgnM&#8221; [&#8230;]<\/p>\n<p><a class=\"btn btn-secondary understrap-read-more-link\" href=\"https:\/\/us.edu.pl\/instytut\/ismuz\/pracownicy\/prof-dr-hab-michal-korzistka\/\">Read More&#8230;<\/a><\/p>\n","protected":false},"author":111,"featured_media":0,"parent":189,"menu_order":0,"comment_status":"closed","ping_status":"closed","template":"","meta":{"_expiration-date-status":"saved","_expiration-date":0,"_expiration-date-type":"","_expiration-date-categories":[],"_expiration-date-options":[]},"acf":[],"_links":{"self":[{"href":"https:\/\/us.edu.pl\/instytut\/ismuz\/wp-json\/wp\/v2\/pages\/1936"}],"collection":[{"href":"https:\/\/us.edu.pl\/instytut\/ismuz\/wp-json\/wp\/v2\/pages"}],"about":[{"href":"https:\/\/us.edu.pl\/instytut\/ismuz\/wp-json\/wp\/v2\/types\/page"}],"author":[{"embeddable":true,"href":"https:\/\/us.edu.pl\/instytut\/ismuz\/wp-json\/wp\/v2\/users\/111"}],"replies":[{"embeddable":true,"href":"https:\/\/us.edu.pl\/instytut\/ismuz\/wp-json\/wp\/v2\/comments?post=1936"}],"version-history":[{"count":8,"href":"https:\/\/us.edu.pl\/instytut\/ismuz\/wp-json\/wp\/v2\/pages\/1936\/revisions"}],"predecessor-version":[{"id":2190,"href":"https:\/\/us.edu.pl\/instytut\/ismuz\/wp-json\/wp\/v2\/pages\/1936\/revisions\/2190"}],"up":[{"embeddable":true,"href":"https:\/\/us.edu.pl\/instytut\/ismuz\/wp-json\/wp\/v2\/pages\/189"}],"wp:attachment":[{"href":"https:\/\/us.edu.pl\/instytut\/ismuz\/wp-json\/wp\/v2\/media?parent=1936"}],"curies":[{"name":"wp","href":"https:\/\/api.w.org\/{rel}","templated":true}]}}