{"id":2253,"date":"2021-02-12T12:40:28","date_gmt":"2021-02-12T11:40:28","guid":{"rendered":"https:\/\/us.edu.pl\/instytut\/ismuz\/?page_id=2253"},"modified":"2023-03-17T11:18:45","modified_gmt":"2023-03-17T10:18:45","slug":"malgorzata-kaniowska","status":"publish","type":"page","link":"https:\/\/us.edu.pl\/instytut\/ismuz\/malgorzata-kaniowska\/","title":{"rendered":"Ma\u0142gorzata Kaniowska"},"content":{"rendered":"<p>[vc_row][vc_column]\r\n                <div class=\"text-modules reverse\">\r\n                    <div class=\"container\">\r\n                        <h3 class=\"section-title section-title_border-bottom\">dr hab. Ma\u0142gorzata Kaniowska, prof. U\u015a<\/h3> \r\n                        <div class=\"row m-0\">\r\n                            <div class=\"text-modules__content\">\r\n                                <strong>dr hab. Ma\u0142gorzata Kaniowska, prof. U\u015a<\/strong> \u2013 dyrygent, kompozytor, animator kultury, nauczyciel dyplomowany. Za\u0142o\u017cycielka i dyrektor artystyczny orkiestry \u201eCamerata Impuls\u201d, z kt\u00f3r\u0105 zrealizowa\u0142a szereg projekt\u00f3w koncertowych i fonograficznych, w kraju i zagranic\u0105. Bra\u0142a udzia\u0142 w wielu mi\u0119dzynarodowych i og\u00f3lnopolskich festiwalach, <a href=\"http:\/\/m.in\">m.in<\/a>. Laboratorium Muzyki Wsp\u00f3\u0142czesnej (Warszawa), Festiwalu \u201eWarszawska Jesie\u0144\u201d, Mi\u0119dzynarodowym Festiwalu Muzyki Wiede\u0144skiej (Wroc\u0142aw), Mi\u0119dzynarodowym Festiwalu Muzyki Kameralnej i Organowej (Le\u017cajsk). W latach 2007-2011 kierownik artystyczny cyklu koncert\u00f3w jubileuszowych Wies\u0142awa Ochmana, zainaugurowanych w Londynie (2007). P\u0142yta \u201eRyterband &#8211; The Journey\u201d, w nagraniu kt\u00f3rej wzi\u0119\u0142a udzia\u0142 jako dyrygent, otrzyma\u0142a w roku 2023 wyr\u00f3\u017cnienie\u00a0<em>S\u00e9lection ClicMag! <\/em>francuskiego magazynu ClicMag.<\/p>\n<p>Autorka szeregu publikacji z obszaru dydaktyki i interpretacji dyrygenckiej. Uczestniczka wielu mi\u0119dzynarodowych konferencji naukowych m.in. na \u0141otwie, Litwie, Ukrainie, Portugalii i Izraelu. Prowadzi\u0142a wyk\u0142ady z zakresu interpretacji polskiej muzyki wsp\u00f3\u0142czesnej m.in. na Evora University (Portugalia) oraz w College of Music Mahidol University w Bagkoku (Tajlandia). Organizatorka i pomys\u0142odawczyni wielu imprez edukacyjnych dla dzieci i m\u0142odzie\u017cy. Wsp\u00f3\u0142autorka ksi\u0105\u017ceczki pracy tw\u00f3rczej dziecka pt. \u201eFortepian czyli gra faktury\u201d, tw\u00f3rczyni <a href=\"http:\/\/m.in\">m.in<\/a>. kompozycji \u201eHejna\u0142 Miasta Bytomia\u201d z okazji jubileuszu 750-lecia lokacji.<\/p>\n<p>Jej zainteresowania obejmuj\u0105 r\u00f3wnie\u017c tw\u00f3rcze interakcje d\u017awi\u0119ku z obrazem. Autorka m.in d\u017awi\u0119ku do cyklu animacji 3D autorstwa prof. Ma\u0142gorzaty \u0141uszczak \u201eWiosna\u201d i \u201eLato\u201d z cyklu \u201eCztery Pory \u017bycia\u201d (prezentacja w trakcie 13th Asia Forum on Graphic Science \/AFGS 2021\/, organizowanego przez Politechnik\u0119 w Hong Kongu, Chiny). \r\n                                <div class=\"mt-3\"><\/div>\r\n                            <\/div>\r\n                            \r\n                            <div class=\"text-modules__img\"><img src=\"https:\/\/us.edu.pl\/instytut\/ismuz\/wp-content\/uploads\/sites\/54\/Nieprzypisane\/Ma\u0142gorzata-Kaniowska.jpg\" alt=\"img\"><\/div>\r\n                        <\/div>\r\n                    <\/div>\r\n                <\/div>[\/vc_column][\/vc_row]<\/p>","protected":false},"excerpt":{"rendered":"<p>[vc_row][vc_column][\/vc_column][\/vc_row] [&#8230;]<\/p>\n<p><a class=\"btn btn-secondary understrap-read-more-link\" href=\"https:\/\/us.edu.pl\/instytut\/ismuz\/malgorzata-kaniowska\/\">Read More&#8230;<\/a><\/p>\n","protected":false},"author":110,"featured_media":0,"parent":0,"menu_order":0,"comment_status":"closed","ping_status":"closed","template":"","meta":{"_expiration-date-status":"","_expiration-date":0,"_expiration-date-type":"","_expiration-date-categories":[],"_expiration-date-options":[]},"acf":[],"_links":{"self":[{"href":"https:\/\/us.edu.pl\/instytut\/ismuz\/wp-json\/wp\/v2\/pages\/2253"}],"collection":[{"href":"https:\/\/us.edu.pl\/instytut\/ismuz\/wp-json\/wp\/v2\/pages"}],"about":[{"href":"https:\/\/us.edu.pl\/instytut\/ismuz\/wp-json\/wp\/v2\/types\/page"}],"author":[{"embeddable":true,"href":"https:\/\/us.edu.pl\/instytut\/ismuz\/wp-json\/wp\/v2\/users\/110"}],"replies":[{"embeddable":true,"href":"https:\/\/us.edu.pl\/instytut\/ismuz\/wp-json\/wp\/v2\/comments?post=2253"}],"version-history":[{"count":3,"href":"https:\/\/us.edu.pl\/instytut\/ismuz\/wp-json\/wp\/v2\/pages\/2253\/revisions"}],"predecessor-version":[{"id":3058,"href":"https:\/\/us.edu.pl\/instytut\/ismuz\/wp-json\/wp\/v2\/pages\/2253\/revisions\/3058"}],"wp:attachment":[{"href":"https:\/\/us.edu.pl\/instytut\/ismuz\/wp-json\/wp\/v2\/media?parent=2253"}],"curies":[{"name":"wp","href":"https:\/\/api.w.org\/{rel}","templated":true}]}}