{"id":2293,"date":"2021-02-25T13:44:50","date_gmt":"2021-02-25T12:44:50","guid":{"rendered":"https:\/\/us.edu.pl\/instytut\/ismuz\/?page_id=2293"},"modified":"2023-09-21T10:40:45","modified_gmt":"2023-09-21T08:40:45","slug":"prof-dr-hab-hubert-miska","status":"publish","type":"page","link":"https:\/\/us.edu.pl\/instytut\/ismuz\/pracownicy\/prof-dr-hab-hubert-miska\/","title":{"rendered":"prof. dr hab. Hubert Mi\u015bka"},"content":{"rendered":"<p>[vc_row][vc_column]\r\n                <div class=\"text-modules reverse\">\r\n                    <div class=\"container\">\r\n                        <h3 class=\"section-title section-title_border-bottom\">prof. dr hab. Hubert Mi\u015bka<\/h3> \r\n                        <div class=\"row m-0\">\r\n                            <div class=\"text-modules__content\">\r\n                                <\/p>\n<p style=\"text-align: justify;\"><strong>Hubert Mi\u015bka<\/strong> \u2013 \u015bpiewak operowy i pedagog, profesor sztuki w dyscyplinie sztuki muzyczne. Studia wokalne uko\u0144czy\u0142 w\u00a0 katowickiej Akademii Muzycznej w klasie \u015bpiewu prof. Stanis\u0142awy Marciniak\u2013Gowarzewskiej, wcze\u015bniej zrealizowa\u0142 u prof. Adolfa Dygacza\u00a0 na Uniwersytecie \u015al\u0105skim magisterium w zakresie pedagogiki muzycznej. Przez 30 lat by\u0142 etatowym solist\u0105 Opery \u015al\u0105skiej w Bytomiu, gdzie zadebiutowa\u0142 w 1990 roku jako Nemorino w Napoju mi\u0142osnym G. Donizettiego, z teatrem tym kontynuuje obecnie wsp\u00f3\u0142prac\u0119. Wyst\u0119powa\u0142 tak\u017ce na\u00a0scenach operowych Krakowa, Szczecina, Wroc\u0142awia, wielokrotnie \u015bpiewa\u0142 te\u017c poza granicami kraju: Czechy, Francja, Niemcy, Belgia, Szwecja, Dania, W\u0119gry, Holandia, Szwajcaria, Ukraina, W\u0142ochy i\u00a0S\u0142owacja, oraz na krajowych estradach filharmonicznych (Pozna\u0144, Katowice, Bia\u0142ystok, Wroc\u0142aw, Krak\u00f3w, \u0141\u00f3d\u017a, Zabrze, Rzesz\u00f3w). Dokona\u0142 wielu nagra\u0144 dla TV i\u00a0radia i na 9 p\u0142ytach CD. Hubert Mi\u015bka jest laureatem Z\u0142otej P\u0142yty za album kol\u0119dowy nagrany dla Polskiego Radia w Katowicach. Od 1983 roku jest\u00a0pracownikiem naukowo-dydaktycznym Uniwersytetu \u015al\u0105skiego, gdzie na Wydziale Sztuki i Nauk o Edukacji w Cieszynie, pracuje na stanowisku profesora. W latach 2016-2019\u00a0 pe\u0142ni\u0142 funkcj\u0119 dyrektora Instytutu Muzyki, a w latach 2011-2019 by\u0142 kolejno: kierownikiem \u00a0Zak\u0142adu Dyrygowania i Wokalistyki i kierownikiem Zak\u0142adu Dydaktyki Muzycznej i Kszta\u0142cenia Wokalnego. W roku 1998 zrealizowa\u0142 w Akademii Muzycznej we Wroc\u0142awiu pod kierunkiem prof. Eugeniusza S\u0105siadka kwalifikacje I stopnia w zakresie wokalistyki, a w 2011 w katowickiej Akademii Muzycznej na podstawie rozprawy <em>Solowa tw\u00f3rczo\u015b\u0107 wokalna Jana Sztwiertni \u2013 charakterystyka stylistyczna i aspekty wykonawcze<\/em> (wyd. U\u015a Katowice 2010) uzyska\u0142 tytu\u0142 doktora habilitowanego. Dzia\u0142alno\u015b\u0107 naukowa Huberta Mi\u015bki zwi\u0105zana jest g\u0142\u00f3wnie z badaniami nad r\u00f3\u017cnymi formami muzyki wokalnej oraz wokalno \u2013 instrumentalnej, w zakresie solowej\u00a0 interpretacji muzycznej. Szczeg\u00f3lne miejsce w tej materii badawczej zajmuj\u0105 kompozycje tw\u00f3rc\u00f3w \u015bl\u0105skich (J. Sztwiertnia, J. \u015awider, K. H\u0142awiczka, J. Gawlas, W. Macura, S. Hadyna, J. Podola). Jest autorem 24 publikacji naukowych &#8211; monografii, prac redakcyjnych, artyku\u0142\u00f3w, a tak\u017ce m.in. opracowa\u0144 pierwszych wyda\u0144 materia\u0142\u00f3w nutowych (Pie\u015bni na g\u0142os solowy z fortepianem i opery ludowej Sa\u0142asznicy) kompozytora Jana Sztwiertni, kt\u00f3rego wielki talent przerwa\u0142a \u015bmier\u0107 w hitlerowskim obozie w Mauthausen-Gusen.\u00a0 Zainteresowania badawcze H. Mi\u015bki obejmuj\u0105 tak\u017ce zagadnienia metodyczne w zakresie materia\u0142\u00f3w szeroko rozumianej pracy nad g\u0142osem (wsp\u00f3\u0142czesne i historyczne metody kszta\u0142cenia, koncepcje, repertuar). Hubert Mi\u015bka jest wsp\u00f3\u0142tw\u00f3rc\u0105 odbywaj\u0105cego si\u0119 w Cieszynie od 1992 roku\u00a0 Mi\u0119dzynarodowego Festiwalu Muzyki Wokalnej Viva il Canto, jest te\u017c pomys\u0142odawc\u0105 i kierownikiem artystycznym cyklu Akademickie Kol\u0119dowe Ostatki, kt\u00f3rego koncerty wybrzmiewaj\u0105 od 2012 roku w \u015bwi\u0105tyniach \u015al\u0105ska Cieszy\u0144skiego.<\/p>\n<div class=\"mt-3\"><\/div>\r\n                            <\/div>\r\n                            \r\n                            <div class=\"text-modules__img\"><img src=\"https:\/\/us.edu.pl\/instytut\/ismuz\/wp-content\/uploads\/sites\/54\/Bez-kategorii\/Hubert-Miska.jpg\" alt=\"img\"><\/div>\r\n                        <\/div>\r\n                    <\/div>\r\n                <\/div>[\/vc_column][\/vc_row]<\/p>","protected":false},"excerpt":{"rendered":"<p>[vc_row][vc_column][\/vc_column][\/vc_row] [&#8230;]<\/p>\n<p><a class=\"btn btn-secondary understrap-read-more-link\" href=\"https:\/\/us.edu.pl\/instytut\/ismuz\/pracownicy\/prof-dr-hab-hubert-miska\/\">Read More&#8230;<\/a><\/p>\n","protected":false},"author":110,"featured_media":0,"parent":189,"menu_order":0,"comment_status":"closed","ping_status":"closed","template":"","meta":{"_expiration-date-status":"","_expiration-date":0,"_expiration-date-type":"","_expiration-date-categories":[],"_expiration-date-options":[]},"acf":[],"_links":{"self":[{"href":"https:\/\/us.edu.pl\/instytut\/ismuz\/wp-json\/wp\/v2\/pages\/2293"}],"collection":[{"href":"https:\/\/us.edu.pl\/instytut\/ismuz\/wp-json\/wp\/v2\/pages"}],"about":[{"href":"https:\/\/us.edu.pl\/instytut\/ismuz\/wp-json\/wp\/v2\/types\/page"}],"author":[{"embeddable":true,"href":"https:\/\/us.edu.pl\/instytut\/ismuz\/wp-json\/wp\/v2\/users\/110"}],"replies":[{"embeddable":true,"href":"https:\/\/us.edu.pl\/instytut\/ismuz\/wp-json\/wp\/v2\/comments?post=2293"}],"version-history":[{"count":7,"href":"https:\/\/us.edu.pl\/instytut\/ismuz\/wp-json\/wp\/v2\/pages\/2293\/revisions"}],"predecessor-version":[{"id":3179,"href":"https:\/\/us.edu.pl\/instytut\/ismuz\/wp-json\/wp\/v2\/pages\/2293\/revisions\/3179"}],"up":[{"embeddable":true,"href":"https:\/\/us.edu.pl\/instytut\/ismuz\/wp-json\/wp\/v2\/pages\/189"}],"wp:attachment":[{"href":"https:\/\/us.edu.pl\/instytut\/ismuz\/wp-json\/wp\/v2\/media?parent=2293"}],"curies":[{"name":"wp","href":"https:\/\/api.w.org\/{rel}","templated":true}]}}

prof. dr hab. Hubert Miśka

<p>[vc_row][vc_column]
                <div class="text-modules reverse">
                    <div class="container">
                        <h3 class="section-title section-title_border-bottom">prof. dr hab. Hubert Miśka</h3> 
                        <div class="row m-0">
                            <div class="text-modules__content">
                                </p>
<p style="text-align: justify;"><strong>Hubert Miśka</strong> – śpiewak operowy i pedagog, profesor sztuki w dyscyplinie sztuki muzyczne. Studia wokalne ukończył w  katowickiej Akademii Muzycznej w klasie śpiewu prof. Stanisławy Marciniak–Gowarzewskiej, wcześniej zrealizował u prof. Adolfa Dygacza  na Uniwersytecie Śląskim magisterium w zakresie pedagogiki muzycznej. Przez 30 lat był etatowym solistą Opery Śląskiej w Bytomiu, gdzie zadebiutował w 1990 roku jako Nemorino w Napoju miłosnym G. Donizettiego, z teatrem tym kontynuuje obecnie współpracę. Występował także na scenach operowych Krakowa, Szczecina, Wrocławia, wielokrotnie śpiewał też poza granicami kraju: Czechy, Francja, Niemcy, Belgia, Szwecja, Dania, Węgry, Holandia, Szwajcaria, Ukraina, Włochy i Słowacja, oraz na krajowych estradach filharmonicznych (Poznań, Katowice, Białystok, Wrocław, Kraków, Łódź, Zabrze, Rzeszów). Dokonał wielu nagrań dla TV i radia i na 9 płytach CD. Hubert Miśka jest laureatem Złotej Płyty za album kolędowy nagrany dla Polskiego Radia w Katowicach. Od 1983 roku jest pracownikiem naukowo-dydaktycznym Uniwersytetu Śląskiego, gdzie na Wydziale Sztuki i Nauk o Edukacji w Cieszynie, pracuje na stanowisku profesora. W latach 2016-2019  pełnił funkcję dyrektora Instytutu Muzyki, a w latach 2011-2019 był kolejno: kierownikiem  Zakładu Dyrygowania i Wokalistyki i kierownikiem Zakładu Dydaktyki Muzycznej i Kształcenia Wokalnego. W roku 1998 zrealizował w Akademii Muzycznej we Wrocławiu pod kierunkiem prof. Eugeniusza Sąsiadka kwalifikacje I stopnia w zakresie wokalistyki, a w 2011 w katowickiej Akademii Muzycznej na podstawie rozprawy <em>Solowa twórczość wokalna Jana Sztwiertni – charakterystyka stylistyczna i aspekty wykonawcze</em> (wyd. UŚ Katowice 2010) uzyskał tytuł doktora habilitowanego. Działalność naukowa Huberta Miśki związana jest głównie z badaniami nad różnymi formami muzyki wokalnej oraz wokalno – instrumentalnej, w zakresie solowej  interpretacji muzycznej. Szczególne miejsce w tej materii badawczej zajmują kompozycje twórców śląskich (J. Sztwiertnia, J. Świder, K. Hławiczka, J. Gawlas, W. Macura, S. Hadyna, J. Podola). Jest autorem 24 publikacji naukowych &#8211; monografii, prac redakcyjnych, artykułów, a także m.in. opracowań pierwszych wydań materiałów nutowych (Pieśni na głos solowy z fortepianem i opery ludowej Sałasznicy) kompozytora Jana Sztwiertni, którego wielki talent przerwała śmierć w hitlerowskim obozie w Mauthausen-Gusen.  Zainteresowania badawcze H. Miśki obejmują także zagadnienia metodyczne w zakresie materiałów szeroko rozumianej pracy nad głosem (współczesne i historyczne metody kształcenia, koncepcje, repertuar). Hubert Miśka jest współtwórcą odbywającego się w Cieszynie od 1992 roku  Międzynarodowego Festiwalu Muzyki Wokalnej Viva il Canto, jest też pomysłodawcą i kierownikiem artystycznym cyklu Akademickie Kolędowe Ostatki, którego koncerty wybrzmiewają od 2012 roku w świątyniach Śląska Cieszyńskiego.</p>
<div class="mt-3"></div>
                            </div>
                            
                            <div class="text-modules__img"><img src="https://us.edu.pl/instytut/ismuz/wp-content/uploads/sites/54/Bez-kategorii/Hubert-Miska.jpg" alt="img"></div>
                        </div>
                    </div>
                </div>[/vc_column][/vc_row]</p>
