{"id":2576,"date":"2022-01-27T14:03:50","date_gmt":"2022-01-27T13:03:50","guid":{"rendered":"https:\/\/us.edu.pl\/instytut\/ismuz\/?page_id=2576"},"modified":"2022-01-27T14:42:33","modified_gmt":"2022-01-27T13:42:33","slug":"dr-agata-holdyk","status":"publish","type":"page","link":"https:\/\/us.edu.pl\/instytut\/ismuz\/pracownicy\/dr-agata-holdyk\/","title":{"rendered":"dr Agata Ho\u0142dyk"},"content":{"rendered":"<p>[vc_row][vc_column]\r\n                <div class=\"text-modules reverse\">\r\n                    <div class=\"container\">\r\n                        <h3 class=\"section-title section-title_border-bottom\">dr Agata Ho\u0142dyk<\/h3> \r\n                        <div class=\"row m-0\">\r\n                            <div class=\"text-modules__content\">\r\n                                dr <strong>Agata Ho\u0142dyk<\/strong> \u2013 adiunkt w Instytucie Sztuk Muzycznych w Cieszynie &#8211; Uniwersytetu \u015al\u0105skiego w Katowicach. Laureatka wielu konkurs\u00f3w og\u00f3lnopolskich i mi\u0119dzynarodowych, m.in. V miejsca na XXI Mi\u0119dzynarodowym Konkursie Pianistycznym w Marsali, I miejsca w III \u015al\u0105skim Konkursie Pianistycznym w Zabrzu oraz II miejsca na VI Mi\u0119dzynarodowym Konkursie Pianistycznym im. M. Magina w Pary\u017cu. Stypendystka Ministra Kultury i Sztuki.<\/p>\n<p>W 2009 roku utworzy\u0142a wraz z Aleksandr\u0105 Ha\u0142at duet fortepianowy AHHA PIANO DUO. Duet otrzyma\u0142 nagrody, mi\u0119dzy innymi: II miejsce na Mi\u0119dzynarodowym Konkursie Pianistycznym Bradshaw &amp; Buono w Nowym Jorku, wyr\u00f3\u017cnienie na XI Mi\u0119dzynarodowych Konkursie Pianistycznym \u201eConcours Grieg\u201d w Oslo. W 2017 roku ukaza\u0142a si\u0119 ich debiutancka p\u0142yta \u201eAHHA PIANO DUO \u2013 Our world of 4 hands\u201d<\/p>\n<p>Nauk\u0119 gry na fortepianie rozpocz\u0119\u0142a w wieku 9 lat. Pa\u0144stwow\u0105 Podstawow\u0105 Szko\u0142\u0119 Muzyczn\u0105 im. Stanis\u0142awa Moniuszki w Katowicach oraz Pa\u0144stwowe Liceum Muzyczne im. Karola Szymanowskiego w Katowicach uko\u0144czy\u0142a z wyr\u00f3\u017cnieniem w klasie fortepianu mgr Marii Wr\u00f3bel Zegalskiej. Jest absolwentk\u0105 Akademii Muzycznej im. Karola Szymanowskiego w Katowicach w klasie fortepianu prof. Andrzeja Jasi\u0144skiego. Tam te\u017c uko\u0144czy\u0142a klas\u0119 kameralistyki u prof. Reginy Strokosz-Michalak.<\/p>\n<p>Odby\u0142a sta\u017c w Uniwersit\u00e4t f\u00fcr Musik und darstellende Kunst w Grazu w Austrii, doskonal\u0105c umiej\u0119tno\u015bci pianistyczne u profesora Alexandra Satza oraz studiuj\u0105c w klasie kameralistyki u profesora Jontschy Bayrova.<\/p>\n<p>Uko\u0144czy\u0142a studia podyplomowe na kierunku instrumentalistyka w zakresie gry na fortepianie w klasie prof. Andrzeja Jasi\u0144skiego. W listopadzie 2013 roku obroni\u0142a dysertacj\u0119 doktorsk\u0105: Clara i Robert Schumann \u2013 wzajemna inspiracja tw\u00f3rcza na przyk\u0142adzie wybranych utwor\u00f3w fortepianowych. W 2015 roku wyda\u0142a sw\u0105 solow\u0105 p\u0142yt\u0119 \u201eClara &amp; Robert Schumann \u2013 Piano Works\u201d<\/p>\n<p>Cz\u0142onkini jury Mi\u0119dzynarodowego Konkursu Pianistycznego w Zgorzelcu i G\u00f6rlitz oraz Og\u00f3lnopolskiego Konkursu Duet\u00f3w Fortepianowych w Jeleniej G\u00f3rze. Stale koncertuje jako solistka i kameralistka w kraju i za granic\u0105 (Niemcy, Austria, Francja, W\u0142ochy, Czechy, Ukraina, Anglia, Szkocja). \r\n                                <div class=\"mt-3\"><\/div>\r\n                            <\/div>\r\n                            \r\n                            <div class=\"text-modules__img\"><img src=\"https:\/\/us.edu.pl\/instytut\/ismuz\/wp-content\/uploads\/sites\/54\/Nieprzypisane\/Agata-Holdyk-3.jpg\" alt=\"img\"><\/div>\r\n                        <\/div>\r\n                    <\/div>\r\n                <\/div>[\/vc_column][\/vc_row][vc_row][vc_column]            \r\n                    <div class=\"container\">\r\n                        <div class=\"gallery gallery_3\" data-images-in-row=\"3\">\r\n                            \r\n                            <div class=\"row m-0\">\r\n                                <a data-fancybox-group=\"button\" title=\"\" data-fancybox=\"6152\" href=\"https:\/\/us.edu.pl\/instytut\/ismuz\/wp-content\/uploads\/sites\/54\/2022\/01\/Agata-Holdyk-1.jpg\" class=\"gallery__item thumbnail\"\r\n                                    style=\"background-image: url(https:\/\/us.edu.pl\/instytut\/ismuz\/wp-content\/uploads\/sites\/54\/2022\/01\/Agata-Holdyk-1-1024x683.jpg)\"> <span class=\"d-none\">https:\/\/us.edu.pl\/instytut\/ismuz\/wp-content\/uploads\/sites\/54\/2022\/01\/Agata-Holdyk-1.jpg<\/span> <\/a><a data-fancybox-group=\"button\" title=\"\" data-fancybox=\"6152\" href=\"https:\/\/us.edu.pl\/instytut\/ismuz\/wp-content\/uploads\/sites\/54\/Nieprzypisane\/Agata-Holdyk-3.jpg\" class=\"gallery__item thumbnail\"\r\n                                    style=\"background-image: url(https:\/\/us.edu.pl\/instytut\/ismuz\/wp-content\/uploads\/sites\/54\/Nieprzypisane\/Agata-Holdyk-3-768x1024.jpg)\"> <span class=\"d-none\">https:\/\/us.edu.pl\/instytut\/ismuz\/wp-content\/uploads\/sites\/54\/Nieprzypisane\/Agata-Holdyk-3.jpg<\/span> <\/a><a data-fancybox-group=\"button\" title=\"\" data-fancybox=\"6152\" href=\"https:\/\/us.edu.pl\/instytut\/ismuz\/wp-content\/uploads\/sites\/54\/Nieprzypisane\/Agata-Holdyk-2.jpg\" class=\"gallery__item thumbnail\"\r\n                                    style=\"background-image: url(https:\/\/us.edu.pl\/instytut\/ismuz\/wp-content\/uploads\/sites\/54\/Nieprzypisane\/Agata-Holdyk-2-1024x683.jpg)\"> <span class=\"d-none\">https:\/\/us.edu.pl\/instytut\/ismuz\/wp-content\/uploads\/sites\/54\/Nieprzypisane\/Agata-Holdyk-2.jpg<\/span> <\/a>\r\n                            <\/div>\r\n                    <\/div>\r\n                <\/div>[\/vc_column][\/vc_row]<\/p>","protected":false},"excerpt":{"rendered":"<p>[vc_row][vc_column][\/vc_column][\/vc_row][vc_row][vc_column][\/vc_column][\/vc_row] [&#8230;]<\/p>\n<p><a class=\"btn btn-secondary understrap-read-more-link\" href=\"https:\/\/us.edu.pl\/instytut\/ismuz\/pracownicy\/dr-agata-holdyk\/\">Read More&#8230;<\/a><\/p>\n","protected":false},"author":110,"featured_media":0,"parent":189,"menu_order":0,"comment_status":"closed","ping_status":"closed","template":"","meta":{"_expiration-date-status":"saved","_expiration-date":0,"_expiration-date-type":"","_expiration-date-categories":[],"_expiration-date-options":[]},"acf":[],"_links":{"self":[{"href":"https:\/\/us.edu.pl\/instytut\/ismuz\/wp-json\/wp\/v2\/pages\/2576"}],"collection":[{"href":"https:\/\/us.edu.pl\/instytut\/ismuz\/wp-json\/wp\/v2\/pages"}],"about":[{"href":"https:\/\/us.edu.pl\/instytut\/ismuz\/wp-json\/wp\/v2\/types\/page"}],"author":[{"embeddable":true,"href":"https:\/\/us.edu.pl\/instytut\/ismuz\/wp-json\/wp\/v2\/users\/110"}],"replies":[{"embeddable":true,"href":"https:\/\/us.edu.pl\/instytut\/ismuz\/wp-json\/wp\/v2\/comments?post=2576"}],"version-history":[{"count":4,"href":"https:\/\/us.edu.pl\/instytut\/ismuz\/wp-json\/wp\/v2\/pages\/2576\/revisions"}],"predecessor-version":[{"id":2584,"href":"https:\/\/us.edu.pl\/instytut\/ismuz\/wp-json\/wp\/v2\/pages\/2576\/revisions\/2584"}],"up":[{"embeddable":true,"href":"https:\/\/us.edu.pl\/instytut\/ismuz\/wp-json\/wp\/v2\/pages\/189"}],"wp:attachment":[{"href":"https:\/\/us.edu.pl\/instytut\/ismuz\/wp-json\/wp\/v2\/media?parent=2576"}],"curies":[{"name":"wp","href":"https:\/\/api.w.org\/{rel}","templated":true}]}}

dr Agata Hołdyk

<p>[vc_row][vc_column]
                <div class="text-modules reverse">
                    <div class="container">
                        <h3 class="section-title section-title_border-bottom">dr Agata Hołdyk</h3> 
                        <div class="row m-0">
                            <div class="text-modules__content">
                                dr <strong>Agata Hołdyk</strong> – adiunkt w Instytucie Sztuk Muzycznych w Cieszynie &#8211; Uniwersytetu Śląskiego w Katowicach. Laureatka wielu konkursów ogólnopolskich i międzynarodowych, m.in. V miejsca na XXI Międzynarodowym Konkursie Pianistycznym w Marsali, I miejsca w III Śląskim Konkursie Pianistycznym w Zabrzu oraz II miejsca na VI Międzynarodowym Konkursie Pianistycznym im. M. Magina w Paryżu. Stypendystka Ministra Kultury i Sztuki.</p>
<p>W 2009 roku utworzyła wraz z Aleksandrą Hałat duet fortepianowy AHHA PIANO DUO. Duet otrzymał nagrody, między innymi: II miejsce na Międzynarodowym Konkursie Pianistycznym Bradshaw &amp; Buono w Nowym Jorku, wyróżnienie na XI Międzynarodowych Konkursie Pianistycznym „Concours Grieg” w Oslo. W 2017 roku ukazała się ich debiutancka płyta „AHHA PIANO DUO – Our world of 4 hands”</p>
<p>Naukę gry na fortepianie rozpoczęła w wieku 9 lat. Państwową Podstawową Szkołę Muzyczną im. Stanisława Moniuszki w Katowicach oraz Państwowe Liceum Muzyczne im. Karola Szymanowskiego w Katowicach ukończyła z wyróżnieniem w klasie fortepianu mgr Marii Wróbel Zegalskiej. Jest absolwentką Akademii Muzycznej im. Karola Szymanowskiego w Katowicach w klasie fortepianu prof. Andrzeja Jasińskiego. Tam też ukończyła klasę kameralistyki u prof. Reginy Strokosz-Michalak.</p>
<p>Odbyła staż w Uniwersität für Musik und darstellende Kunst w Grazu w Austrii, doskonaląc umiejętności pianistyczne u profesora Alexandra Satza oraz studiując w klasie kameralistyki u profesora Jontschy Bayrova.</p>
<p>Ukończyła studia podyplomowe na kierunku instrumentalistyka w zakresie gry na fortepianie w klasie prof. Andrzeja Jasińskiego. W listopadzie 2013 roku obroniła dysertację doktorską: Clara i Robert Schumann – wzajemna inspiracja twórcza na przykładzie wybranych utworów fortepianowych. W 2015 roku wydała swą solową płytę „Clara &amp; Robert Schumann – Piano Works”</p>
<p>Członkini jury Międzynarodowego Konkursu Pianistycznego w Zgorzelcu i Görlitz oraz Ogólnopolskiego Konkursu Duetów Fortepianowych w Jeleniej Górze. Stale koncertuje jako solistka i kameralistka w kraju i za granicą (Niemcy, Austria, Francja, Włochy, Czechy, Ukraina, Anglia, Szkocja). 
                                <div class="mt-3"></div>
                            </div>
                            
                            <div class="text-modules__img"><img src="https://us.edu.pl/instytut/ismuz/wp-content/uploads/sites/54/Nieprzypisane/Agata-Holdyk-3.jpg" alt="img"></div>
                        </div>
                    </div>
                </div>[/vc_column][/vc_row][vc_row][vc_column]            
                    <div class="container">
                        <div class="gallery gallery_3" data-images-in-row="3">
                            
                            <div class="row m-0">
                                <a data-fancybox-group="button" title="" data-fancybox="6152" href="https://us.edu.pl/instytut/ismuz/wp-content/uploads/sites/54/2022/01/Agata-Holdyk-1.jpg" class="gallery__item thumbnail"
                                    style="background-image: url(https://us.edu.pl/instytut/ismuz/wp-content/uploads/sites/54/2022/01/Agata-Holdyk-1-1024x683.jpg)"> <span class="d-none">https://us.edu.pl/instytut/ismuz/wp-content/uploads/sites/54/2022/01/Agata-Holdyk-1.jpg</span> </a><a data-fancybox-group="button" title="" data-fancybox="6152" href="https://us.edu.pl/instytut/ismuz/wp-content/uploads/sites/54/Nieprzypisane/Agata-Holdyk-3.jpg" class="gallery__item thumbnail"
                                    style="background-image: url(https://us.edu.pl/instytut/ismuz/wp-content/uploads/sites/54/Nieprzypisane/Agata-Holdyk-3-768x1024.jpg)"> <span class="d-none">https://us.edu.pl/instytut/ismuz/wp-content/uploads/sites/54/Nieprzypisane/Agata-Holdyk-3.jpg</span> </a><a data-fancybox-group="button" title="" data-fancybox="6152" href="https://us.edu.pl/instytut/ismuz/wp-content/uploads/sites/54/Nieprzypisane/Agata-Holdyk-2.jpg" class="gallery__item thumbnail"
                                    style="background-image: url(https://us.edu.pl/instytut/ismuz/wp-content/uploads/sites/54/Nieprzypisane/Agata-Holdyk-2-1024x683.jpg)"> <span class="d-none">https://us.edu.pl/instytut/ismuz/wp-content/uploads/sites/54/Nieprzypisane/Agata-Holdyk-2.jpg</span> </a>
                            </div>
                    </div>
                </div>[/vc_column][/vc_row]</p>
