{"id":266,"date":"2020-02-17T14:07:06","date_gmt":"2020-02-17T13:07:06","guid":{"rendered":"https:\/\/us.edu.pl\/instytut\/ismuz\/?page_id=266"},"modified":"2026-04-08T14:24:58","modified_gmt":"2026-04-08T12:24:58","slug":"pion-naukowy","status":"publish","type":"page","link":"https:\/\/us.edu.pl\/instytut\/ismuz\/pion-naukowy\/","title":{"rendered":"Pion naukowy"},"content":{"rendered":"<p>[vc_row][vc_column]\r\n                <div class=\"text-modules\">\r\n                    <div class=\"container\">\r\n                        <h3 class=\"page-title text__title\">Pion naukowy<\/h3>\r\n                        <div class=\"text-modules__content\"><\/p>\n<h2>Dyrekcja pionu naukowego<\/h2>\n<p><img class=\"wp-image-182 size-medium alignnone\" src=\"https:\/\/us.edu.pl\/instytut\/ismuz\/wp-content\/uploads\/sites\/54\/Nieprzypisane\/278021-240x300.jpg\" alt=\"\" width=\"240\" height=\"300\" srcset=\"https:\/\/us.edu.pl\/instytut\/ismuz\/wp-content\/uploads\/sites\/54\/Nieprzypisane\/278021-240x300.jpg 240w, https:\/\/us.edu.pl\/instytut\/ismuz\/wp-content\/uploads\/sites\/54\/Nieprzypisane\/278021-460x575.jpg 460w, https:\/\/us.edu.pl\/instytut\/ismuz\/wp-content\/uploads\/sites\/54\/Nieprzypisane\/278021.jpg 640w\" sizes=\"(max-width: 240px) 100vw, 240px\" \/><\/p>\n<p>Dyrektor Instytutu Sztuk Muzycznych <strong>dr hab. Magdalena Szyndler, prof. U\u015a<br \/>\n<\/strong><\/p>\n<p>Adres: ul. Bielska 62, 43-400 Cieszyn<br \/>\nEmail: <a href=\"mailto:magdalena.szyndler@us.edu.pl\">magdalena.szyndler@us.edu.pl<\/a><\/p>\n<hr \/>\n<p><img class=\"alignnone wp-image-185 size-medium\" src=\"https:\/\/us.edu.pl\/instytut\/ismuz\/wp-content\/uploads\/sites\/54\/Nieprzypisane\/122921-240x300.jpg\" alt=\"\" width=\"240\" height=\"300\" srcset=\"https:\/\/us.edu.pl\/instytut\/ismuz\/wp-content\/uploads\/sites\/54\/Nieprzypisane\/122921-240x300.jpg 240w, https:\/\/us.edu.pl\/instytut\/ismuz\/wp-content\/uploads\/sites\/54\/Nieprzypisane\/122921-460x575.jpg 460w, https:\/\/us.edu.pl\/instytut\/ismuz\/wp-content\/uploads\/sites\/54\/Nieprzypisane\/122921.jpg 640w\" sizes=\"(max-width: 240px) 100vw, 240px\" \/><\/p>\n<p>Z-ca Dyrektora Instytutu Sztuk Muzycznych <strong>dr hab. Agnieszka Kopi\u0144ska, prof. U\u015a<\/strong><\/p>\n<p>Adres: ul. Bielska 62, 43-400 Cieszyn<br \/>\nEmail: <a href=\"mailto:agnieszka.kopinska@us.edu.pl\">agnieszka.kopinska@us.edu.pl<\/a><\/p>\n<hr \/>\n<h2>Sk\u0142ad Rady Naukowej Instytutu Sztuk Muzycznych obowi\u0105zuj\u0105cy z dniem 1.10.2022 na kadencj\u0119 2022 \u2013 2026<\/h2>\n<p><a href=\"https:\/\/us.edu.pl\/instytut\/ismuz\/pracownicy\/magdalena-szyndler\/\">1. Dr hab. Magdalena Szyndler, prof. U\u015a \u2013 Dyrektor Instytutu, Przewodnicz\u0105ca Rady Naukowej<\/a><br \/>\n2. Dr hab. Agnieszka Kopi\u0144ska, prof. U\u015a \u2013 Zast\u0119pca Dyrektora Instytutu<br \/>\n<a href=\"https:\/\/us.edu.pl\/instytut\/ismuz\/pracownicy\/wieslaw-cienciala\/\">3. Prof. dr hab. Wies\u0142aw Ciencia\u0142a<\/a><br \/>\n4. Prof. dr hab. Joanna Glenc<br \/>\n<a href=\"https:\/\/us.edu.pl\/instytut\/ismuz\/pracownicy\/prof-dr-hab-michal-korzistka\/\">5. Prof. dr hab. Micha\u0142 Korzistka<\/a><br \/>\n6. Prof. dr hab. Hubert Mi\u015bka<br \/>\n<a href=\"https:\/\/us.edu.pl\/instytut\/ismuz\/pracownicy\/tomasz-spalinski\/\">7. Prof. dr hab. Tomasz Spali\u0144ski<\/a><br \/>\n8. Prof. dr hab. Anna Szostak-Myrczek<br \/>\n9. Prof. dr hab. Wojciech Waleczek<br \/>\n10. Prof. dr hab. Izabella Zielecka-Panek<br \/>\n<a href=\"https:\/\/us.edu.pl\/instytut\/ismuz\/pracownicy\/krzysztof-gawlas\/\">11. Dr hab. Krzysztof Gawlas, prof. U\u015a<\/a><br \/>\n12. Dr hab. Jacek Hamela, prof. U\u015a<br \/>\n<a href=\"https:\/\/us.edu.pl\/instytut\/ismuz\/pracownicy\/anna-kijanowska\/\">13. Dr hab. Anna Kijanowska, prof. U\u015a<\/a><br \/>\n14. Dr hab. Bartosz Listwan, prof. U\u015a<br \/>\n15. Dr hab. Urszula Mizia, prof. U\u015a<br \/>\n16. Dr hab. Karol Pyka prof. U\u015a<br \/>\n<a href=\"https:\/\/us.edu.pl\/instytut\/ismuz\/grzegorz-niemczuk\/\">17. Dr Grzegorz Niemczuk<\/a><br \/>\n18. Dr Danuta Zo\u0144-Ciuk, prof. U\u015a<\/p>\n<p>&nbsp;<\/p>\n<hr \/>\n<h2>&#8222;Dyscyplina: Sztuki muzyczne&#8221;<\/h2>\n<p>Osoby reprezentuj\u0105ce dyscyplin\u0119: sztuki muzyczne<\/p>\n<p>1. mgr Ewelina Bachul-Ciencia\u0142a<br \/>\n2. dr Bogus\u0142aw Bemben<br \/>\n3. mgr in\u017c. Paulina Bielesz<br \/>\n4. dr hab. Joanna Bo\u015blak-G\u00f3rniok<br \/>\n5. prof. dr hab. Wies\u0142aw Ciencia\u0142a<br \/>\n6. dr hab. Krzysztof Gawlas, prof. U\u015a<br \/>\n7. prof. dr hab. Joanna Glenc<br \/>\n8. dr hab. Wojciech Golec<br \/>\n9. dr Dariusz G\u00f3rniok<br \/>\n10. dr Aleksandra Ha\u0142at, prof. U\u015a<br \/>\n11. dr Marcin Ha\u0142at<br \/>\n12. dr hab. Jacek Hamela, prof. U\u015a<br \/>\n13. dr Agata Ho\u0142dyk, prof. U\u015a<br \/>\n14. dr Zayed Jabri<br \/>\n15. dr hab. Ma\u0142gorzata Kaniowska, prof. U\u015a<br \/>\n16. dr hab. Anna Kijanowska, prof. U\u015a<br \/>\n17. prof. dr hab. Miros\u0142awa Knapik<br \/>\n18. dr Anna Ko\u0142owska (Szawi\u0144ska)<br \/>\n19. dr hab. Agnieszka Kopi\u0144ska, prof. U\u015a<br \/>\n20. prof. dr hab. Micha\u0142 Korzistka<br \/>\n21. prof. zw. dr hab. Aleksander Laso\u0144<br \/>\n22. dr hab. Bartosz Listwan, prof. U\u015a<br \/>\n23. mgr Piotr Matusik<br \/>\n24. dr hab. Bogumi\u0142a Mika, prof. U\u015a<br \/>\n25. prof. dr hab. Hubert Mi\u015bka<br \/>\n26. dr hab. Urszula Mizia, prof. U\u015a<br \/>\n27. dr Grzegorz Niemczuk<br \/>\n28. dr Joanna Nowicka<br \/>\n29. dr hab. Sabina Olbrich-Szafraniec, prof. U\u015a<br \/>\n30. dr Jacek P\u0142osa<br \/>\n31. dr hab. Karol Pyka, prof. U\u015a<br \/>\n32. dr Adrian Robak, prof. U\u015a<br \/>\n33. prof. dr hab. Tomasz Spali\u0144ski<br \/>\n34. dr Krzysztof Stasiak<br \/>\n35. prof. dr hab. Anna Szostak-Myrczek<br \/>\n36. dr hab. Magdalena Szyndler, prof. U\u015a<br \/>\n37. dr hab. Aldona \u015alusarz, prof. U\u015a<br \/>\n38. dr hab. Adam Wagner<br \/>\n39. prof. dr hab. Wojciech Waleczek<br \/>\n<a href=\"https:\/\/us.edu.pl\/instytut\/ismuz\/pracownicy\/aleksandra-zeman\/\">40. dr hab. Aleksandra Zeman, prof. U\u015a<\/a><br \/>\n41. prof. dr hab. Izabella Zielecka-Panek<br \/>\n42. dr Danuta Zo\u0144 \u2013 Ciuk, prof. U\u015a<br \/>\n43. dr Maria Zuber<br \/>\n44. mgr Kinga Zuchowicz-Pinilla<br \/>\n45. ks. dr Bartosz Zygmunt<br \/>\n46. dr Marcin \u017bupa\u0144ski<\/p>\n<\/div>\r\n                    <\/div>\r\n                <\/div>[\/vc_column][\/vc_row]<\/p>","protected":false},"excerpt":{"rendered":"<p>[vc_row][vc_column][\/vc_column][\/vc_row] [&#8230;]<\/p>\n<p><a class=\"btn btn-secondary understrap-read-more-link\" href=\"https:\/\/us.edu.pl\/instytut\/ismuz\/pion-naukowy\/\">Read More&#8230;<\/a><\/p>\n","protected":false},"author":111,"featured_media":0,"parent":0,"menu_order":240,"comment_status":"closed","ping_status":"closed","template":"","meta":{"_expiration-date-status":"","_expiration-date":0,"_expiration-date-type":"","_expiration-date-categories":[],"_expiration-date-options":[]},"acf":[],"_links":{"self":[{"href":"https:\/\/us.edu.pl\/instytut\/ismuz\/wp-json\/wp\/v2\/pages\/266"}],"collection":[{"href":"https:\/\/us.edu.pl\/instytut\/ismuz\/wp-json\/wp\/v2\/pages"}],"about":[{"href":"https:\/\/us.edu.pl\/instytut\/ismuz\/wp-json\/wp\/v2\/types\/page"}],"author":[{"embeddable":true,"href":"https:\/\/us.edu.pl\/instytut\/ismuz\/wp-json\/wp\/v2\/users\/111"}],"replies":[{"embeddable":true,"href":"https:\/\/us.edu.pl\/instytut\/ismuz\/wp-json\/wp\/v2\/comments?post=266"}],"version-history":[{"count":10,"href":"https:\/\/us.edu.pl\/instytut\/ismuz\/wp-json\/wp\/v2\/pages\/266\/revisions"}],"predecessor-version":[{"id":5773,"href":"https:\/\/us.edu.pl\/instytut\/ismuz\/wp-json\/wp\/v2\/pages\/266\/revisions\/5773"}],"wp:attachment":[{"href":"https:\/\/us.edu.pl\/instytut\/ismuz\/wp-json\/wp\/v2\/media?parent=266"}],"curies":[{"name":"wp","href":"https:\/\/api.w.org\/{rel}","templated":true}]}}