{"id":3047,"date":"2023-03-15T12:57:42","date_gmt":"2023-03-15T11:57:42","guid":{"rendered":"https:\/\/us.edu.pl\/instytut\/ismuz\/?page_id=3047"},"modified":"2023-03-15T13:02:08","modified_gmt":"2023-03-15T12:02:08","slug":"marcin-halat","status":"publish","type":"page","link":"https:\/\/us.edu.pl\/instytut\/ismuz\/marcin-halat\/","title":{"rendered":"dr Marcin Ha\u0142at"},"content":{"rendered":"<p>[vc_row][vc_column]\r\n                <div class=\"text-modules reverse\">\r\n                    <div class=\"container\">\r\n                         \r\n                        <div class=\"row m-0\">\r\n                            <div class=\"text-modules__content\">\r\n                                <strong>dr Marcin Ha\u0142at<\/strong> &#8211; skrzypek, improwizator, okre\u015blany mianem artysty objawiaj\u0105cego nowy \u015bwiat skrzypiec. Uko\u0144czy\u0142\u00a0 Wydzia\u0142 Jazzu i\u00a0Muzyki Rozrywkowej Akademii Muzycznej w\u00a0Katowicach pod kierunkiem dr hab. Henryka Gembalskiego prof. AM oraz Wydzia\u0142\u00a0 Instrumentalny Akademii Muzycznej w\u00a0Krakowie w\u00a0klasie skrzypiec dr hab. Roberta Kabary. Jego tw\u00f3rczo\u015b\u0107 to synergia dw\u00f3ch \u015bwiat\u00f3w muzycznych: \u00a0jazzowego i klasycznego, kt\u00f3re nieustannie si\u0119 przenikaj\u0105 oraz nieprzerwanie ze sob\u0105 koreluj\u0105, ukazuj\u0105c artyst\u0119 nie daj\u0105cego si\u0119 zaszufladkowa\u0107 w \u017cadnym z nich. Marcin Ha\u0142at w swoich kompozycjach w niezwyk\u0142y spos\u00f3b \u0142\u0105czy wizj\u0119 muzyki wsp\u00f3\u0142czesnej po\u0142\u0105czon\u0105 z elementami muzyki jazzowej i improwizowanej. Artysta jest zapraszany na festiwale muzyki klasycznej, jak i na festiwale muzyki jazzowej, improwizowanej, m.in: Wielkanocny Festiwal L.van Beethovena, Violin Summit, kt\u00f3ry odbywa si\u0119 w ramach Festiwalu Singera, Festiwal Kultury \u017bydowskiej, Festiwal Pianist\u00f3w Jazzowych w Kaliszu, Kopenhagen Jazz Festival, United Europe Jazz Festival, Wroc\u0142awski Festiwal Jazzzowy Jazz nad Odr\u0105, Leipziger Jazztage, Chopin in the City Festival\/ Chicago. Wsp\u00f3\u0142pracuj\u0105c z Sinfoniett\u0105 Cracovi\u0105 wyst\u0119powa\u0142 na wielu koncertach i festiwalach. Nagrywa\u0142 dla Sony Classical, Dux, Tv Arte. Jego dyskografia zawiera nagrania zar\u00f3wno z repertuarem klasycznym, improwizowanym jak i autorskim. W ostatnim czasie dokona\u0142 prawykonania archiwalnych dzie\u0142 polskiego tw\u00f3rcy emigracyjnego Karola Rathausa dla wytw\u00f3rni DUX Karol Rathaus &#8211; Piano Trios \/2021 oraz Karol Rathaus &#8211; Chamber Works \/ 2022. Marcin jest liderem tria &#8222;The Owl&#8221;, kt\u00f3re tworzy wraz z Krzysztofem Gradziukiem oraz Maciejem Garbowskim. Ich ostatnie albumy to &#8222;On the Way&#8221; oraz &#8222;Improcode&#8221; z\u00a0 go\u015bcinnym wyst\u0119pem\u00a0 Pablo Helda.\u00a0 W swojej karierze artystycznej Marcin Ha\u0142at otrzyma\u0142 szereg stypendi\u00f3w mi\u0119dzy innymi: stypendium Ministerstwa Nauki i Szkolnictwa Wy\u017cszego, stypendium Marsza\u0142ka Wojew\u00f3dztwa \u015al\u0105skiego oraz stypendium Instytutu Adama Mickiewicza. W 2013 roku Marcin Ha\u0142at zrealizowa\u0142 w Akademii Muzycznej w Krakowie przew\u00f3d doktorski. Od wielu lat jest wyk\u0142adowc\u0105 na Uniwersytecie \u015al\u0105skim gdzie w Instytucie Sztuk Muzycznych zatrudniony jest na stanowisku adiunkta. Regularnie koncertuje w kraju i zagranica.<\/p>\n<p><a href=\"https:\/\/marcinhalat.com\/\">Strona g\u0142\u00f3wna &#8211; Marcin Ha\u0142at (marcinhalat.com)<\/a><\/p>\n<p><a href=\"https:\/\/www.youtube.com\/watch?v=6xNwTKmYnpA\">https:\/\/www.youtube.com\/watch?v=6xNwTKmYnpA<\/a><\/p>\n<p><a href=\"https:\/\/www.youtube.com\/watch?v=7M1xYVZ2d4U\">https:\/\/www.youtube.com\/watch?v=7M1xYVZ2d4U<\/a><\/p>\n<p><a href=\"https:\/\/www.youtube.com\/watch?v=vUlul_7X7cw\">https:\/\/www.youtube.com\/watch?v=vUlul_7X7cw<\/a> \r\n                                <div class=\"mt-3\"><\/div>\r\n                            <\/div>\r\n                            \r\n                            <div class=\"text-modules__img\"><img src=\"https:\/\/us.edu.pl\/instytut\/ismuz\/wp-content\/uploads\/sites\/54\/Bez-kategorii\/Marcin-Halat-fot.2Rafal-Pawlowski.jpg\" alt=\"img\"><\/div>\r\n                        <\/div>\r\n                    <\/div>\r\n                <\/div>[\/vc_column][\/vc_row]<\/p>","protected":false},"excerpt":{"rendered":"<p>[vc_row][vc_column][\/vc_column][\/vc_row] [&#8230;]<\/p>\n<p><a class=\"btn btn-secondary understrap-read-more-link\" href=\"https:\/\/us.edu.pl\/instytut\/ismuz\/marcin-halat\/\">Read More&#8230;<\/a><\/p>\n","protected":false},"author":110,"featured_media":0,"parent":0,"menu_order":0,"comment_status":"closed","ping_status":"closed","template":"","meta":{"_expiration-date-status":"","_expiration-date":0,"_expiration-date-type":"","_expiration-date-categories":[],"_expiration-date-options":[]},"acf":[],"_links":{"self":[{"href":"https:\/\/us.edu.pl\/instytut\/ismuz\/wp-json\/wp\/v2\/pages\/3047"}],"collection":[{"href":"https:\/\/us.edu.pl\/instytut\/ismuz\/wp-json\/wp\/v2\/pages"}],"about":[{"href":"https:\/\/us.edu.pl\/instytut\/ismuz\/wp-json\/wp\/v2\/types\/page"}],"author":[{"embeddable":true,"href":"https:\/\/us.edu.pl\/instytut\/ismuz\/wp-json\/wp\/v2\/users\/110"}],"replies":[{"embeddable":true,"href":"https:\/\/us.edu.pl\/instytut\/ismuz\/wp-json\/wp\/v2\/comments?post=3047"}],"version-history":[{"count":2,"href":"https:\/\/us.edu.pl\/instytut\/ismuz\/wp-json\/wp\/v2\/pages\/3047\/revisions"}],"predecessor-version":[{"id":3052,"href":"https:\/\/us.edu.pl\/instytut\/ismuz\/wp-json\/wp\/v2\/pages\/3047\/revisions\/3052"}],"wp:attachment":[{"href":"https:\/\/us.edu.pl\/instytut\/ismuz\/wp-json\/wp\/v2\/media?parent=3047"}],"curies":[{"name":"wp","href":"https:\/\/api.w.org\/{rel}","templated":true}]}}