{"id":3135,"date":"2023-05-24T09:22:42","date_gmt":"2023-05-24T07:22:42","guid":{"rendered":"https:\/\/us.edu.pl\/instytut\/ismuz\/?page_id=3135"},"modified":"2023-05-24T09:22:42","modified_gmt":"2023-05-24T07:22:42","slug":"adrian-robak","status":"publish","type":"page","link":"https:\/\/us.edu.pl\/instytut\/ismuz\/adrian-robak\/","title":{"rendered":"Adrian Robak"},"content":{"rendered":"<p>[vc_row][vc_column]\r\n                <div class=\"text-modules reverse\">\r\n                    <div class=\"container\">\r\n                        <h3 class=\"section-title section-title_border-bottom\">dr Adrian Robak, prof. U\u015a <\/h3> \r\n                        <div class=\"row m-0\">\r\n                            <div class=\"text-modules__content\">\r\n                                <strong>dr Adrian Robak, prof. U\u015a<\/strong> &#8211; kompozytor, absolwent katowickiej Akademii Muzycznej, kt\u00f3r\u0105 uko\u0144czy\u0142 w 2008 roku w klasie kompozycji prof. Aleksandra Lasonia (dyplom z wyr\u00f3\u017cnieniem). Studiowa\u0142 tam\u017ce r\u00f3wnolegle Teori\u0119 Muzyki. W czasie toku studi\u00f3w by\u0142 dwukrotnym stypendyst\u0105 Ministra Kultury i Dziedzictwa Narodowego za wyr\u00f3\u017cniaj\u0105ce wyniki w nauce. W 2015 roku uko\u0144czy\u0142 studia doktoranckie w klasie prof. E. Knapika (Akademia Muzyczna w Katowicach) otrzymuj\u0105c tytu\u0142 doktora sztuk muzycznych. Adrian Robak jest autorem \u015bcie\u017cek d\u017awi\u0119kowych do film\u00f3w (\u201eDni mojego \u017cycia\u201d, \u201eKlisze pami\u0119ci Mariana Ko\u0142odzieja\u201d, \u201eMisja Wolnego\u201d, \u201eDoktor Faustus\u201d i \u201eTo\u0144\u201d). W\u015br\u00f3d jego kompozycji najwa\u017cniejsze to: \u201eGardens\u201d na orkiestr\u0119 symfoniczn\u0105, Koncert na tub\u0119 i orkiestr\u0119, Koncert wokalny \u201eCamerata\u201d na ch\u00f3r mieszany (lub zesp\u00f3\u0142 solist\u00f3w), \u201eSilesia 1921\u201d ch\u00f3r mieszany i orkiestr\u0119 symfoniczn\u0105 (kompozycja nagrodzona na konkursie kompozytorskim) oraz \u201eTo nie jest kraj bohater\u00f3w\u201d ch\u00f3r mieszany i orkiestr\u0119 symfoniczn\u0105. W\u015br\u00f3d jego zainteresowa\u0144 znajduj\u0105 si\u0119 metody tworzenia i zastosowanie instrument\u00f3w wirtualnych generowanych elektronicznie (VSTi) w tworzeniu \u015bcie\u017cek d\u017awi\u0119kowych z kompozycji symfonicznych i w dziele filmowym. W latach 2018-2019 Adrian Robak prowadzi\u0142 badania na temat: Instrumenty wirtualne jako d\u017awi\u0119kowy substytut realnego instrumentarium w trakcie tworzenia muzycznej \u015bcie\u017cki d\u017awi\u0119kowej do obrazu filmowego. Rezultaty jego bada\u0144 by\u0142y zaprezentowane m.in. na 6th International Conference on New Music w Treviso (W\u0142ochy) oraz International \u201eMusic and Science\u201d Symposium w Istambule (Turcja). Dr Adrian Robak jest wyk\u0142adowc\u0105 w Instytucie Sztuk Muzycznych Uniwersytetu \u015al\u0105skiego oraz na Akademii Muzycznej w Katowicach, prowadzi r\u00f3wnie\u017c zaj\u0119cia w Zespole Szk\u00f3\u0142 nr 4 im. P. Latoski w Rudzie \u015al\u0105skiej. \r\n                                <div class=\"mt-3\"><\/div>\r\n                            <\/div>\r\n                            \r\n                            <div class=\"text-modules__img\"><img src=\"https:\/\/us.edu.pl\/instytut\/ismuz\/wp-content\/uploads\/sites\/54\/2023\/05\/Adrian-Robak.jpg\" alt=\"img\"><\/div>\r\n                        <\/div>\r\n                    <\/div>\r\n                <\/div>[\/vc_column][\/vc_row]<\/p>","protected":false},"excerpt":{"rendered":"<p>[vc_row][vc_column][\/vc_column][\/vc_row] [&#8230;]<\/p>\n<p><a class=\"btn btn-secondary understrap-read-more-link\" href=\"https:\/\/us.edu.pl\/instytut\/ismuz\/adrian-robak\/\">Read More&#8230;<\/a><\/p>\n","protected":false},"author":110,"featured_media":0,"parent":0,"menu_order":0,"comment_status":"closed","ping_status":"closed","template":"","meta":{"_expiration-date-status":"","_expiration-date":0,"_expiration-date-type":"","_expiration-date-categories":[],"_expiration-date-options":[]},"acf":[],"_links":{"self":[{"href":"https:\/\/us.edu.pl\/instytut\/ismuz\/wp-json\/wp\/v2\/pages\/3135"}],"collection":[{"href":"https:\/\/us.edu.pl\/instytut\/ismuz\/wp-json\/wp\/v2\/pages"}],"about":[{"href":"https:\/\/us.edu.pl\/instytut\/ismuz\/wp-json\/wp\/v2\/types\/page"}],"author":[{"embeddable":true,"href":"https:\/\/us.edu.pl\/instytut\/ismuz\/wp-json\/wp\/v2\/users\/110"}],"replies":[{"embeddable":true,"href":"https:\/\/us.edu.pl\/instytut\/ismuz\/wp-json\/wp\/v2\/comments?post=3135"}],"version-history":[{"count":1,"href":"https:\/\/us.edu.pl\/instytut\/ismuz\/wp-json\/wp\/v2\/pages\/3135\/revisions"}],"predecessor-version":[{"id":3137,"href":"https:\/\/us.edu.pl\/instytut\/ismuz\/wp-json\/wp\/v2\/pages\/3135\/revisions\/3137"}],"wp:attachment":[{"href":"https:\/\/us.edu.pl\/instytut\/ismuz\/wp-json\/wp\/v2\/media?parent=3135"}],"curies":[{"name":"wp","href":"https:\/\/api.w.org\/{rel}","templated":true}]}}