{"id":3533,"date":"2024-03-25T13:55:15","date_gmt":"2024-03-25T12:55:15","guid":{"rendered":"https:\/\/us.edu.pl\/instytut\/ismuz\/?page_id=3533"},"modified":"2024-04-09T15:12:07","modified_gmt":"2024-04-09T13:12:07","slug":"kontakt-2","status":"publish","type":"page","link":"https:\/\/us.edu.pl\/instytut\/ismuz\/kontakt-2\/","title":{"rendered":"Kontakt"},"content":{"rendered":"<p>[vc_row][vc_column]\r\n                <div class=\"text-modules\">\r\n                    <div class=\"container\">\r\n                        \r\n                        <div class=\"text-modules__content\"><p><a href=\"https:\/\/us.edu.pl\/instytut\/ismuz\/dzialalnosc\/cieszynska-orkiestra-deta-uniwersytetu-slaskiego-w-katowicach\/\">Cieszy\u0144ska Orkiestra D\u0119ta Uniwersytetu \u015al\u0105skiego \u2013 Strona g\u0142\u00f3wna<\/a><\/p>\n<p><strong>dr hab. Karol Pyka \u2013 kierownik artystyczny i dyrygent Cieszy\u0144skiej Orkiestry D\u0119tej Uniwersytetu \u015al\u0105skiego<\/strong><\/p>\n<p><a href=\"mailto:karol.pyka@us.edu.pl\"><strong>karol.pyka@us.edu.pl<\/strong><\/a><\/p>\n<\/div>\r\n                    <\/div>\r\n                <\/div>[\/vc_column][\/vc_row]<\/p>","protected":false},"excerpt":{"rendered":"<p>[vc_row][vc_column][\/vc_column][\/vc_row] [&#8230;]<\/p>\n<p><a class=\"btn btn-secondary understrap-read-more-link\" href=\"https:\/\/us.edu.pl\/instytut\/ismuz\/kontakt-2\/\">Read More&#8230;<\/a><\/p>\n","protected":false},"author":110,"featured_media":0,"parent":0,"menu_order":0,"comment_status":"closed","ping_status":"closed","template":"","meta":{"_expiration-date-status":"","_expiration-date":0,"_expiration-date-type":"","_expiration-date-categories":[],"_expiration-date-options":[]},"acf":[],"_links":{"self":[{"href":"https:\/\/us.edu.pl\/instytut\/ismuz\/wp-json\/wp\/v2\/pages\/3533"}],"collection":[{"href":"https:\/\/us.edu.pl\/instytut\/ismuz\/wp-json\/wp\/v2\/pages"}],"about":[{"href":"https:\/\/us.edu.pl\/instytut\/ismuz\/wp-json\/wp\/v2\/types\/page"}],"author":[{"embeddable":true,"href":"https:\/\/us.edu.pl\/instytut\/ismuz\/wp-json\/wp\/v2\/users\/110"}],"replies":[{"embeddable":true,"href":"https:\/\/us.edu.pl\/instytut\/ismuz\/wp-json\/wp\/v2\/comments?post=3533"}],"version-history":[{"count":2,"href":"https:\/\/us.edu.pl\/instytut\/ismuz\/wp-json\/wp\/v2\/pages\/3533\/revisions"}],"predecessor-version":[{"id":3751,"href":"https:\/\/us.edu.pl\/instytut\/ismuz\/wp-json\/wp\/v2\/pages\/3533\/revisions\/3751"}],"wp:attachment":[{"href":"https:\/\/us.edu.pl\/instytut\/ismuz\/wp-json\/wp\/v2\/media?parent=3533"}],"curies":[{"name":"wp","href":"https:\/\/api.w.org\/{rel}","templated":true}]}}