{"id":4129,"date":"2024-10-11T11:06:46","date_gmt":"2024-10-11T09:06:46","guid":{"rendered":"https:\/\/us.edu.pl\/instytut\/ismuz\/?page_id=4129"},"modified":"2024-10-16T14:21:28","modified_gmt":"2024-10-16T12:21:28","slug":"cieszynskie-kolo-naukowe-pasjonatow-audio","status":"publish","type":"page","link":"https:\/\/us.edu.pl\/instytut\/ismuz\/cieszynskie-kolo-naukowe-pasjonatow-audio\/","title":{"rendered":"Cieszy\u0144skie Ko\u0142o Naukowe Pasjonat\u00f3w Audio"},"content":{"rendered":"<p>[vc_row][vc_column]\r\n                <div class=\"text-modules\">\r\n                    <div class=\"container\">\r\n                        \r\n                        <div class=\"text-modules__content\"><\/p>\n<p class=\"western\" align=\"justify\">Cieszy\u0144skie\u00a0Ko\u0142o\u00a0Naukowe Pasjonat\u00f3w Audio\u00a0zosta\u0142o za\u0142o\u017cone w 2019 roku w Cieszynie i dzia\u0142a jako studencka sekcja w ramach Mi\u0119dzynarodowego Stowarzyszenia Audio Engineering Society (AES). Spotkania cz\u0142onk\u00f3w ko\u0142a odbywaj\u0105 si\u0119 cyklicznie i stanowi\u0105 platform\u0119 do dyskusji, wymiany do\u015bwiadcze\u0144 oraz prezentacji projekt\u00f3w audio i audiowizualnych tworzonych przez student\u00f3w. W ramach dzia\u0142alno\u015bci sekcji organizowane s\u0105 tak\u017ce wi\u0119ksze wydarzenia, warsztaty i wyk\u0142ady z udzia\u0142em zaproszonych go\u015bci, co wzbogaca ofert\u0119 edukacyjn\u0105 i umo\u017cliwia studentom kontakt z profesjonalistami z bran\u017cy, takimi jak producenci muzyczni, re\u017cyserzy d\u017awi\u0119ku, kompozytorzy, kompozytorzy muzyki do gier.<\/p>\n<p align=\"justify\"><strong>Opiekunem naukowym ko\u0142a jest Pani mgr in\u017c. Paulina Bielesz.<\/strong><\/p>\n<p class=\"western\"><strong>Wydarzenia zorganizowane\u00a0do tej pory przez cieszy\u0144sk\u0105 sekcj\u0119 AES:<\/strong><\/p>\n<ol>\n<li>\n<p class=\"western\"><strong>Warsztaty z tworzenia d\u017awi\u0119ku do gier<\/strong> z Arkadiuszem Reikowskim \u2013 spotkanie po\u015bwi\u0119cone technikom tworzenia d\u017awi\u0119ku do gier komputerowych, prowadzone przez znanego kompozytora i tw\u00f3rc\u0119 muzyki do gier.<\/p>\n<\/li>\n<li>\n<p class=\"western\"><strong>Otwarte spotkanie z \u0141ukaszem Olejarczykiem<\/strong>, realizatorem i producentem muzycznym z RecPublica Studio, podczas tego spotkania uczestnicy mogli zapozna\u0107 si\u0119 z praktycznymi aspektami realizacji d\u017awi\u0119ku w profesjonalnym studiu nagraniowym.<\/p>\n<\/li>\n<li>\n<p class=\"western\"><strong>Wyk\u0142ady i warsztaty podczas otwartego spotkania studenckiej sekcji AES Cieszyn<\/strong>, spotkanie obejmowa\u0142o r\u00f3\u017cnorodne prelekcje, m.in.:<\/p>\n<ul>\n<li>\n<p class=\"western\"><strong>Zastosowanie limiter\u00f3w cyfrowych<\/strong> \u2013 wyk\u0142ad dr in\u017c. Magdaleny Piotrowskiej, kt\u00f3ry koncentrowa\u0142 si\u0119 na technikach u\u017cycia limiter\u00f3w w procesie produkcji muzycznej.<\/p>\n<\/li>\n<li>\n<p class=\"western\"><strong>Produkcja utworu muzycznego w stylistyce pop<\/strong> \u2013 warsztat prowadzony przez mgr in\u017c. Szymona Piotrowskiego, kt\u00f3ry omawia\u0142 kroki i techniki produkcji popowej muzyki.<\/p>\n<\/li>\n<\/ul>\n<\/li>\n<li>\n<p class=\"western\"><strong>Spotkanie z kompozytorami<\/strong>: Krzysztofem Gawlasem, Przemys\u0142awem Schellerem i Aleksandrem Lasoniem \u2013 spotkanie umo\u017cliwi\u0142o studentom poznanie r\u00f3\u017cnych podej\u015b\u0107 do komponowania muzyki i zdobycie cennych wskaz\u00f3wek od uznanych tw\u00f3rc\u00f3w.<\/p>\n<\/li>\n<\/ol>\n<p>\n<\/div>\r\n                    <\/div>\r\n                <\/div>[\/vc_column][\/vc_row][vc_row][vc_column]            \r\n                    <div class=\"container\">\r\n                        <div class=\"gallery gallery_3\" data-images-in-row=\"3\">\r\n                            \r\n                            <div class=\"row m-0\">\r\n                                <a data-fancybox-group=\"button\" title=\"\" data-fancybox=\"3110\" href=\"https:\/\/us.edu.pl\/instytut\/ismuz\/wp-content\/uploads\/sites\/54\/Bez-kategorii\/AES0.jpg\" class=\"gallery__item thumbnail\"\r\n                                    style=\"background-image: url(https:\/\/us.edu.pl\/instytut\/ismuz\/wp-content\/uploads\/sites\/54\/Bez-kategorii\/AES0-895x1200.jpg)\"> <span class=\"d-none\">https:\/\/us.edu.pl\/instytut\/ismuz\/wp-content\/uploads\/sites\/54\/Bez-kategorii\/AES0.jpg<\/span> <\/a><a data-fancybox-group=\"button\" title=\"\" data-fancybox=\"3110\" href=\"https:\/\/us.edu.pl\/instytut\/ismuz\/wp-content\/uploads\/sites\/54\/Bez-kategorii\/AES11.jpg\" class=\"gallery__item thumbnail\"\r\n                                    style=\"background-image: url(https:\/\/us.edu.pl\/instytut\/ismuz\/wp-content\/uploads\/sites\/54\/Bez-kategorii\/AES11.jpg)\"> <span class=\"d-none\">https:\/\/us.edu.pl\/instytut\/ismuz\/wp-content\/uploads\/sites\/54\/Bez-kategorii\/AES11.jpg<\/span> <\/a><a data-fancybox-group=\"button\" title=\"\" data-fancybox=\"3110\" href=\"https:\/\/us.edu.pl\/instytut\/ismuz\/wp-content\/uploads\/sites\/54\/Bez-kategorii\/AES2019.jpg\" class=\"gallery__item thumbnail\"\r\n                                    style=\"background-image: url(https:\/\/us.edu.pl\/instytut\/ismuz\/wp-content\/uploads\/sites\/54\/Bez-kategorii\/AES2019-848x1200.jpg)\"> <span class=\"d-none\">https:\/\/us.edu.pl\/instytut\/ismuz\/wp-content\/uploads\/sites\/54\/Bez-kategorii\/AES2019.jpg<\/span> <\/a><a data-fancybox-group=\"button\" title=\"\" data-fancybox=\"3110\" href=\"https:\/\/us.edu.pl\/instytut\/ismuz\/wp-content\/uploads\/sites\/54\/Bez-kategorii\/AES1.jpg\" class=\"gallery__item thumbnail\"\r\n                                    style=\"background-image: url(https:\/\/us.edu.pl\/instytut\/ismuz\/wp-content\/uploads\/sites\/54\/Bez-kategorii\/AES1.jpg)\"> <span class=\"d-none\">https:\/\/us.edu.pl\/instytut\/ismuz\/wp-content\/uploads\/sites\/54\/Bez-kategorii\/AES1.jpg<\/span> <\/a><a data-fancybox-group=\"button\" title=\"\" data-fancybox=\"3110\" href=\"https:\/\/us.edu.pl\/instytut\/ismuz\/wp-content\/uploads\/sites\/54\/Bez-kategorii\/AES2.jpg\" class=\"gallery__item thumbnail\"\r\n                                    style=\"background-image: url(https:\/\/us.edu.pl\/instytut\/ismuz\/wp-content\/uploads\/sites\/54\/Bez-kategorii\/AES2.jpg)\"> <span class=\"d-none\">https:\/\/us.edu.pl\/instytut\/ismuz\/wp-content\/uploads\/sites\/54\/Bez-kategorii\/AES2.jpg<\/span> <\/a>\r\n                            <\/div>\r\n                    <\/div>\r\n                <\/div>[\/vc_column][\/vc_row]<\/p>","protected":false},"excerpt":{"rendered":"<p>[vc_row][vc_column][\/vc_column][\/vc_row][vc_row][vc_column][\/vc_column][\/vc_row] [&#8230;]<\/p>\n<p><a class=\"btn btn-secondary understrap-read-more-link\" href=\"https:\/\/us.edu.pl\/instytut\/ismuz\/cieszynskie-kolo-naukowe-pasjonatow-audio\/\">Read More&#8230;<\/a><\/p>\n","protected":false},"author":110,"featured_media":0,"parent":0,"menu_order":0,"comment_status":"closed","ping_status":"closed","template":"","meta":{"_expiration-date-status":"","_expiration-date":0,"_expiration-date-type":"","_expiration-date-categories":[],"_expiration-date-options":[]},"acf":[],"_links":{"self":[{"href":"https:\/\/us.edu.pl\/instytut\/ismuz\/wp-json\/wp\/v2\/pages\/4129"}],"collection":[{"href":"https:\/\/us.edu.pl\/instytut\/ismuz\/wp-json\/wp\/v2\/pages"}],"about":[{"href":"https:\/\/us.edu.pl\/instytut\/ismuz\/wp-json\/wp\/v2\/types\/page"}],"author":[{"embeddable":true,"href":"https:\/\/us.edu.pl\/instytut\/ismuz\/wp-json\/wp\/v2\/users\/110"}],"replies":[{"embeddable":true,"href":"https:\/\/us.edu.pl\/instytut\/ismuz\/wp-json\/wp\/v2\/comments?post=4129"}],"version-history":[{"count":3,"href":"https:\/\/us.edu.pl\/instytut\/ismuz\/wp-json\/wp\/v2\/pages\/4129\/revisions"}],"predecessor-version":[{"id":4280,"href":"https:\/\/us.edu.pl\/instytut\/ismuz\/wp-json\/wp\/v2\/pages\/4129\/revisions\/4280"}],"wp:attachment":[{"href":"https:\/\/us.edu.pl\/instytut\/ismuz\/wp-json\/wp\/v2\/media?parent=4129"}],"curies":[{"name":"wp","href":"https:\/\/api.w.org\/{rel}","templated":true}]}}