{"id":4389,"date":"2024-10-21T09:19:26","date_gmt":"2024-10-21T07:19:26","guid":{"rendered":"https:\/\/us.edu.pl\/instytut\/ismuz\/?page_id=4389"},"modified":"2024-10-21T09:28:42","modified_gmt":"2024-10-21T07:28:42","slug":"koncert-galowy-festiwalu-kultury-europejskiej-transform4europe","status":"publish","type":"page","link":"https:\/\/us.edu.pl\/instytut\/ismuz\/koncert-galowy-festiwalu-kultury-europejskiej-transform4europe\/","title":{"rendered":"Koncert Galowy Festiwalu Kultury Europejskiej Transform4Europe"},"content":{"rendered":"<p>[vc_row][vc_column]\r\n                <div class=\"text-modules\">\r\n                    <div class=\"container\">\r\n                        \r\n                        <div class=\"text-modules__content\"><p><strong>Wydarzenie <\/strong><strong>(pe\u0142na nazwa)<\/strong><\/p>\n<p><span style=\"font-size: 18pt;\">Koncert Galowy Festiwalu Kultury Europejskiej Transform4Europe;<\/span><\/p>\n<p><strong>Data i miejsce<\/strong><\/p>\n<p>25.04.2023, Akademia Muzyczna im. K. Szymanowskiego w Katowicach, Sala Koncertowa \u201eSymfonia\u201d<\/p>\n<p><strong>Szczeg\u00f3\u0142owy opis wydarzenia<\/strong><\/p>\n<p>Ch\u00f3ru U\u015a Harmonia wzi\u0105\u0142 udzia\u0142 w Koncercie Galowym w ramach Festiwalu Kultury Europejskiej Transform4Europe prawykonuj\u0105c kompozycj\u0119 Adriana Robaka pt. Anthem T4EU. Wykonawcami kompozycji byli: Ch\u00f3r U\u015a Harmonia, Ch\u00f3r Politechniki \u015al., Ch\u00f3r Mieszany ZPSM im. W. Kilara w Katowicach, Zesp\u00f3\u0142 Wokalny Uniwersytetu \u015aw. Klemensa z Ochrydy w Sofii oraz M\u0142odzie\u017cowa Orkiestra im. K. Szymanowskiego z Katowic. Dyrygent: Wojciech Wantulok.<\/p>\n<p><a href=\"https:\/\/us.edu.pl\/instytut\/ismuz\/wp-content\/uploads\/sites\/54\/Bez-kategorii\/2023.04.25-T4EU-Katowice-AM-program.pdf\" class=\"mtli_attachment mtli_pdf\" data-mtli=\"mtli_filesize906,72kB\" class=\"mtli_attachment mtli_pdf\" data-mtli=\"mtli_filesize906,72kB\">2023.04.25, T4EU, Katowice AM &#8211; program<\/a><\/p>\n<style type=\"text\/css\">a[data-mtli~=\"mtli_filesize906,72kB\"]:after {content:\" (906,72 kB)\"}<\/style><\/div>\r\n                    <\/div>\r\n                <\/div>[\/vc_column][\/vc_row][vc_row][vc_column]            \r\n                    <div class=\"container\">\r\n                        <div class=\"gallery gallery_4\" data-images-in-row=\"4\">\r\n                            \r\n                            <div class=\"row m-0\">\r\n                                <a data-fancybox-group=\"button\" title=\"\" data-fancybox=\"5184\" href=\"https:\/\/us.edu.pl\/instytut\/ismuz\/wp-content\/uploads\/sites\/54\/Bez-kategorii\/2023.04.25-Katowice-Koncert-T4EU1.jpg\" class=\"gallery__item thumbnail\"\r\n                                    style=\"background-image: url(https:\/\/us.edu.pl\/instytut\/ismuz\/wp-content\/uploads\/sites\/54\/Bez-kategorii\/2023.04.25-Katowice-Koncert-T4EU1-1200x675.jpg)\"> <span class=\"d-none\">https:\/\/us.edu.pl\/instytut\/ismuz\/wp-content\/uploads\/sites\/54\/Bez-kategorii\/2023.04.25-Katowice-Koncert-T4EU1.jpg<\/span> <\/a><a data-fancybox-group=\"button\" title=\"\" data-fancybox=\"5184\" href=\"https:\/\/us.edu.pl\/instytut\/ismuz\/wp-content\/uploads\/sites\/54\/Bez-kategorii\/2023.04.25-Katowice-Koncert-T4EU2.jpg\" class=\"gallery__item thumbnail\"\r\n                                    style=\"background-image: url(https:\/\/us.edu.pl\/instytut\/ismuz\/wp-content\/uploads\/sites\/54\/Bez-kategorii\/2023.04.25-Katowice-Koncert-T4EU2-1200x675.jpg)\"> <span class=\"d-none\">https:\/\/us.edu.pl\/instytut\/ismuz\/wp-content\/uploads\/sites\/54\/Bez-kategorii\/2023.04.25-Katowice-Koncert-T4EU2.jpg<\/span> <\/a><a data-fancybox-group=\"button\" title=\"\" data-fancybox=\"5184\" href=\"https:\/\/us.edu.pl\/instytut\/ismuz\/wp-content\/uploads\/sites\/54\/Bez-kategorii\/2023.04.25-Katowice-Koncert-T4EU3.jpg\" class=\"gallery__item thumbnail\"\r\n                                    style=\"background-image: url(https:\/\/us.edu.pl\/instytut\/ismuz\/wp-content\/uploads\/sites\/54\/Bez-kategorii\/2023.04.25-Katowice-Koncert-T4EU3-1200x675.jpg)\"> <span class=\"d-none\">https:\/\/us.edu.pl\/instytut\/ismuz\/wp-content\/uploads\/sites\/54\/Bez-kategorii\/2023.04.25-Katowice-Koncert-T4EU3.jpg<\/span> <\/a><a data-fancybox-group=\"button\" title=\"\" data-fancybox=\"5184\" href=\"https:\/\/us.edu.pl\/instytut\/ismuz\/wp-content\/uploads\/sites\/54\/Bez-kategorii\/2023.04.25-T4Eu-1-fot.-T.-Kielkowski.jpg\" class=\"gallery__item thumbnail\"\r\n                                    style=\"background-image: url(https:\/\/us.edu.pl\/instytut\/ismuz\/wp-content\/uploads\/sites\/54\/Bez-kategorii\/2023.04.25-T4Eu-1-fot.-T.-Kielkowski.jpg)\"> <span class=\"d-none\">https:\/\/us.edu.pl\/instytut\/ismuz\/wp-content\/uploads\/sites\/54\/Bez-kategorii\/2023.04.25-T4Eu-1-fot.-T.-Kielkowski.jpg<\/span> <\/a><a data-fancybox-group=\"button\" title=\"\" data-fancybox=\"5184\" href=\"https:\/\/us.edu.pl\/instytut\/ismuz\/wp-content\/uploads\/sites\/54\/Bez-kategorii\/2023.04.25-T4Eu-2-fot.-T.-Kielkowski.jpg\" class=\"gallery__item thumbnail\"\r\n                                    style=\"background-image: url(https:\/\/us.edu.pl\/instytut\/ismuz\/wp-content\/uploads\/sites\/54\/Bez-kategorii\/2023.04.25-T4Eu-2-fot.-T.-Kielkowski.jpg)\"> <span class=\"d-none\">https:\/\/us.edu.pl\/instytut\/ismuz\/wp-content\/uploads\/sites\/54\/Bez-kategorii\/2023.04.25-T4Eu-2-fot.-T.-Kielkowski.jpg<\/span> <\/a><a data-fancybox-group=\"button\" title=\"\" data-fancybox=\"5184\" href=\"https:\/\/us.edu.pl\/instytut\/ismuz\/wp-content\/uploads\/sites\/54\/Bez-kategorii\/2023.04.25-T4Eu-3-fot.-T.-Kielkowski.jpg\" class=\"gallery__item thumbnail\"\r\n                                    style=\"background-image: url(https:\/\/us.edu.pl\/instytut\/ismuz\/wp-content\/uploads\/sites\/54\/Bez-kategorii\/2023.04.25-T4Eu-3-fot.-T.-Kielkowski.jpg)\"> <span class=\"d-none\">https:\/\/us.edu.pl\/instytut\/ismuz\/wp-content\/uploads\/sites\/54\/Bez-kategorii\/2023.04.25-T4Eu-3-fot.-T.-Kielkowski.jpg<\/span> <\/a>\r\n                            <\/div>\r\n                    <\/div>\r\n                <\/div>[\/vc_column][\/vc_row]<\/p>\n<style type=\"text\/css\">a[data-mtli~=\"mtli_filesize906,72kB\"]:after {content:\" (906,72 kB)\"}<\/style>","protected":false},"excerpt":{"rendered":"<p>[vc_row][vc_column][\/vc_column][\/vc_row][vc_row][vc_column][\/vc_column][\/vc_row] [&#8230;]<\/p>\n<p><a class=\"btn btn-secondary understrap-read-more-link\" href=\"https:\/\/us.edu.pl\/instytut\/ismuz\/koncert-galowy-festiwalu-kultury-europejskiej-transform4europe\/\">Read More&#8230;<\/a><\/p>\n","protected":false},"author":110,"featured_media":0,"parent":0,"menu_order":0,"comment_status":"closed","ping_status":"closed","template":"","meta":{"_expiration-date-status":"","_expiration-date":0,"_expiration-date-type":"","_expiration-date-categories":[],"_expiration-date-options":[]},"acf":[],"_links":{"self":[{"href":"https:\/\/us.edu.pl\/instytut\/ismuz\/wp-json\/wp\/v2\/pages\/4389"}],"collection":[{"href":"https:\/\/us.edu.pl\/instytut\/ismuz\/wp-json\/wp\/v2\/pages"}],"about":[{"href":"https:\/\/us.edu.pl\/instytut\/ismuz\/wp-json\/wp\/v2\/types\/page"}],"author":[{"embeddable":true,"href":"https:\/\/us.edu.pl\/instytut\/ismuz\/wp-json\/wp\/v2\/users\/110"}],"replies":[{"embeddable":true,"href":"https:\/\/us.edu.pl\/instytut\/ismuz\/wp-json\/wp\/v2\/comments?post=4389"}],"version-history":[{"count":4,"href":"https:\/\/us.edu.pl\/instytut\/ismuz\/wp-json\/wp\/v2\/pages\/4389\/revisions"}],"predecessor-version":[{"id":4417,"href":"https:\/\/us.edu.pl\/instytut\/ismuz\/wp-json\/wp\/v2\/pages\/4389\/revisions\/4417"}],"wp:attachment":[{"href":"https:\/\/us.edu.pl\/instytut\/ismuz\/wp-json\/wp\/v2\/media?parent=4389"}],"curies":[{"name":"wp","href":"https:\/\/api.w.org\/{rel}","templated":true}]}}

<p>[vc_row][vc_column]
                <div class="text-modules">
                    <div class="container">
                        
                        <div class="text-modules__content"><p><strong>Wydarzenie </strong><strong>(pełna nazwa)</strong></p>
<p><span style="font-size: 18pt;">Koncert Galowy Festiwalu Kultury Europejskiej Transform4Europe;</span></p>
<p><strong>Data i miejsce</strong></p>
<p>25.04.2023, Akademia Muzyczna im. K. Szymanowskiego w Katowicach, Sala Koncertowa „Symfonia”</p>
<p><strong>Szczegółowy opis wydarzenia</strong></p>
<p>Chóru UŚ Harmonia wziął udział w Koncercie Galowym w ramach Festiwalu Kultury Europejskiej Transform4Europe prawykonując kompozycję Adriana Robaka pt. Anthem T4EU. Wykonawcami kompozycji byli: Chór UŚ Harmonia, Chór Politechniki Śl., Chór Mieszany ZPSM im. W. Kilara w Katowicach, Zespół Wokalny Uniwersytetu Św. Klemensa z Ochrydy w Sofii oraz Młodzieżowa Orkiestra im. K. Szymanowskiego z Katowic. Dyrygent: Wojciech Wantulok.</p>
<p><a href="https://us.edu.pl/instytut/ismuz/wp-content/uploads/sites/54/Bez-kategorii/2023.04.25-T4EU-Katowice-AM-program.pdf" class="mtli_attachment mtli_pdf" data-mtli="mtli_filesize906,72kB" class="mtli_attachment mtli_pdf" data-mtli="mtli_filesize906,72kB">2023.04.25, T4EU, Katowice AM &#8211; program</a></p>
<style type="text/css">a[data-mtli~="mtli_filesize906,72kB"]:after {content:" (906,72 kB)"}</style></div>
                    </div>
                </div>[/vc_column][/vc_row][vc_row][vc_column]            
                    <div class="container">
                        <div class="gallery gallery_4" data-images-in-row="4">
                            
                            <div class="row m-0">
                                <a data-fancybox-group="button" title="" data-fancybox="5184" href="https://us.edu.pl/instytut/ismuz/wp-content/uploads/sites/54/Bez-kategorii/2023.04.25-Katowice-Koncert-T4EU1.jpg" class="gallery__item thumbnail"
                                    style="background-image: url(https://us.edu.pl/instytut/ismuz/wp-content/uploads/sites/54/Bez-kategorii/2023.04.25-Katowice-Koncert-T4EU1-1200x675.jpg)"> <span class="d-none">https://us.edu.pl/instytut/ismuz/wp-content/uploads/sites/54/Bez-kategorii/2023.04.25-Katowice-Koncert-T4EU1.jpg</span> </a><a data-fancybox-group="button" title="" data-fancybox="5184" href="https://us.edu.pl/instytut/ismuz/wp-content/uploads/sites/54/Bez-kategorii/2023.04.25-Katowice-Koncert-T4EU2.jpg" class="gallery__item thumbnail"
                                    style="background-image: url(https://us.edu.pl/instytut/ismuz/wp-content/uploads/sites/54/Bez-kategorii/2023.04.25-Katowice-Koncert-T4EU2-1200x675.jpg)"> <span class="d-none">https://us.edu.pl/instytut/ismuz/wp-content/uploads/sites/54/Bez-kategorii/2023.04.25-Katowice-Koncert-T4EU2.jpg</span> </a><a data-fancybox-group="button" title="" data-fancybox="5184" href="https://us.edu.pl/instytut/ismuz/wp-content/uploads/sites/54/Bez-kategorii/2023.04.25-Katowice-Koncert-T4EU3.jpg" class="gallery__item thumbnail"
                                    style="background-image: url(https://us.edu.pl/instytut/ismuz/wp-content/uploads/sites/54/Bez-kategorii/2023.04.25-Katowice-Koncert-T4EU3-1200x675.jpg)"> <span class="d-none">https://us.edu.pl/instytut/ismuz/wp-content/uploads/sites/54/Bez-kategorii/2023.04.25-Katowice-Koncert-T4EU3.jpg</span> </a><a data-fancybox-group="button" title="" data-fancybox="5184" href="https://us.edu.pl/instytut/ismuz/wp-content/uploads/sites/54/Bez-kategorii/2023.04.25-T4Eu-1-fot.-T.-Kielkowski.jpg" class="gallery__item thumbnail"
                                    style="background-image: url(https://us.edu.pl/instytut/ismuz/wp-content/uploads/sites/54/Bez-kategorii/2023.04.25-T4Eu-1-fot.-T.-Kielkowski.jpg)"> <span class="d-none">https://us.edu.pl/instytut/ismuz/wp-content/uploads/sites/54/Bez-kategorii/2023.04.25-T4Eu-1-fot.-T.-Kielkowski.jpg</span> </a><a data-fancybox-group="button" title="" data-fancybox="5184" href="https://us.edu.pl/instytut/ismuz/wp-content/uploads/sites/54/Bez-kategorii/2023.04.25-T4Eu-2-fot.-T.-Kielkowski.jpg" class="gallery__item thumbnail"
                                    style="background-image: url(https://us.edu.pl/instytut/ismuz/wp-content/uploads/sites/54/Bez-kategorii/2023.04.25-T4Eu-2-fot.-T.-Kielkowski.jpg)"> <span class="d-none">https://us.edu.pl/instytut/ismuz/wp-content/uploads/sites/54/Bez-kategorii/2023.04.25-T4Eu-2-fot.-T.-Kielkowski.jpg</span> </a><a data-fancybox-group="button" title="" data-fancybox="5184" href="https://us.edu.pl/instytut/ismuz/wp-content/uploads/sites/54/Bez-kategorii/2023.04.25-T4Eu-3-fot.-T.-Kielkowski.jpg" class="gallery__item thumbnail"
                                    style="background-image: url(https://us.edu.pl/instytut/ismuz/wp-content/uploads/sites/54/Bez-kategorii/2023.04.25-T4Eu-3-fot.-T.-Kielkowski.jpg)"> <span class="d-none">https://us.edu.pl/instytut/ismuz/wp-content/uploads/sites/54/Bez-kategorii/2023.04.25-T4Eu-3-fot.-T.-Kielkowski.jpg</span> </a>
                            </div>
                    </div>
                </div>[/vc_column][/vc_row]</p>
<style type="text/css">a[data-mtli~="mtli_filesize906,72kB"]:after {content:" (906,72 kB)"}</style>
