{"id":5291,"date":"2025-05-20T11:49:42","date_gmt":"2025-05-20T09:49:42","guid":{"rendered":"https:\/\/us.edu.pl\/instytut\/ismuz\/?page_id=5291"},"modified":"2025-05-22T14:01:13","modified_gmt":"2025-05-22T12:01:13","slug":"5291-2","status":"publish","type":"page","link":"https:\/\/us.edu.pl\/instytut\/ismuz\/5291-2\/","title":{"rendered":""},"content":{"rendered":"<p>[vc_row][vc_column]\r\n                <div class=\"text-modules\">\r\n                    <div class=\"container\">\r\n                        \r\n                        <div class=\"text-modules__content\"><p><span style=\"font-size: 12pt;\"><strong>Wydarzenie<\/strong><\/span><\/p>\n<p><span style=\"font-size: 12pt;\">Mi\u0119dzynarodowy Festiwal Ch\u00f3r\u00f3w Uniwersyteckich \u2013 Akademicka Ba\u0144ska Bystrzyca 2025<\/span><\/p>\n<p><span style=\"font-size: 12pt;\"><strong>Data i miejsce<\/strong><\/span><\/p>\n<p><span style=\"font-size: 12pt;\">13-15 maja br. w Ba\u0144skiej Bystrzycy na S\u0142owacji<\/span><\/p>\n<p><span style=\"font-size: 12pt;\"><strong>Szczeg\u00f3\u0142owy opis wydarzenia<\/strong><\/span><\/p>\n<p><span style=\"font-size: 12pt;\">W ostatnim czasie <strong>Ch\u00f3r Uniwersytetu \u015al\u0105skiego HARMONIA<\/strong> pod dyrekcj\u0105 <strong>prof. dr hab. Joanny Glenc<\/strong> wzi\u0105\u0142 udzia\u0142 w\u00a0 <strong><sup>21.<\/sup><\/strong><strong>Mi\u0119dzynarodowym Festiwalu Ch\u00f3r\u00f3w Uniwersyteckich \u2013 Akademicka Ba\u0144ska Bystrzyca 2025<\/strong>, kt\u00f3ry odbywa\u0142 si\u0119 w dniach 13-15 maja br. w Ba\u0144skiej Bystrzycy na S\u0142owacji.<\/span><\/p>\n<p><span style=\"font-size: 12pt;\">W festiwalu, kt\u00f3rego celem jest m.in. rozwijanie mi\u0142o\u015bci do muzyki i kultury ojczystej, poznawanie muzyki i historii r\u00f3\u017cnych narod\u00f3w, integrowanie m\u0142odych ludzi, pobudzanie ducha tw\u00f3rczego ch\u00f3r\u00f3w akademickich oraz poszerzanie horyzont\u00f3w kulturalnych m\u0142odej inteligencji wzi\u0119\u0142o udzia\u0142 pi\u0119\u0107 ch\u00f3r\u00f3w:<\/span><\/p>\n<ul>\n<li><span style=\"font-size: 12pt;\">Ch\u00f3r Uniwersytetu \u015al\u0105skiego HARMONIA (Polska)<\/span><\/li>\n<li><span style=\"font-size: 12pt;\">Uniwersytecki Ch\u00f3r \u201eM\u0142odo\u015b\u0107\u201d z Uniwersytetu Mateja Bela w Ba\u0144skiej Bystrzycy (S\u0142owacja)<\/span><\/li>\n<li><span style=\"font-size: 12pt;\">Ch\u00f3r Dziewcz\u0119cy z Konserwatorium w \u017bilinie (S\u0142owacja)<\/span><\/li>\n<li><span style=\"font-size: 12pt;\">Ch\u00f3r Katolickiego Uniwersytetu Karola Eszterhazyego w Egerze (W\u0119gry)<\/span><\/li>\n<li><span style=\"font-size: 12pt;\">Mieszany Ch\u00f3r Uniwersytetu Karola <em>Collegium Paedagogicum <\/em>w Pradze (Czechy)<\/span><\/li>\n<\/ul>\n<p><span style=\"font-size: 12pt;\"><u>W przes\u0142uchaniach konkursowych \u2013 kategoria <em>muzyka sakralna<\/em><\/u>, kt\u00f3re odby\u0142y si\u0119 w Ko\u015bciele p.w. Wniebowzi\u0119cia NMP (14.04.2025) Ch\u00f3r U\u015a HARMONIA przedstawi\u0142 repertuar sakralny. Rezultatem tych przes\u0142ucha\u0144 s\u0105 dwie wa\u017cne dla ch\u00f3ru nagrody:<\/span><\/p>\n<ul>\n<li><span style=\"font-size: 12pt;\"><strong>Silver Band<\/strong> w kategorii <em>muzyka sakralna<\/em><\/span><\/li>\n<li><span style=\"font-size: 12pt;\"><strong>Nagroda Specjalna Biskupa Diecezji Ba\u0144ska Bystrzyca <\/strong><em>za przekaz dramaturgii utwor\u00f3w z tematyk\u0105 sakraln\u0105<\/em><\/span><\/li>\n<\/ul>\n<p><span style=\"font-size: 12pt;\">Ch\u00f3r U\u015a HARMONIA za\u015bpiewa\u0142 te\u017c przed licznie zgromadzon\u0105 publiczno\u015bci\u0105 w Auli G\u0142\u00f3wnej Wydzia\u0142u Ekonomicznego Uniwersytetu Mateja Bela podczas <em>Koncertu inauguruj\u0105cego <\/em>festiwal (13.05.2025) \u2013 wykonuj\u0105c repertuar sk\u0142adaj\u0105cy si\u0119 z utwor\u00f3w o tematyce \u015bwieckiej oraz zaprezentowa\u0142 si\u0119 mieszka\u0144com i go\u015bciom Ba\u0144skiej Bystrzycy podczas <em>Koncertu plenerowego <\/em>(15.05.2025) na Placu S\u0142owackiego Narodu \u2013 wykonuj\u0105c repertuar dowolny.<\/span><\/p>\n<p><span style=\"font-size: 12pt;\">Ponadto, reprezentanci wszystkich ch\u00f3r\u00f3w bior\u0105cych udzia\u0142 w <sup>21.<\/sup>Mi\u0119dzynarodowym Festiwalu Ch\u00f3r\u00f3w Uniwersyteckich \u2013 Akademicka Ba\u0144ska Bystrzyca 2025 zostali zaproszeni na spotkanie z Burmistrzem Miasta Ba\u0144ska Bystrzyca, kt\u00f3re odby\u0142o si\u0119 w Historycznym Ratuszu Miasta Ba\u0144ska Bystrzyca (15.05.2025).\u00a0\u00a0\u00a0 \u00a0\u00a0<em>\u00a0<\/em><\/span><\/p>\n<p><span style=\"font-size: 12pt;\">W imieniu Ch\u00f3ru U\u015a HARMONIA dzi\u0119kuj\u0119 W\u0142adzom Uniwersytetu \u015al\u0105skiego za finansowe wsparcie wyjazdu na <sup>21.<\/sup>Mi\u0119dzynarodowy Festiwal Ch\u00f3r\u00f3w Uniwersyteckich \u2013 Akademicka Ba\u0144ska Bystrzyca 2025.<\/span><\/p>\n<p><span style=\"font-size: 12pt;\">\u0141\u0105cz\u0119 wyrazy szacunku,<\/span><\/p>\n<p><span style=\"font-size: 12pt;\">prof. dr hab. Joanna Glenc \u2013 dyrygent<\/span><\/p>\n<p><span style=\"font-size: 12pt;\">W za\u0142\u0105czeniu:<\/span><\/p>\n<ul>\n<li><span style=\"font-size: 12pt;\"><strong>Silver Band<\/strong> \u2013 kategoria <em>muzyka sakralna<\/em> (skan dyplomu)<\/span><\/li>\n<li><span style=\"font-size: 12pt;\"><strong>Nagroda Specjalna Biskupa Diecezji Ba\u0144ska Bystrzyca <\/strong><em>za przekaz dramaturgii utwor\u00f3w z tematyk\u0105 sakraln\u0105 <\/em>(skan dyplomu)<\/span><\/li>\n<li><span style=\"font-size: 12pt;\">fotografie pami\u0105tkowe z pobytu na festiwalu<\/span><\/li>\n<\/ul>\n<p><span style=\"font-size: 12pt;\"><a href=\"https:\/\/us.edu.pl\/instytut\/ismuz\/wp-content\/uploads\/sites\/54\/Bez-kategorii\/Chor-US-Harmonia-ABB-2025-Nagroda-Specjalna.pdf\" class=\"mtli_attachment mtli_pdf\" data-mtli=\"mtli_filesize264,13kB\" class=\"mtli_attachment mtli_pdf\" data-mtli=\"mtli_filesize264,13kB\">Ch\u00f3r U\u015a Harmonia, ABB 2025 &#8211; Nagroda Specjalna<\/a><\/span><\/p>\n<p><span style=\"font-size: 12pt;\"><a href=\"https:\/\/us.edu.pl\/instytut\/ismuz\/wp-content\/uploads\/sites\/54\/Bez-kategorii\/Chor-US-Harmonia-ABB-2025-Srebrny-Dyplom.pdf\" class=\"mtli_attachment mtli_pdf\" data-mtli=\"mtli_filesize240,19kB\" class=\"mtli_attachment mtli_pdf\" data-mtli=\"mtli_filesize240,19kB\">Ch\u00f3r U\u015a Harmonia, ABB 2025 &#8211; Srebrny Dyplom<\/a><\/span><\/p>\n<style type=\"text\/css\">a[data-mtli~=\"mtli_filesize264,13kB\"]:after {content:\" (264,13 kB)\"}a[data-mtli~=\"mtli_filesize240,19kB\"]:after {content:\" (240,19 kB)\"}<\/style><\/div>\r\n                    <\/div>\r\n                <\/div>[\/vc_column][\/vc_row][vc_row][vc_column]            \r\n                    <div class=\"container\">\r\n                        <div class=\"gallery gallery_4\" data-images-in-row=\"4\">\r\n                            \r\n                            <div class=\"row m-0\">\r\n                                <a data-fancybox-group=\"button\" title=\"ABB 2025, Konkurs, Fot. arch. ABB 2025\" data-fancybox=\"4006\" href=\"https:\/\/us.edu.pl\/instytut\/ismuz\/wp-content\/uploads\/sites\/54\/Bez-kategorii\/ABB-2025-Konkurs-Fot.-arch.-ABB-20251-1.jpg\" class=\"gallery__item thumbnail\"\r\n                                    style=\"background-image: url(https:\/\/us.edu.pl\/instytut\/ismuz\/wp-content\/uploads\/sites\/54\/Bez-kategorii\/ABB-2025-Konkurs-Fot.-arch.-ABB-20251-1-1200x800.jpg)\"> <span class=\"d-none\">https:\/\/us.edu.pl\/instytut\/ismuz\/wp-content\/uploads\/sites\/54\/Bez-kategorii\/ABB-2025-Konkurs-Fot.-arch.-ABB-20251-1.jpg<\/span> <\/a><a data-fancybox-group=\"button\" title=\"ABB 2025, Wr\u0119czenie nagr\u00f3d, Fot. arch. ABB 2025\" data-fancybox=\"4006\" href=\"https:\/\/us.edu.pl\/instytut\/ismuz\/wp-content\/uploads\/sites\/54\/Bez-kategorii\/ABB-2025-Wreczenie-nagrod-Fot.-arch.-ABB-20251..jpg\" class=\"gallery__item thumbnail\"\r\n                                    style=\"background-image: url(https:\/\/us.edu.pl\/instytut\/ismuz\/wp-content\/uploads\/sites\/54\/Bez-kategorii\/ABB-2025-Wreczenie-nagrod-Fot.-arch.-ABB-20251.-1200x824.jpg)\"> <span class=\"d-none\">https:\/\/us.edu.pl\/instytut\/ismuz\/wp-content\/uploads\/sites\/54\/Bez-kategorii\/ABB-2025-Wreczenie-nagrod-Fot.-arch.-ABB-20251..jpg<\/span> <\/a><a data-fancybox-group=\"button\" title=\"ABB 2025, Wizyta u Burmistrza BB, ratusz, Fot. arch. ABB 2025\" data-fancybox=\"4006\" href=\"https:\/\/us.edu.pl\/instytut\/ismuz\/wp-content\/uploads\/sites\/54\/Bez-kategorii\/ABB-2025-Wizyta-u-Burmistrza-BB-ratusz-Fot.-arch.-ABB-20251.jpg\" class=\"gallery__item thumbnail\"\r\n                                    style=\"background-image: url(https:\/\/us.edu.pl\/instytut\/ismuz\/wp-content\/uploads\/sites\/54\/Bez-kategorii\/ABB-2025-Wizyta-u-Burmistrza-BB-ratusz-Fot.-arch.-ABB-20251-1200x844.jpg)\"> <span class=\"d-none\">https:\/\/us.edu.pl\/instytut\/ismuz\/wp-content\/uploads\/sites\/54\/Bez-kategorii\/ABB-2025-Wizyta-u-Burmistrza-BB-ratusz-Fot.-arch.-ABB-20251.jpg<\/span> <\/a><a data-fancybox-group=\"button\" title=\"ABB 2025, Wizyta u Burmistrza BB, ratusz, Fot. arch. ABB 2025\" data-fancybox=\"4006\" href=\"https:\/\/us.edu.pl\/instytut\/ismuz\/wp-content\/uploads\/sites\/54\/Bez-kategorii\/ABB-2025-Wizyta-u-Burmistrza-BB-ratusz-Fot.-arch.-ABB-20251..jpg\" class=\"gallery__item thumbnail\"\r\n                                    style=\"background-image: url(https:\/\/us.edu.pl\/instytut\/ismuz\/wp-content\/uploads\/sites\/54\/Bez-kategorii\/ABB-2025-Wizyta-u-Burmistrza-BB-ratusz-Fot.-arch.-ABB-20251.-1200x800.jpg)\"> <span class=\"d-none\">https:\/\/us.edu.pl\/instytut\/ismuz\/wp-content\/uploads\/sites\/54\/Bez-kategorii\/ABB-2025-Wizyta-u-Burmistrza-BB-ratusz-Fot.-arch.-ABB-20251..jpg<\/span> <\/a><a data-fancybox-group=\"button\" title=\"ABB 2025, logo, Fot. arch. ABB 2025\" data-fancybox=\"4006\" href=\"https:\/\/us.edu.pl\/instytut\/ismuz\/wp-content\/uploads\/sites\/54\/Bez-kategorii\/ABB-2025-logo-Fot.-arch.-ABB-20251.jpg\" class=\"gallery__item thumbnail\"\r\n                                    style=\"background-image: url(https:\/\/us.edu.pl\/instytut\/ismuz\/wp-content\/uploads\/sites\/54\/Bez-kategorii\/ABB-2025-logo-Fot.-arch.-ABB-20251-1200x800.jpg)\"> <span class=\"d-none\">https:\/\/us.edu.pl\/instytut\/ismuz\/wp-content\/uploads\/sites\/54\/Bez-kategorii\/ABB-2025-logo-Fot.-arch.-ABB-20251.jpg<\/span> <\/a><a data-fancybox-group=\"button\" title=\"ABB 2025, Koncert inaug., Fot. arch. ABB 2025\" data-fancybox=\"4006\" href=\"https:\/\/us.edu.pl\/instytut\/ismuz\/wp-content\/uploads\/sites\/54\/Bez-kategorii\/ABB-2025-Koncert-inaug.-Fot.-arch.-ABB-20251.jpg\" class=\"gallery__item thumbnail\"\r\n                                    style=\"background-image: url(https:\/\/us.edu.pl\/instytut\/ismuz\/wp-content\/uploads\/sites\/54\/Bez-kategorii\/ABB-2025-Koncert-inaug.-Fot.-arch.-ABB-20251-1200x856.jpg)\"> <span class=\"d-none\">https:\/\/us.edu.pl\/instytut\/ismuz\/wp-content\/uploads\/sites\/54\/Bez-kategorii\/ABB-2025-Koncert-inaug.-Fot.-arch.-ABB-20251.jpg<\/span> <\/a><a data-fancybox-group=\"button\" title=\"ABB 2025, Koncert inaug.1, Fot. arch. ABB 2025\" data-fancybox=\"4006\" href=\"https:\/\/us.edu.pl\/instytut\/ismuz\/wp-content\/uploads\/sites\/54\/Bez-kategorii\/ABB-2025-Koncert-inaug.1-Fot.-arch.-ABB-20251.jpg\" class=\"gallery__item thumbnail\"\r\n                                    style=\"background-image: url(https:\/\/us.edu.pl\/instytut\/ismuz\/wp-content\/uploads\/sites\/54\/Bez-kategorii\/ABB-2025-Koncert-inaug.1-Fot.-arch.-ABB-20251-1200x800.jpg)\"> <span class=\"d-none\">https:\/\/us.edu.pl\/instytut\/ismuz\/wp-content\/uploads\/sites\/54\/Bez-kategorii\/ABB-2025-Koncert-inaug.1-Fot.-arch.-ABB-20251.jpg<\/span> <\/a>\r\n                            <\/div>\r\n                    <\/div>\r\n                <\/div>[\/vc_column][\/vc_row]<\/p>\n<style type=\"text\/css\">a[data-mtli~=\"mtli_filesize264,13kB\"]:after {content:\" (264,13 kB)\"}a[data-mtli~=\"mtli_filesize240,19kB\"]:after {content:\" (240,19 kB)\"}<\/style>","protected":false},"excerpt":{"rendered":"<p>[vc_row][vc_column][\/vc_column][\/vc_row][vc_row][vc_column][\/vc_column][\/vc_row] [&#8230;]<\/p>\n<p><a class=\"btn btn-secondary understrap-read-more-link\" href=\"https:\/\/us.edu.pl\/instytut\/ismuz\/5291-2\/\">Read More&#8230;<\/a><\/p>\n","protected":false},"author":110,"featured_media":0,"parent":0,"menu_order":0,"comment_status":"closed","ping_status":"closed","template":"","meta":{"_expiration-date-status":"","_expiration-date":0,"_expiration-date-type":"","_expiration-date-categories":[],"_expiration-date-options":[]},"acf":[],"_links":{"self":[{"href":"https:\/\/us.edu.pl\/instytut\/ismuz\/wp-json\/wp\/v2\/pages\/5291"}],"collection":[{"href":"https:\/\/us.edu.pl\/instytut\/ismuz\/wp-json\/wp\/v2\/pages"}],"about":[{"href":"https:\/\/us.edu.pl\/instytut\/ismuz\/wp-json\/wp\/v2\/types\/page"}],"author":[{"embeddable":true,"href":"https:\/\/us.edu.pl\/instytut\/ismuz\/wp-json\/wp\/v2\/users\/110"}],"replies":[{"embeddable":true,"href":"https:\/\/us.edu.pl\/instytut\/ismuz\/wp-json\/wp\/v2\/comments?post=5291"}],"version-history":[{"count":4,"href":"https:\/\/us.edu.pl\/instytut\/ismuz\/wp-json\/wp\/v2\/pages\/5291\/revisions"}],"predecessor-version":[{"id":5363,"href":"https:\/\/us.edu.pl\/instytut\/ismuz\/wp-json\/wp\/v2\/pages\/5291\/revisions\/5363"}],"wp:attachment":[{"href":"https:\/\/us.edu.pl\/instytut\/ismuz\/wp-json\/wp\/v2\/media?parent=5291"}],"curies":[{"name":"wp","href":"https:\/\/api.w.org\/{rel}","templated":true}]}}