{"id":5489,"date":"2025-10-02T14:34:30","date_gmt":"2025-10-02T12:34:30","guid":{"rendered":"https:\/\/us.edu.pl\/instytut\/ismuz\/?page_id=5489"},"modified":"2025-10-03T13:03:09","modified_gmt":"2025-10-03T11:03:09","slug":"kolo-naukowe-click-track","status":"publish","type":"page","link":"https:\/\/us.edu.pl\/instytut\/ismuz\/kolo-naukowe-click-track\/","title":{"rendered":"Ko\u0142o Naukowe \u201eClick-Track\u201d"},"content":{"rendered":"<p>[vc_row][vc_column]\r\n                <div class=\"text-modules\">\r\n                    <div class=\"container\">\r\n                        <h3 class=\"page-title text__title\">Ko\u0142o Naukowe \u201eClick-Track\u201d<\/h3>\r\n                        <div class=\"text-modules__content\"><p>Ko\u0142o naukowe \u201eClick-Track\u201d zosta\u0142o za\u0142o\u017cone w marcu 2025 roku przez student\u00f3w kierunku \u201eMuzyka w Multimediach\u201d (Instytut Sztuk Muzycznych). G\u0142\u00f3wnym za\u0142o\u017ceniem ko\u0142a jest zag\u0142\u0119bienie si\u0119 w\u00a0powstawanie warstwy d\u017awi\u0119kowej na potrzeby form audiowizualnych w szczeg\u00f3lno\u015bci w aspekcie kompozycji w muzyce filmowej. Na spotkaniach ko\u0142a omawiane s\u0105 r\u00f3\u017cne elementy sk\u0142adowe muzyki audiowizualnej takie jak instrumentacja, harmonia czy zwi\u0105zki muzyki z obrazem. Podczas zaj\u0119\u0107 prezentowane s\u0105 m.in. filmy fabularne, kt\u00f3rych warstwa d\u017awi\u0119kowa jest analizowana, jak r\u00f3wnie\u017c filmy dokumentalne dotycz\u0105ce sylwetek kompozytor\u00f3w muzyki filmowej oraz proces\u00f3w jej powstawania.<\/p>\n<p>Spotkania odbywaj\u0105 si\u0119 regularnie w \u015brody w sali B-1.16 w budynku g\u0142\u00f3wnym<\/p>\n<\/div>\r\n                    <\/div>\r\n                <\/div>[\/vc_column][\/vc_row]<\/p>","protected":false},"excerpt":{"rendered":"<p>[vc_row][vc_column][\/vc_column][\/vc_row] [&#8230;]<\/p>\n<p><a class=\"btn btn-secondary understrap-read-more-link\" href=\"https:\/\/us.edu.pl\/instytut\/ismuz\/kolo-naukowe-click-track\/\">Read More&#8230;<\/a><\/p>\n","protected":false},"author":110,"featured_media":0,"parent":0,"menu_order":0,"comment_status":"closed","ping_status":"closed","template":"","meta":{"_expiration-date-status":"","_expiration-date":0,"_expiration-date-type":"","_expiration-date-categories":[],"_expiration-date-options":[]},"acf":[],"_links":{"self":[{"href":"https:\/\/us.edu.pl\/instytut\/ismuz\/wp-json\/wp\/v2\/pages\/5489"}],"collection":[{"href":"https:\/\/us.edu.pl\/instytut\/ismuz\/wp-json\/wp\/v2\/pages"}],"about":[{"href":"https:\/\/us.edu.pl\/instytut\/ismuz\/wp-json\/wp\/v2\/types\/page"}],"author":[{"embeddable":true,"href":"https:\/\/us.edu.pl\/instytut\/ismuz\/wp-json\/wp\/v2\/users\/110"}],"replies":[{"embeddable":true,"href":"https:\/\/us.edu.pl\/instytut\/ismuz\/wp-json\/wp\/v2\/comments?post=5489"}],"version-history":[{"count":3,"href":"https:\/\/us.edu.pl\/instytut\/ismuz\/wp-json\/wp\/v2\/pages\/5489\/revisions"}],"predecessor-version":[{"id":5494,"href":"https:\/\/us.edu.pl\/instytut\/ismuz\/wp-json\/wp\/v2\/pages\/5489\/revisions\/5494"}],"wp:attachment":[{"href":"https:\/\/us.edu.pl\/instytut\/ismuz\/wp-json\/wp\/v2\/media?parent=5489"}],"curies":[{"name":"wp","href":"https:\/\/api.w.org\/{rel}","templated":true}]}}