{"id":5666,"date":"2026-02-23T14:49:59","date_gmt":"2026-02-23T13:49:59","guid":{"rendered":"https:\/\/us.edu.pl\/instytut\/ismuz\/?page_id=5666"},"modified":"2026-02-23T14:49:59","modified_gmt":"2026-02-23T13:49:59","slug":"5666-2","status":"publish","type":"page","link":"https:\/\/us.edu.pl\/instytut\/ismuz\/5666-2\/","title":{"rendered":""},"content":{"rendered":"<p>[vc_row][vc_column]\r\n                <div class=\"text-modules\">\r\n                    <div class=\"container\">\r\n                        \r\n                        <div class=\"text-modules__content\"><p><strong>Wydarzenie<\/strong><\/p>\n<p>Warsztaty gospel<\/p>\n<p><strong>Data i miejsce<\/strong><\/p>\n<p>04.12.2025, Cieszyn, U\u015a, WSNE, sala kameralna<\/p>\n<p><strong>Ch\u00f3r U\u015a Harmonia <\/strong>uczestniczy\u0142 w warsztatach muzyki gospel, kt\u00f3re odby\u0142y si\u0119 w Instytucie Sztuk Muzycznych WSNE U\u015a. Zaj\u0119cia prowadzi\u0142a Gabriela Blacha, pomys\u0142odawczyni projektu pt. \u201eWeso\u0142y W\u0119drownik\u201d, promuj\u0105cego tw\u00f3rczo\u015b\u0107 i dzia\u0142alno\u015b\u0107 muzyczn\u0105 Norberta Blachy. Warsztaty poprzedzi\u0142y <em>Adwentowy Koncert Gospel, <\/em>kt\u00f3ry odby\u0142 si\u0119 5 grudnia 2025 roku w ko\u015bciele Naj\u015bwi\u0119tszego Imienia Maryi Panny w Cieszynie i dedykowany by\u0142 s\u0142uchaczom VI Muzycznej Akademii Seniora SART Cieszyn 2025 \u2013 seniorom przebywaj\u0105cym na sta\u0142e w domach opieki. Organizatorem ca\u0142ego wydarzenia by\u0142o Stowarzyszenie \u201eVia Musica\u201d w Cieszynie.<\/p>\n<p>W za\u0142\u0105czeniu:<\/p>\n<p><a href=\"https:\/\/us.edu.pl\/instytut\/ismuz\/wp-content\/uploads\/sites\/54\/Bez-kategorii\/3.-Warsztaty-gospel-fot.-N.-Kumorek3.pdf\" class=\"mtli_attachment mtli_pdf\" data-mtli=\"mtli_filesize110,58kB\" class=\"mtli_attachment mtli_pdf\" data-mtli=\"mtli_filesize110,58kB\">1. Warsztaty gospel, fot. N. Kumorek<\/a><\/p>\n<p><a href=\"https:\/\/us.edu.pl\/instytut\/ismuz\/wp-content\/uploads\/sites\/54\/Bez-kategorii\/3.-Warsztaty-gospel-fot.-N.-Kumorek2.pdf\" class=\"mtli_attachment mtli_pdf\" data-mtli=\"mtli_filesize108,19kB\" class=\"mtli_attachment mtli_pdf\" data-mtli=\"mtli_filesize108,19kB\">2. Warsztaty gospel, fot. N. Kumorek<\/a><\/p>\n<p><a href=\"https:\/\/us.edu.pl\/instytut\/ismuz\/wp-content\/uploads\/sites\/54\/Bez-kategorii\/3.-Warsztaty-gospel-fot.-N.-Kumorek1.pdf\" class=\"mtli_attachment mtli_pdf\" data-mtli=\"mtli_filesize98,18kB\" class=\"mtli_attachment mtli_pdf\" data-mtli=\"mtli_filesize98,18kB\">3. Warsztaty gospel, fot. N. Kumorek<\/a><\/p>\n<p>&nbsp;<\/p>\n<p>Foto \u2013 Nina Kumorek<\/p>\n<style type=\"text\/css\">a[data-mtli~=\"mtli_filesize110,58kB\"]:after {content:\" (110,58 kB)\"}a[data-mtli~=\"mtli_filesize108,19kB\"]:after {content:\" (108,19 kB)\"}a[data-mtli~=\"mtli_filesize98,18kB\"]:after {content:\" (98,18 kB)\"}<\/style><\/div>\r\n                    <\/div>\r\n                <\/div>[\/vc_column][\/vc_row][vc_row][vc_column]            \r\n                    <div class=\"container\">\r\n                        <div class=\"gallery gallery_4\" data-images-in-row=\"4\">\r\n                            \r\n                            <div class=\"row m-0\">\r\n                                <a data-fancybox-group=\"button\" title=\"\" data-fancybox=\"3570\" href=\"https:\/\/us.edu.pl\/instytut\/ismuz\/wp-content\/uploads\/sites\/54\/Bez-kategorii\/3.-Warsztaty-gospel-fot.-N.-Kumorek2.jpg\" class=\"gallery__item thumbnail\"\r\n                                    style=\"background-image: url(https:\/\/us.edu.pl\/instytut\/ismuz\/wp-content\/uploads\/sites\/54\/Bez-kategorii\/3.-Warsztaty-gospel-fot.-N.-Kumorek2-1200x540.jpg)\"> <span class=\"d-none\">https:\/\/us.edu.pl\/instytut\/ismuz\/wp-content\/uploads\/sites\/54\/Bez-kategorii\/3.-Warsztaty-gospel-fot.-N.-Kumorek2.jpg<\/span> <\/a><a data-fancybox-group=\"button\" title=\"\" data-fancybox=\"3570\" href=\"https:\/\/us.edu.pl\/instytut\/ismuz\/wp-content\/uploads\/sites\/54\/Bez-kategorii\/3.-Warsztaty-gospel-fot.-N.-Kumorek3.jpg\" class=\"gallery__item thumbnail\"\r\n                                    style=\"background-image: url(https:\/\/us.edu.pl\/instytut\/ismuz\/wp-content\/uploads\/sites\/54\/Bez-kategorii\/3.-Warsztaty-gospel-fot.-N.-Kumorek3-1200x540.jpg)\"> <span class=\"d-none\">https:\/\/us.edu.pl\/instytut\/ismuz\/wp-content\/uploads\/sites\/54\/Bez-kategorii\/3.-Warsztaty-gospel-fot.-N.-Kumorek3.jpg<\/span> <\/a><a data-fancybox-group=\"button\" title=\"\" data-fancybox=\"3570\" href=\"https:\/\/us.edu.pl\/instytut\/ismuz\/wp-content\/uploads\/sites\/54\/Bez-kategorii\/3.-Warsztaty-gospel-fot.-N.-Kumorek1.jpg\" class=\"gallery__item thumbnail\"\r\n                                    style=\"background-image: url(https:\/\/us.edu.pl\/instytut\/ismuz\/wp-content\/uploads\/sites\/54\/Bez-kategorii\/3.-Warsztaty-gospel-fot.-N.-Kumorek1-1200x540.jpg)\"> <span class=\"d-none\">https:\/\/us.edu.pl\/instytut\/ismuz\/wp-content\/uploads\/sites\/54\/Bez-kategorii\/3.-Warsztaty-gospel-fot.-N.-Kumorek1.jpg<\/span> <\/a>\r\n                            <\/div>\r\n                    <\/div>\r\n                <\/div>[\/vc_column][\/vc_row]<\/p>\n<style type=\"text\/css\">a[data-mtli~=\"mtli_filesize110,58kB\"]:after {content:\" (110,58 kB)\"}a[data-mtli~=\"mtli_filesize108,19kB\"]:after {content:\" (108,19 kB)\"}a[data-mtli~=\"mtli_filesize98,18kB\"]:after {content:\" (98,18 kB)\"}<\/style>","protected":false},"excerpt":{"rendered":"<p>[vc_row][vc_column][\/vc_column][\/vc_row][vc_row][vc_column][\/vc_column][\/vc_row] [&#8230;]<\/p>\n<p><a class=\"btn btn-secondary understrap-read-more-link\" href=\"https:\/\/us.edu.pl\/instytut\/ismuz\/5666-2\/\">Read More&#8230;<\/a><\/p>\n","protected":false},"author":110,"featured_media":0,"parent":0,"menu_order":0,"comment_status":"closed","ping_status":"closed","template":"","meta":{"_expiration-date-status":"","_expiration-date":0,"_expiration-date-type":"","_expiration-date-categories":[],"_expiration-date-options":[]},"acf":[],"_links":{"self":[{"href":"https:\/\/us.edu.pl\/instytut\/ismuz\/wp-json\/wp\/v2\/pages\/5666"}],"collection":[{"href":"https:\/\/us.edu.pl\/instytut\/ismuz\/wp-json\/wp\/v2\/pages"}],"about":[{"href":"https:\/\/us.edu.pl\/instytut\/ismuz\/wp-json\/wp\/v2\/types\/page"}],"author":[{"embeddable":true,"href":"https:\/\/us.edu.pl\/instytut\/ismuz\/wp-json\/wp\/v2\/users\/110"}],"replies":[{"embeddable":true,"href":"https:\/\/us.edu.pl\/instytut\/ismuz\/wp-json\/wp\/v2\/comments?post=5666"}],"version-history":[{"count":1,"href":"https:\/\/us.edu.pl\/instytut\/ismuz\/wp-json\/wp\/v2\/pages\/5666\/revisions"}],"predecessor-version":[{"id":5674,"href":"https:\/\/us.edu.pl\/instytut\/ismuz\/wp-json\/wp\/v2\/pages\/5666\/revisions\/5674"}],"wp:attachment":[{"href":"https:\/\/us.edu.pl\/instytut\/ismuz\/wp-json\/wp\/v2\/media?parent=5666"}],"curies":[{"name":"wp","href":"https:\/\/api.w.org\/{rel}","templated":true}]}}