{"id":5676,"date":"2026-02-23T14:59:35","date_gmt":"2026-02-23T13:59:35","guid":{"rendered":"https:\/\/us.edu.pl\/instytut\/ismuz\/?page_id=5676"},"modified":"2026-02-23T14:59:35","modified_gmt":"2026-02-23T13:59:35","slug":"5676-2","status":"publish","type":"page","link":"https:\/\/us.edu.pl\/instytut\/ismuz\/5676-2\/","title":{"rendered":""},"content":{"rendered":"<p>[vc_row][vc_column]\r\n                <div class=\"text-modules\">\r\n                    <div class=\"container\">\r\n                        \r\n                        <div class=\"text-modules__content\"><p><strong>Wydarzenie<\/strong><\/p>\n<p>Akademickie Spotkanie Wigilijne<\/p>\n<p><strong>Data i miejsce<\/strong><\/p>\n<p>16.12.2025, Cieszyn, WSNE, hall<\/p>\n<p>Na zaproszenie Dziekana Wydzia\u0142u Sztuki i Nauk o Edukacji dr hab. Katarzyny Marcol, prof. U\u015a \u2013 <strong>Ch\u00f3r U\u015a Harmonia <\/strong>pod dyrekcj\u0105<strong> prof. dr hab. Joanny Glenc <\/strong>wyst\u0105pi\u0142 podczas uroczystego spotkania ca\u0142ej spo\u0142eczno\u015bci Wydzia\u0142u z okazji \u015awi\u0105t Bo\u017cego Narodzenia, wykonuj\u0105c kol\u0119dy i pastora\u0142ki na ch\u00f3r mieszany a cappella. W wydarzeniu tym uczestniczy\u0142y r\u00f3wnie\u017c zespo\u0142y muzyczne pod kierunkiem dr hab. Bartosza Listwana, prof. U\u015a oraz studencka Kapela G\u00f3ralska. Organizatorem spotkania byli: Dziekan WSNE U\u015a oraz Wydzia\u0142owa Rada Samorz\u0105du Studenckiego.<\/p>\n<p>W za\u0142\u0105czeniu:<\/p>\n<p><a href=\"https:\/\/us.edu.pl\/instytut\/ismuz\/wp-content\/uploads\/sites\/54\/Bez-kategorii\/ASW-fot.-J.-Grzanka1.pdf\" class=\"mtli_attachment mtli_pdf\" data-mtli=\"mtli_filesize154,05kB\" class=\"mtli_attachment mtli_pdf\" data-mtli=\"mtli_filesize154,05kB\">ASW, fot. J. Grzanka(1)<\/a><\/p>\n<p><a href=\"https:\/\/us.edu.pl\/instytut\/ismuz\/wp-content\/uploads\/sites\/54\/Bez-kategorii\/ASW-fot.-J.-Grzanka2.pdf\" class=\"mtli_attachment mtli_pdf\" data-mtli=\"mtli_filesize196,89kB\" class=\"mtli_attachment mtli_pdf\" data-mtli=\"mtli_filesize196,89kB\">ASW, fot. J. Grzanka(2)<\/a><\/p>\n<p><a href=\"https:\/\/us.edu.pl\/instytut\/ismuz\/wp-content\/uploads\/sites\/54\/Bez-kategorii\/ASW-fot.-J.-Grzanka3.pdf\" class=\"mtli_attachment mtli_pdf\" data-mtli=\"mtli_filesize189,44kB\" class=\"mtli_attachment mtli_pdf\" data-mtli=\"mtli_filesize189,44kB\">ASW, fot. J. Grzanka(3)<\/a><\/p>\n<p>Foto \u2013 Jan Grzanka<\/p>\n<style type=\"text\/css\">a[data-mtli~=\"mtli_filesize154,05kB\"]:after {content:\" (154,05 kB)\"}a[data-mtli~=\"mtli_filesize196,89kB\"]:after {content:\" (196,89 kB)\"}a[data-mtli~=\"mtli_filesize189,44kB\"]:after {content:\" (189,44 kB)\"}<\/style><\/div>\r\n                    <\/div>\r\n                <\/div>[\/vc_column][\/vc_row][vc_row][vc_column]            \r\n                    <div class=\"container\">\r\n                        <div class=\"gallery gallery_4\" data-images-in-row=\"4\">\r\n                            \r\n                            <div class=\"row m-0\">\r\n                                <a data-fancybox-group=\"button\" title=\"\" data-fancybox=\"9309\" href=\"https:\/\/us.edu.pl\/instytut\/ismuz\/wp-content\/uploads\/sites\/54\/Bez-kategorii\/ASW-fot.-J.-Grzanka3.jpg\" class=\"gallery__item thumbnail\"\r\n                                    style=\"background-image: url(https:\/\/us.edu.pl\/instytut\/ismuz\/wp-content\/uploads\/sites\/54\/Bez-kategorii\/ASW-fot.-J.-Grzanka3-1200x901.jpg)\"> <span class=\"d-none\">https:\/\/us.edu.pl\/instytut\/ismuz\/wp-content\/uploads\/sites\/54\/Bez-kategorii\/ASW-fot.-J.-Grzanka3.jpg<\/span> <\/a><a data-fancybox-group=\"button\" title=\"\" data-fancybox=\"9309\" href=\"https:\/\/us.edu.pl\/instytut\/ismuz\/wp-content\/uploads\/sites\/54\/Bez-kategorii\/ASW-fot.-J.-Grzanka2.jpg\" class=\"gallery__item thumbnail\"\r\n                                    style=\"background-image: url(https:\/\/us.edu.pl\/instytut\/ismuz\/wp-content\/uploads\/sites\/54\/Bez-kategorii\/ASW-fot.-J.-Grzanka2-1200x900.jpg)\"> <span class=\"d-none\">https:\/\/us.edu.pl\/instytut\/ismuz\/wp-content\/uploads\/sites\/54\/Bez-kategorii\/ASW-fot.-J.-Grzanka2.jpg<\/span> <\/a><a data-fancybox-group=\"button\" title=\"\" data-fancybox=\"9309\" href=\"https:\/\/us.edu.pl\/instytut\/ismuz\/wp-content\/uploads\/sites\/54\/Bez-kategorii\/ASW-fot.-J.-Grzanka1.jpg\" class=\"gallery__item thumbnail\"\r\n                                    style=\"background-image: url(https:\/\/us.edu.pl\/instytut\/ismuz\/wp-content\/uploads\/sites\/54\/Bez-kategorii\/ASW-fot.-J.-Grzanka1-1200x901.jpg)\"> <span class=\"d-none\">https:\/\/us.edu.pl\/instytut\/ismuz\/wp-content\/uploads\/sites\/54\/Bez-kategorii\/ASW-fot.-J.-Grzanka1.jpg<\/span> <\/a>\r\n                            <\/div>\r\n                    <\/div>\r\n                <\/div>[\/vc_column][\/vc_row]<\/p>\n<style type=\"text\/css\">a[data-mtli~=\"mtli_filesize154,05kB\"]:after {content:\" (154,05 kB)\"}a[data-mtli~=\"mtli_filesize196,89kB\"]:after {content:\" (196,89 kB)\"}a[data-mtli~=\"mtli_filesize189,44kB\"]:after {content:\" (189,44 kB)\"}<\/style>","protected":false},"excerpt":{"rendered":"<p>[vc_row][vc_column][\/vc_column][\/vc_row][vc_row][vc_column][\/vc_column][\/vc_row] [&#8230;]<\/p>\n<p><a class=\"btn btn-secondary understrap-read-more-link\" href=\"https:\/\/us.edu.pl\/instytut\/ismuz\/5676-2\/\">Read More&#8230;<\/a><\/p>\n","protected":false},"author":110,"featured_media":0,"parent":0,"menu_order":0,"comment_status":"closed","ping_status":"closed","template":"","meta":{"_expiration-date-status":"","_expiration-date":0,"_expiration-date-type":"","_expiration-date-categories":[],"_expiration-date-options":[]},"acf":[],"_links":{"self":[{"href":"https:\/\/us.edu.pl\/instytut\/ismuz\/wp-json\/wp\/v2\/pages\/5676"}],"collection":[{"href":"https:\/\/us.edu.pl\/instytut\/ismuz\/wp-json\/wp\/v2\/pages"}],"about":[{"href":"https:\/\/us.edu.pl\/instytut\/ismuz\/wp-json\/wp\/v2\/types\/page"}],"author":[{"embeddable":true,"href":"https:\/\/us.edu.pl\/instytut\/ismuz\/wp-json\/wp\/v2\/users\/110"}],"replies":[{"embeddable":true,"href":"https:\/\/us.edu.pl\/instytut\/ismuz\/wp-json\/wp\/v2\/comments?post=5676"}],"version-history":[{"count":1,"href":"https:\/\/us.edu.pl\/instytut\/ismuz\/wp-json\/wp\/v2\/pages\/5676\/revisions"}],"predecessor-version":[{"id":5683,"href":"https:\/\/us.edu.pl\/instytut\/ismuz\/wp-json\/wp\/v2\/pages\/5676\/revisions\/5683"}],"wp:attachment":[{"href":"https:\/\/us.edu.pl\/instytut\/ismuz\/wp-json\/wp\/v2\/media?parent=5676"}],"curies":[{"name":"wp","href":"https:\/\/api.w.org\/{rel}","templated":true}]}}

<p>[vc_row][vc_column]
                <div class="text-modules">
                    <div class="container">
                        
                        <div class="text-modules__content"><p><strong>Wydarzenie</strong></p>
<p>Akademickie Spotkanie Wigilijne</p>
<p><strong>Data i miejsce</strong></p>
<p>16.12.2025, Cieszyn, WSNE, hall</p>
<p>Na zaproszenie Dziekana Wydziału Sztuki i Nauk o Edukacji dr hab. Katarzyny Marcol, prof. UŚ – <strong>Chór UŚ Harmonia </strong>pod dyrekcją<strong> prof. dr hab. Joanny Glenc </strong>wystąpił podczas uroczystego spotkania całej społeczności Wydziału z okazji Świąt Bożego Narodzenia, wykonując kolędy i pastorałki na chór mieszany a cappella. W wydarzeniu tym uczestniczyły również zespoły muzyczne pod kierunkiem dr hab. Bartosza Listwana, prof. UŚ oraz studencka Kapela Góralska. Organizatorem spotkania byli: Dziekan WSNE UŚ oraz Wydziałowa Rada Samorządu Studenckiego.</p>
<p>W załączeniu:</p>
<p><a href="https://us.edu.pl/instytut/ismuz/wp-content/uploads/sites/54/Bez-kategorii/ASW-fot.-J.-Grzanka1.pdf" class="mtli_attachment mtli_pdf" data-mtli="mtli_filesize154,05kB" class="mtli_attachment mtli_pdf" data-mtli="mtli_filesize154,05kB">ASW, fot. J. Grzanka(1)</a></p>
<p><a href="https://us.edu.pl/instytut/ismuz/wp-content/uploads/sites/54/Bez-kategorii/ASW-fot.-J.-Grzanka2.pdf" class="mtli_attachment mtli_pdf" data-mtli="mtli_filesize196,89kB" class="mtli_attachment mtli_pdf" data-mtli="mtli_filesize196,89kB">ASW, fot. J. Grzanka(2)</a></p>
<p><a href="https://us.edu.pl/instytut/ismuz/wp-content/uploads/sites/54/Bez-kategorii/ASW-fot.-J.-Grzanka3.pdf" class="mtli_attachment mtli_pdf" data-mtli="mtli_filesize189,44kB" class="mtli_attachment mtli_pdf" data-mtli="mtli_filesize189,44kB">ASW, fot. J. Grzanka(3)</a></p>
<p>Foto – Jan Grzanka</p>
<style type="text/css">a[data-mtli~="mtli_filesize154,05kB"]:after {content:" (154,05 kB)"}a[data-mtli~="mtli_filesize196,89kB"]:after {content:" (196,89 kB)"}a[data-mtli~="mtli_filesize189,44kB"]:after {content:" (189,44 kB)"}</style></div>
                    </div>
                </div>[/vc_column][/vc_row][vc_row][vc_column]            
                    <div class="container">
                        <div class="gallery gallery_4" data-images-in-row="4">
                            
                            <div class="row m-0">
                                <a data-fancybox-group="button" title="" data-fancybox="9309" href="https://us.edu.pl/instytut/ismuz/wp-content/uploads/sites/54/Bez-kategorii/ASW-fot.-J.-Grzanka3.jpg" class="gallery__item thumbnail"
                                    style="background-image: url(https://us.edu.pl/instytut/ismuz/wp-content/uploads/sites/54/Bez-kategorii/ASW-fot.-J.-Grzanka3-1200x901.jpg)"> <span class="d-none">https://us.edu.pl/instytut/ismuz/wp-content/uploads/sites/54/Bez-kategorii/ASW-fot.-J.-Grzanka3.jpg</span> </a><a data-fancybox-group="button" title="" data-fancybox="9309" href="https://us.edu.pl/instytut/ismuz/wp-content/uploads/sites/54/Bez-kategorii/ASW-fot.-J.-Grzanka2.jpg" class="gallery__item thumbnail"
                                    style="background-image: url(https://us.edu.pl/instytut/ismuz/wp-content/uploads/sites/54/Bez-kategorii/ASW-fot.-J.-Grzanka2-1200x900.jpg)"> <span class="d-none">https://us.edu.pl/instytut/ismuz/wp-content/uploads/sites/54/Bez-kategorii/ASW-fot.-J.-Grzanka2.jpg</span> </a><a data-fancybox-group="button" title="" data-fancybox="9309" href="https://us.edu.pl/instytut/ismuz/wp-content/uploads/sites/54/Bez-kategorii/ASW-fot.-J.-Grzanka1.jpg" class="gallery__item thumbnail"
                                    style="background-image: url(https://us.edu.pl/instytut/ismuz/wp-content/uploads/sites/54/Bez-kategorii/ASW-fot.-J.-Grzanka1-1200x901.jpg)"> <span class="d-none">https://us.edu.pl/instytut/ismuz/wp-content/uploads/sites/54/Bez-kategorii/ASW-fot.-J.-Grzanka1.jpg</span> </a>
                            </div>
                    </div>
                </div>[/vc_column][/vc_row]</p>
<style type="text/css">a[data-mtli~="mtli_filesize154,05kB"]:after {content:" (154,05 kB)"}a[data-mtli~="mtli_filesize196,89kB"]:after {content:" (196,89 kB)"}a[data-mtli~="mtli_filesize189,44kB"]:after {content:" (189,44 kB)"}</style>
