{"id":5698,"date":"2026-02-24T08:13:12","date_gmt":"2026-02-24T07:13:12","guid":{"rendered":"https:\/\/us.edu.pl\/instytut\/ismuz\/?page_id=5698"},"modified":"2026-02-24T08:13:12","modified_gmt":"2026-02-24T07:13:12","slug":"5698-2","status":"publish","type":"page","link":"https:\/\/us.edu.pl\/instytut\/ismuz\/5698-2\/","title":{"rendered":""},"content":{"rendered":"<p>[vc_row][vc_column]\r\n                <div class=\"text-modules\">\r\n                    <div class=\"container\">\r\n                        \r\n                        <div class=\"text-modules__content\"><p><strong>Wydarzenie<\/strong><\/p>\n<p>XIV Akademickie Kol\u0119dowe Ostatki 2026<\/p>\n<p><strong>Data i miejsce<\/strong><\/p>\n<p>28.01.2026, Cieszyn, Ko\u015bci\u00f3\u0142 p.w. \u015aw. El\u017cbiety<\/p>\n<p><strong>Ch\u00f3r U\u015a Harmonia <\/strong>pod dyrekcj\u0105<strong> prof. dr hab. Joanny Glenc<\/strong> wyst\u0105pi\u0142 podczas czternastej edycji <em>Akademickich Kol\u0119dowych Ostatk\u00f3w<\/em>, zorganizowanych przez Instytut Sztuk Muzycznych WSNE U\u015a. W repertuarze ch\u00f3ru znalaz\u0142y si\u0119 kol\u0119dy i pastora\u0142ki w opracowaniu na ch\u00f3r mieszany a cappella. W koncercie udzia\u0142 wzi\u0119li te\u017c inni arty\u015bci zwi\u0105zani<br \/>\nz Uniwersytetem \u015al\u0105skim, tj. Akademicka Orkiestra Smyczkowa pod dyrekcj\u0105 dr hab. Ma\u0142gorzaty Kaniowskiej, prof. U\u015a, dr hab. Sabina Olbrich-Szafraniec, prof. U\u015a \u2013 sopran, prof. dr hab. Hubert Mi\u015bka \u2013 tenor, dr Marcin Ha\u0142at \u2013 skrzypce, Martyna Uchman \u2013 fortepian.<\/p>\n<p>W za\u0142\u0105czeniu:<\/p>\n<p><a href=\"https:\/\/us.edu.pl\/instytut\/ismuz\/wp-content\/uploads\/sites\/54\/Bez-kategorii\/XIV-AKO-2026-fot.-H.-Miska.pdf\" class=\"mtli_attachment mtli_pdf\" data-mtli=\"mtli_filesize478,65kB\" class=\"mtli_attachment mtli_pdf\" data-mtli=\"mtli_filesize478,65kB\">XIV AKO 2026, fot. H. Mi\u015bka<\/a><\/p>\n<p><a href=\"https:\/\/us.edu.pl\/instytut\/ismuz\/wp-content\/uploads\/sites\/54\/Bez-kategorii\/Akademickie-Koledowe-Ostatki-2026-plakat.pdf\" class=\"mtli_attachment mtli_pdf\" data-mtli=\"mtli_filesize90,88kB\" class=\"mtli_attachment mtli_pdf\" data-mtli=\"mtli_filesize90,88kB\">Akademickie Kol\u0119dowe Ostatki 2026, plakat<\/a><\/p>\n<p>Fotografia \u2013 link:<\/p>\n<p><a href=\"https:\/\/us.edu.pl\/instytut\/ismuz\/2026\/01\/21\/xiv-akademickie-koledowe-ostatki-2026\/\">https:\/\/us.edu.pl\/instytut\/ismuz\/2026\/01\/21\/xiv-akademickie-koledowe-ostatki-2026\/<\/a><\/p>\n<style type=\"text\/css\">a[data-mtli~=\"mtli_filesize478,65kB\"]:after {content:\" (478,65 kB)\"}a[data-mtli~=\"mtli_filesize90,88kB\"]:after {content:\" (90,88 kB)\"}<\/style><\/div>\r\n                    <\/div>\r\n                <\/div>[\/vc_column][\/vc_row][vc_row][vc_column]            \r\n                    <div class=\"container\">\r\n                        <div class=\"gallery gallery_4\" data-images-in-row=\"4\">\r\n                            \r\n                            <div class=\"row m-0\">\r\n                                <a data-fancybox-group=\"button\" title=\"\" data-fancybox=\"7953\" href=\"https:\/\/us.edu.pl\/instytut\/ismuz\/wp-content\/uploads\/sites\/54\/Bez-kategorii\/Akademickie-Koledowe-Ostatki-2026-plakat.jpg\" class=\"gallery__item thumbnail\"\r\n                                    style=\"background-image: url(https:\/\/us.edu.pl\/instytut\/ismuz\/wp-content\/uploads\/sites\/54\/Bez-kategorii\/Akademickie-Koledowe-Ostatki-2026-plakat.jpg)\"> <span class=\"d-none\">https:\/\/us.edu.pl\/instytut\/ismuz\/wp-content\/uploads\/sites\/54\/Bez-kategorii\/Akademickie-Koledowe-Ostatki-2026-plakat.jpg<\/span> <\/a><a data-fancybox-group=\"button\" title=\"\" data-fancybox=\"7953\" href=\"https:\/\/us.edu.pl\/instytut\/ismuz\/wp-content\/uploads\/sites\/54\/Bez-kategorii\/XIV-AKO-2026-fot.-H.-Miska.jpg\" class=\"gallery__item thumbnail\"\r\n                                    style=\"background-image: url(https:\/\/us.edu.pl\/instytut\/ismuz\/wp-content\/uploads\/sites\/54\/Bez-kategorii\/XIV-AKO-2026-fot.-H.-Miska.jpg)\"> <span class=\"d-none\">https:\/\/us.edu.pl\/instytut\/ismuz\/wp-content\/uploads\/sites\/54\/Bez-kategorii\/XIV-AKO-2026-fot.-H.-Miska.jpg<\/span> <\/a>\r\n                            <\/div>\r\n                    <\/div>\r\n                <\/div>[\/vc_column][\/vc_row]<\/p>\n<style type=\"text\/css\">a[data-mtli~=\"mtli_filesize478,65kB\"]:after {content:\" (478,65 kB)\"}a[data-mtli~=\"mtli_filesize90,88kB\"]:after {content:\" (90,88 kB)\"}<\/style>","protected":false},"excerpt":{"rendered":"<p>[vc_row][vc_column][\/vc_column][\/vc_row][vc_row][vc_column][\/vc_column][\/vc_row] [&#8230;]<\/p>\n<p><a class=\"btn btn-secondary understrap-read-more-link\" href=\"https:\/\/us.edu.pl\/instytut\/ismuz\/5698-2\/\">Read More&#8230;<\/a><\/p>\n","protected":false},"author":110,"featured_media":0,"parent":0,"menu_order":0,"comment_status":"closed","ping_status":"closed","template":"","meta":{"_expiration-date-status":"","_expiration-date":0,"_expiration-date-type":"","_expiration-date-categories":[],"_expiration-date-options":[]},"acf":[],"_links":{"self":[{"href":"https:\/\/us.edu.pl\/instytut\/ismuz\/wp-json\/wp\/v2\/pages\/5698"}],"collection":[{"href":"https:\/\/us.edu.pl\/instytut\/ismuz\/wp-json\/wp\/v2\/pages"}],"about":[{"href":"https:\/\/us.edu.pl\/instytut\/ismuz\/wp-json\/wp\/v2\/types\/page"}],"author":[{"embeddable":true,"href":"https:\/\/us.edu.pl\/instytut\/ismuz\/wp-json\/wp\/v2\/users\/110"}],"replies":[{"embeddable":true,"href":"https:\/\/us.edu.pl\/instytut\/ismuz\/wp-json\/wp\/v2\/comments?post=5698"}],"version-history":[{"count":1,"href":"https:\/\/us.edu.pl\/instytut\/ismuz\/wp-json\/wp\/v2\/pages\/5698\/revisions"}],"predecessor-version":[{"id":5703,"href":"https:\/\/us.edu.pl\/instytut\/ismuz\/wp-json\/wp\/v2\/pages\/5698\/revisions\/5703"}],"wp:attachment":[{"href":"https:\/\/us.edu.pl\/instytut\/ismuz\/wp-json\/wp\/v2\/media?parent=5698"}],"curies":[{"name":"wp","href":"https:\/\/api.w.org\/{rel}","templated":true}]}}