{"id":5741,"date":"2026-03-23T11:57:49","date_gmt":"2026-03-23T10:57:49","guid":{"rendered":"https:\/\/us.edu.pl\/instytut\/ismuz\/?page_id=5741"},"modified":"2026-03-23T15:19:55","modified_gmt":"2026-03-23T14:19:55","slug":"miedzynarodowy-festiwal-muzyki-im-prof-jozefa-swidra","status":"publish","type":"page","link":"https:\/\/us.edu.pl\/instytut\/ismuz\/miedzynarodowy-festiwal-muzyki-im-prof-jozefa-swidra\/","title":{"rendered":"Mi\u0119dzynarodowy Festiwal Muzyki im. prof. J\u00f3zefa \u015awidra"},"content":{"rendered":"<p>[vc_row][vc_column][vc_separator color=&#8221;black&#8221; style=&#8221;shadow&#8221; border_width=&#8221;7&#8243; el_width=&#8221;70&#8243;][\/vc_column][\/vc_row][vc_row][vc_column]\r\n                <div class=\"text-modules\">\r\n                    <div class=\"container\">\r\n                        \r\n                        <div class=\"text-modules__content\"><\/p>\n<p style=\"text-align: center;\"><strong><span style=\"font-size: 24pt;\">XI MI\u0118DZYNARODOWY FESTIWAL MUZYKI IM. PROF. J\u00d3ZEFA \u015aWIDRA<\/span><\/strong><br \/>\n<strong><span style=\"font-size: 24pt;\">CIESZYN 19 \u2013 21 CZERWCA 2026 r.<\/span><\/strong><\/p>\n<p>\n<\/div>\r\n                    <\/div>\r\n                <\/div>[vc_separator color=&#8221;black&#8221; style=&#8221;shadow&#8221; border_width=&#8221;7&#8243; el_width=&#8221;70&#8243;][\/vc_column][\/vc_row][vc_row][vc_column]\r\n                <div class=\"text-modules\">\r\n                    <div class=\"container\">\r\n                        \r\n                        <div class=\"text-modules__content\"><p><span style=\"font-size: 12pt;\"><strong>CELE FESTIWALU<\/strong><\/span><\/p>\n<ul>\n<li><span style=\"font-size: 12pt;\">kultywowanie tradycji \u015bpiewaczych, rozwijanie zainteresowa\u0144 muzyk\u0105 ch\u00f3raln\u0105<\/span><\/li>\n<li><span style=\"font-size: 12pt;\">promocja i upowszechnianie tw\u00f3rczo\u015bci kompozytorskiej J\u00f3zefa \u015awidra oraz kompozytor\u00f3w zwi\u0105zanych ze \u015al\u0105skiem Cieszy\u0144skim<\/span><\/li>\n<li><span style=\"font-size: 12pt;\">wymiana do\u015bwiadcze\u0144 artystycznych, kulturowych i edukacyjnych<\/span><\/li>\n<li><span style=\"font-size: 12pt;\">popularyzacja literatury ch\u00f3ralnej r\u00f3\u017cnych styl\u00f3w i epok<\/span><\/li>\n<li><span style=\"font-size: 12pt;\">promocja wsp\u00f3\u0142czesnej literatury ch\u00f3ralnej<\/span><\/li>\n<li><span style=\"font-size: 12pt;\">doskonalenie poziomu wykonawczego amatorskich zespo\u0142\u00f3w ch\u00f3ralnych<\/span><\/li>\n<li><span style=\"font-size: 12pt;\">konfrontacja bada\u0144 naukowych i artystycznych<\/span><\/li>\n<\/ul>\n<p><span style=\"font-size: 12pt;\"><strong>W RAMACH FESTIWALU ODBYWA\u0106 SI\u0118 B\u0118D\u0104:<\/strong><\/span><\/p>\n<ol>\n<li><span style=\"font-size: 12pt;\">VI Og\u00f3lnopolska Konferencja Naukowa REPERTUAR POSZUKIWANY 19 czerwca 2026 r.<\/span><\/li>\n<li><span style=\"font-size: 12pt;\">Mi\u0119dzynarodowy Konkurs Ch\u00f3ralny im. prof. J\u00f3zefa \u015awidra 19-21 czerwca 2026<br \/>\nKonkurs odb\u0119dzie si\u0119 w sali widowiskowej Cieszy\u0144skiego O\u015brodka Kultury \u201eDom Narodowy\u201d 20 czerwca 2026 roku.<br \/>\nKonkurs przeznaczony dla zespo\u0142\u00f3w polskich i zagranicznych<br \/>\nW przypadku du\u017cej liczby zakwalifikowanych ch\u00f3r\u00f3w konkurs w niekt\u00f3rych kategoriach mo\u017ce odby\u0107 si\u0119 19 czerwca 2025 w sali widowiskowej Cieszy\u0144skiego O\u015brodka Kultury \u201eDom Narodowy\u201d.<\/span><\/li>\n<li><span style=\"font-size: 12pt;\">Koncerty festiwalowe w miejscowo\u015bciach \u015al\u0105ska w dniach 19- 21 czerwca 2026 r.<\/span><\/li>\n<li><span style=\"font-size: 12pt;\">Koncert Laureat\u00f3w Festiwalu 20 czerwca 2026 r.<\/span><\/li>\n<\/ol>\n<p><strong><span style=\"font-size: 12pt;\">Formularz zg\u0142oszeniowy &#8211; <a href=\"https:\/\/forms.gle\/SuZFdUkt4gndPeGbA\">https:\/\/forms.gle\/SuZFdUkt4gndPeGbA<\/a><\/span><\/strong><\/p>\n<p><strong><span style=\"font-size: 12pt;\"><a href=\"https:\/\/us.edu.pl\/instytut\/ismuz\/wp-content\/uploads\/sites\/54\/Bez-kategorii\/Regulamin-X-Miedzynarodowego-Festiwalu-Muzyki-im.-prof.-Jozefa-Swidra.pdf\" class=\"mtli_attachment mtli_pdf\" data-mtli=\"mtli_filesize239,05kB\" class=\"mtli_attachment mtli_pdf\" data-mtli=\"mtli_filesize239,05kB\">Regulamin X Mi\u0119dzynarodowego Festiwalu Muzyki im. prof. J\u00f3zefa \u015awidra<\/a><\/span><\/strong><\/p>\n<style type=\"text\/css\">a[data-mtli~=\"mtli_filesize239,05kB\"]:after {content:\" (239,05 kB)\"}<\/style><\/div>\r\n                    <\/div>\r\n                <\/div>[vc_separator color=&#8221;black&#8221; style=&#8221;shadow&#8221; border_width=&#8221;7&#8243; el_width=&#8221;70&#8243;][\/vc_column][\/vc_row][vc_row][vc_column]\r\n                <div class=\"text-modules \">\r\n                    <div class=\"container\">\r\n                         \r\n                        <div class=\"row m-0\">\r\n                            <div class=\"text-modules__content\">\r\n                                <strong>J\u00d3ZEF \u015aWIDER<\/strong> (1930\u20132014)<\/p>\n<p>J\u00f3zef \u015awider urodzi\u0142 si\u0119 19 sierpnia 1930 roku w Czechowicach. Zmar\u0142 22 maja<\/p>\n<p>2014 roku w Katowicach. By\u0142 najstarszy z pi\u0119ciorga dzieci Jana i Heleny z domu Wieczorek. Zainteresowanie muzyk\u0105 wyni\u00f3s\u0142 z rodzinnego domu, gdzie podstaw gry na organach uczyli go dziadek Antoni Wieczorek i ojciec \u2013 ko\u015bcielni organi\u015bci. P\u00f3\u017aniej pog\u0142\u0119bia\u0142 wiedz\u0119 muzyczn\u0105 u J\u00f3zefa Borgie\u0142a, uznanego w Czechowicach autorytetu muzycznego. W 1947 roku J\u00f3zef \u015awider przeni\u00f3s\u0142 si\u0119 z pszczy\u0144skiej szko\u0142y \u015bredniej do przedostatniej klasy Liceum Muzycznego w Katowicach \u2013 klasy fortepianu prof. Stefanii Allin\u00f3wny.<\/p>\n<p>Dwa lata p\u00f3\u017aniej rozpocz\u0105\u0142 nauk\u0119 w Pa\u0144stwowej Wy\u017cszej Szkole Muzycznej (PWSM) w Katowicach, studiuj\u0105c jednocze\u015bnie na trzech kierunkach \u2013 teorii muzyki u prof. Adama Mitschy, fortepianu u prof. Stefanii Allin\u00f3wny i kompozycji u prof. Boles\u0142awa Woytowicza. W 1953 roku uzyska\u0142 dyplom z teorii muzyki, w 1954 z fortepianu, a w 1955 uko\u0144czy\u0142 studia z kompozycji, otrzymuj\u0105c dyplom z odznaczeniem.<\/p>\n<p>W latach 1956\u20131958 kontynuowa\u0142 nauk\u0119 z zakresu kompozycji na studiach aspiranckich u prof. Boles\u0142awa Woytowicza w Krakowie. W roku 1966 przebywa\u0142 na stypendium wAccademia Santa Cecilia w Rzymie, studiuj\u0105c u w\u0142oskiego kompozytora Goffredo Petrassiego. R\u00f3wnocze\u015bnie z tw\u00f3rczo\u015bci\u0105 kompozytorsk\u0105 rozpocz\u0105\u0142 prac\u0119 pedagogiczn\u0105. W latach 1953\u20131955 pracowa\u0142 w Liceum Muzycznym w Bielsku-Bia\u0142ej, w latach 1953\u20131961 w Liceum Muzycznym w Katowicach, a ju\u017c po uzyskaniu pierwszego dyplomu w 1952 roku rozpocz\u0105\u0142 prac\u0119 w katowickiej PWSM, gdzie pracowa\u0142 nieprzerwanie do 2006 roku.<\/p>\n<p>W katowickiej PWSM (Akademii Muzycznej) by\u0142 kolejno: adiunktem (1959), docentem (1967), profesorem nadzwyczajnym (1979), profesorem zwyczajnym (1988). W uczelni pe\u0142ni\u0142 te\u017c wiele funkcji: dziekana Wydzia\u0142u Kompozycji, Dyrygentury i Teorii Muzyki (1967\u20131972 i 1975\u20131991), kierownika Katedry Kompozycji i Teorii Muzyki (1990\u20131996), prorektora (1972\u20131975). Uczniami J\u00f3zefa \u015awidra byli, mi\u0119dzy innymi, Aleksander Laso\u0144, Andrzej Dziadek, Wies\u0142aw Ciencia\u0142a i Jaros\u0142aw Mamczarski. Ponadto pracowa\u0142 (od 1975) i kierowa\u0142 Instytutem Muzyki (wcze\u015bniej Instytutem Pedagogiki Muzycznej) w Filii Uniwersytetu \u015al\u0105skiego w Cieszynie (1985\u20132000).<\/p>\n<p>J\u00f3zef \u015awider by\u0142 r\u00f3wnie\u017c w latach 1971\u20131976 cz\u0142onkiem Komisji ds. Przewod\u00f3w Doktorskich w PWSM w Warszawie. Od czasu studi\u00f3w zwi\u0105zany by\u0142 z amatorskim i zawodowym ruchem \u015bpiewaczym. Wielokrotnie, jako juror, bra\u0142 udzia\u0142 w przegl\u0105dach i konkursach \u015bpiewaczych, a tak\u017ce og\u00f3lnopolskich konkursach wokalnych (m.in. w Og\u00f3lnopolskim Konkursie Wokalistyki Operowej im. Adama Didura w Bytomiu). Od 1984 do 2012 roku by\u0142 wyk\u0142adowc\u0105 na Podyplomowym Studium Ch\u00f3rmistrzowskim przy Akademii Muzycznej w Bydgoszczy, od 1994 roku pe\u0142ni\u0105c tam funkcj\u0119 kierownika Studium. By\u0142 czynnym i wieloletnim dzia\u0142aczem Oddzia\u0142u \u015al\u0105skiego Polskiego Zwi\u0105zku Ch\u00f3r\u00f3w i Orkiestr, pe\u0142ni\u0105c w latach 1968\u20131975 funkcj\u0119 dyrektora artystycznego. W latach<\/p>\n<p>1979\u20131981 oraz 1982\u20131987 by\u0142 prezesem katowickiego oddzia\u0142u Zwi\u0105zku Kompozytor\u00f3w Polskich, do kt\u00f3rego nale\u017ca\u0142 od 1958 roku.<\/p>\n<p>Dorobek kompozytorski J\u00f3zefa \u015awidra obejmuje ponad 200 utwor\u00f3w ch\u00f3ralnych, trzy opery (Magnus, Wit Stwosz, Bal ba\u015bni), wiele dzie\u0142 oratoryjno-kantatowych (m.in. Tryptyk Powsta\u0144czy, Legnickie Oratorium, Kantata Maryjna) oraz liczne utwory instrumentalne (m.in. Koncert fortepianowy, Koncert na sopran i orkiestr\u0119, Koncert na 4 instrumenty d\u0119te, perkusj\u0119 i smyczki, Ma\u0142a symfonia na orkiestr\u0119 d\u0119t\u0105, Suita na akordeon i orkiestr\u0119 smyczkow\u0105, Ewokacje na fortepian i orkiestr\u0119 smyczkow\u0105, Koncert na gitar\u0119 i kwartet smyczkowy).<\/p>\n<p>Dzie\u0142a kompozytora publikowa\u0142y wydawnictwa polskie i zagraniczne, m.in. Polskie Wydawnictwo Muzyczne, Carus-Verlag, Verlag Dohr, Edition Ferrimontana (Niemcy), Gentry Publications (USA), Molenaar Edition (Holandia). J\u00f3zef \u015awider by\u0142 te\u017c autorem kilku przek\u0142ad\u00f3w i rozpraw teoretycznych, mi\u0119dzy innymi o Arnoldzie Sch\u00f6nbergu, Albercie Schweitzerze, Christophie Willibaldzie Glucku i Olivierze Messiaenie.<\/p>\n<p>Za wybitne zas\u0142ugi J\u00f3zef \u015awider by\u0142 wielokrotnie odznaczany. Otrzyma\u0142 mi\u0119dzy innymi: Srebrny Krzy\u017c Zas\u0142ugi (1970), Z\u0142oty Krzy\u017c Zas\u0142ugi (1974), Krzy\u017c Kawalerski Orderu Odrodzenia Polski (1979), Krzy\u017c Oficerski Orderu Odrodzenia Polski (1994), Nagrod\u0119 Ministra Kultury i Sztuki II stopnia (1972) i I stopnia (1975), Nagrod\u0119 Prezesa Rady Ministr\u00f3w za tw\u00f3rczo\u015b\u0107 dla dzieci (1986), Nagrod\u0119 Ministra Edukacji I stopnia (1986), Nagrod\u0119 Wojew\u00f3dzk\u0105 za oper\u0119 Wit Stwosz (1975), Nagrod\u0119 Prezydenta Miasta Katowice (1994) i Nagrod\u0119 Prymasa Polski \u201eSrebrna Piszcza\u0142ka\u201d (2002).<\/p>\n<p>oprac. Magdalena \u015awider-\u015anioszek \r\n                                <div class=\"mt-3\"><\/div>\r\n                            <\/div>\r\n                            \r\n                            <div class=\"text-modules__img\"><img src=\"https:\/\/us.edu.pl\/instytut\/ismuz\/wp-content\/uploads\/sites\/54\/Bez-kategorii\/nowe1-1.jpg\" alt=\"img\"><\/div>\r\n                        <\/div>\r\n                    <\/div>\r\n                <\/div>[\/vc_column][\/vc_row]<\/p>\n<style type=\"text\/css\">a[data-mtli~=\"mtli_filesize239,05kB\"]:after {content:\" (239,05 kB)\"}a[data-mtli~=\"mtli_filesize195,68kB\"]:after {content:\" (195,68 kB)\"}<\/style>","protected":false},"excerpt":{"rendered":"<p>[vc_row][vc_column][vc_separator color=&#8221;black&#8221; style=&#8221;shadow&#8221; border_width=&#8221;7&#8243; el_width=&#8221;70&#8243;][\/vc_column][\/vc_row][vc_row][vc_column][vc_separator color=&#8221;black&#8221; style=&#8221;shadow&#8221; border_width=&#8221;7&#8243; el_width=&#8221;70&#8243;][\/vc_column][\/vc_row][vc_row][vc_column][vc_separator color=&#8221;black&#8221; style=&#8221;shadow&#8221; border_width=&#8221;7&#8243; el_width=&#8221;70&#8243;][\/vc_column][\/vc_row][vc_row][vc_column][\/vc_column][\/vc_row] [&#8230;]<\/p>\n<p><a class=\"btn btn-secondary understrap-read-more-link\" href=\"https:\/\/us.edu.pl\/instytut\/ismuz\/miedzynarodowy-festiwal-muzyki-im-prof-jozefa-swidra\/\">Read More&#8230;<\/a><\/p>\n","protected":false},"author":110,"featured_media":0,"parent":0,"menu_order":0,"comment_status":"closed","ping_status":"closed","template":"","meta":{"_expiration-date-status":"","_expiration-date":0,"_expiration-date-type":"","_expiration-date-categories":[],"_expiration-date-options":[]},"acf":[],"_links":{"self":[{"href":"https:\/\/us.edu.pl\/instytut\/ismuz\/wp-json\/wp\/v2\/pages\/5741"}],"collection":[{"href":"https:\/\/us.edu.pl\/instytut\/ismuz\/wp-json\/wp\/v2\/pages"}],"about":[{"href":"https:\/\/us.edu.pl\/instytut\/ismuz\/wp-json\/wp\/v2\/types\/page"}],"author":[{"embeddable":true,"href":"https:\/\/us.edu.pl\/instytut\/ismuz\/wp-json\/wp\/v2\/users\/110"}],"replies":[{"embeddable":true,"href":"https:\/\/us.edu.pl\/instytut\/ismuz\/wp-json\/wp\/v2\/comments?post=5741"}],"version-history":[{"count":10,"href":"https:\/\/us.edu.pl\/instytut\/ismuz\/wp-json\/wp\/v2\/pages\/5741\/revisions"}],"predecessor-version":[{"id":5769,"href":"https:\/\/us.edu.pl\/instytut\/ismuz\/wp-json\/wp\/v2\/pages\/5741\/revisions\/5769"}],"wp:attachment":[{"href":"https:\/\/us.edu.pl\/instytut\/ismuz\/wp-json\/wp\/v2\/media?parent=5741"}],"curies":[{"name":"wp","href":"https:\/\/api.w.org\/{rel}","templated":true}]}}

Międzynarodowy Festiwal Muzyki im. prof. Józefa Świdra

<p>[vc_row][vc_column][vc_separator color=&#8221;black&#8221; style=&#8221;shadow&#8221; border_width=&#8221;7&#8243; el_width=&#8221;70&#8243;][/vc_column][/vc_row][vc_row][vc_column]
                <div class="text-modules">
                    <div class="container">
                        
                        <div class="text-modules__content"></p>
<p style="text-align: center;"><strong><span style="font-size: 24pt;">XI MIĘDZYNARODOWY FESTIWAL MUZYKI IM. PROF. JÓZEFA ŚWIDRA</span></strong><br />
<strong><span style="font-size: 24pt;">CIESZYN 19 – 21 CZERWCA 2026 r.</span></strong></p>
<p>
</div>
                    </div>
                </div>[vc_separator color=&#8221;black&#8221; style=&#8221;shadow&#8221; border_width=&#8221;7&#8243; el_width=&#8221;70&#8243;][/vc_column][/vc_row][vc_row][vc_column]
                <div class="text-modules">
                    <div class="container">
                        
                        <div class="text-modules__content"><p><span style="font-size: 12pt;"><strong>CELE FESTIWALU</strong></span></p>
<ul>
<li><span style="font-size: 12pt;">kultywowanie tradycji śpiewaczych, rozwijanie zainteresowań muzyką chóralną</span></li>
<li><span style="font-size: 12pt;">promocja i upowszechnianie twórczości kompozytorskiej Józefa Świdra oraz kompozytorów związanych ze Śląskiem Cieszyńskim</span></li>
<li><span style="font-size: 12pt;">wymiana doświadczeń artystycznych, kulturowych i edukacyjnych</span></li>
<li><span style="font-size: 12pt;">popularyzacja literatury chóralnej różnych stylów i epok</span></li>
<li><span style="font-size: 12pt;">promocja współczesnej literatury chóralnej</span></li>
<li><span style="font-size: 12pt;">doskonalenie poziomu wykonawczego amatorskich zespołów chóralnych</span></li>
<li><span style="font-size: 12pt;">konfrontacja badań naukowych i artystycznych</span></li>
</ul>
<p><span style="font-size: 12pt;"><strong>W RAMACH FESTIWALU ODBYWAĆ SIĘ BĘDĄ:</strong></span></p>
<ol>
<li><span style="font-size: 12pt;">VI Ogólnopolska Konferencja Naukowa REPERTUAR POSZUKIWANY 19 czerwca 2026 r.</span></li>
<li><span style="font-size: 12pt;">Międzynarodowy Konkurs Chóralny im. prof. Józefa Świdra 19-21 czerwca 2026<br />
Konkurs odbędzie się w sali widowiskowej Cieszyńskiego Ośrodka Kultury „Dom Narodowy” 20 czerwca 2026 roku.<br />
Konkurs przeznaczony dla zespołów polskich i zagranicznych<br />
W przypadku dużej liczby zakwalifikowanych chórów konkurs w niektórych kategoriach może odbyć się 19 czerwca 2025 w sali widowiskowej Cieszyńskiego Ośrodka Kultury „Dom Narodowy”.</span></li>
<li><span style="font-size: 12pt;">Koncerty festiwalowe w miejscowościach Śląska w dniach 19- 21 czerwca 2026 r.</span></li>
<li><span style="font-size: 12pt;">Koncert Laureatów Festiwalu 20 czerwca 2026 r.</span></li>
</ol>
<p><strong><span style="font-size: 12pt;">Formularz zgłoszeniowy &#8211; <a href="https://forms.gle/SuZFdUkt4gndPeGbA">https://forms.gle/SuZFdUkt4gndPeGbA</a></span></strong></p>
<p><strong><span style="font-size: 12pt;"><a href="https://us.edu.pl/instytut/ismuz/wp-content/uploads/sites/54/Bez-kategorii/Regulamin-X-Miedzynarodowego-Festiwalu-Muzyki-im.-prof.-Jozefa-Swidra.pdf" class="mtli_attachment mtli_pdf" data-mtli="mtli_filesize239,05kB" class="mtli_attachment mtli_pdf" data-mtli="mtli_filesize239,05kB">Regulamin X Międzynarodowego Festiwalu Muzyki im. prof. Józefa Świdra</a></span></strong></p>
<style type="text/css">a[data-mtli~="mtli_filesize239,05kB"]:after {content:" (239,05 kB)"}</style></div>
                    </div>
                </div>[vc_separator color=&#8221;black&#8221; style=&#8221;shadow&#8221; border_width=&#8221;7&#8243; el_width=&#8221;70&#8243;][/vc_column][/vc_row][vc_row][vc_column]
                <div class="text-modules ">
                    <div class="container">
                         
                        <div class="row m-0">
                            <div class="text-modules__content">
                                <strong>JÓZEF ŚWIDER</strong> (1930–2014)</p>
<p>Józef Świder urodził się 19 sierpnia 1930 roku w Czechowicach. Zmarł 22 maja</p>
<p>2014 roku w Katowicach. Był najstarszy z pięciorga dzieci Jana i Heleny z domu Wieczorek. Zainteresowanie muzyką wyniósł z rodzinnego domu, gdzie podstaw gry na organach uczyli go dziadek Antoni Wieczorek i ojciec – kościelni organiści. Później pogłębiał wiedzę muzyczną u Józefa Borgieła, uznanego w Czechowicach autorytetu muzycznego. W 1947 roku Józef Świder przeniósł się z pszczyńskiej szkoły średniej do przedostatniej klasy Liceum Muzycznego w Katowicach – klasy fortepianu prof. Stefanii Allinówny.</p>
<p>Dwa lata później rozpoczął naukę w Państwowej Wyższej Szkole Muzycznej (PWSM) w Katowicach, studiując jednocześnie na trzech kierunkach – teorii muzyki u prof. Adama Mitschy, fortepianu u prof. Stefanii Allinówny i kompozycji u prof. Bolesława Woytowicza. W 1953 roku uzyskał dyplom z teorii muzyki, w 1954 z fortepianu, a w 1955 ukończył studia z kompozycji, otrzymując dyplom z odznaczeniem.</p>
<p>W latach 1956–1958 kontynuował naukę z zakresu kompozycji na studiach aspiranckich u prof. Bolesława Woytowicza w Krakowie. W roku 1966 przebywał na stypendium wAccademia Santa Cecilia w Rzymie, studiując u włoskiego kompozytora Goffredo Petrassiego. Równocześnie z twórczością kompozytorską rozpoczął pracę pedagogiczną. W latach 1953–1955 pracował w Liceum Muzycznym w Bielsku-Białej, w latach 1953–1961 w Liceum Muzycznym w Katowicach, a już po uzyskaniu pierwszego dyplomu w 1952 roku rozpoczął pracę w katowickiej PWSM, gdzie pracował nieprzerwanie do 2006 roku.</p>
<p>W katowickiej PWSM (Akademii Muzycznej) był kolejno: adiunktem (1959), docentem (1967), profesorem nadzwyczajnym (1979), profesorem zwyczajnym (1988). W uczelni pełnił też wiele funkcji: dziekana Wydziału Kompozycji, Dyrygentury i Teorii Muzyki (1967–1972 i 1975–1991), kierownika Katedry Kompozycji i Teorii Muzyki (1990–1996), prorektora (1972–1975). Uczniami Józefa Świdra byli, między innymi, Aleksander Lasoń, Andrzej Dziadek, Wiesław Cienciała i Jarosław Mamczarski. Ponadto pracował (od 1975) i kierował Instytutem Muzyki (wcześniej Instytutem Pedagogiki Muzycznej) w Filii Uniwersytetu Śląskiego w Cieszynie (1985–2000).</p>
<p>Józef Świder był również w latach 1971–1976 członkiem Komisji ds. Przewodów Doktorskich w PWSM w Warszawie. Od czasu studiów związany był z amatorskim i zawodowym ruchem śpiewaczym. Wielokrotnie, jako juror, brał udział w przeglądach i konkursach śpiewaczych, a także ogólnopolskich konkursach wokalnych (m.in. w Ogólnopolskim Konkursie Wokalistyki Operowej im. Adama Didura w Bytomiu). Od 1984 do 2012 roku był wykładowcą na Podyplomowym Studium Chórmistrzowskim przy Akademii Muzycznej w Bydgoszczy, od 1994 roku pełniąc tam funkcję kierownika Studium. Był czynnym i wieloletnim działaczem Oddziału Śląskiego Polskiego Związku Chórów i Orkiestr, pełniąc w latach 1968–1975 funkcję dyrektora artystycznego. W latach</p>
<p>1979–1981 oraz 1982–1987 był prezesem katowickiego oddziału Związku Kompozytorów Polskich, do którego należał od 1958 roku.</p>
<p>Dorobek kompozytorski Józefa Świdra obejmuje ponad 200 utworów chóralnych, trzy opery (Magnus, Wit Stwosz, Bal baśni), wiele dzieł oratoryjno-kantatowych (m.in. Tryptyk Powstańczy, Legnickie Oratorium, Kantata Maryjna) oraz liczne utwory instrumentalne (m.in. Koncert fortepianowy, Koncert na sopran i orkiestrę, Koncert na 4 instrumenty dęte, perkusję i smyczki, Mała symfonia na orkiestrę dętą, Suita na akordeon i orkiestrę smyczkową, Ewokacje na fortepian i orkiestrę smyczkową, Koncert na gitarę i kwartet smyczkowy).</p>
<p>Dzieła kompozytora publikowały wydawnictwa polskie i zagraniczne, m.in. Polskie Wydawnictwo Muzyczne, Carus-Verlag, Verlag Dohr, Edition Ferrimontana (Niemcy), Gentry Publications (USA), Molenaar Edition (Holandia). Józef Świder był też autorem kilku przekładów i rozpraw teoretycznych, między innymi o Arnoldzie Schönbergu, Albercie Schweitzerze, Christophie Willibaldzie Glucku i Olivierze Messiaenie.</p>
<p>Za wybitne zasługi Józef Świder był wielokrotnie odznaczany. Otrzymał między innymi: Srebrny Krzyż Zasługi (1970), Złoty Krzyż Zasługi (1974), Krzyż Kawalerski Orderu Odrodzenia Polski (1979), Krzyż Oficerski Orderu Odrodzenia Polski (1994), Nagrodę Ministra Kultury i Sztuki II stopnia (1972) i I stopnia (1975), Nagrodę Prezesa Rady Ministrów za twórczość dla dzieci (1986), Nagrodę Ministra Edukacji I stopnia (1986), Nagrodę Wojewódzką za operę Wit Stwosz (1975), Nagrodę Prezydenta Miasta Katowice (1994) i Nagrodę Prymasa Polski „Srebrna Piszczałka” (2002).</p>
<p>oprac. Magdalena Świder-Śnioszek 
                                <div class="mt-3"></div>
                            </div>
                            
                            <div class="text-modules__img"><img src="https://us.edu.pl/instytut/ismuz/wp-content/uploads/sites/54/Bez-kategorii/nowe1-1.jpg" alt="img"></div>
                        </div>
                    </div>
                </div>[/vc_column][/vc_row]</p>
<style type="text/css">a[data-mtli~="mtli_filesize239,05kB"]:after {content:" (239,05 kB)"}a[data-mtli~="mtli_filesize195,68kB"]:after {content:" (195,68 kB)"}</style>
