{"id":1024,"date":"2020-11-10T14:13:46","date_gmt":"2020-11-10T13:13:46","guid":{"rendered":"https:\/\/us.edu.pl\/instytut\/isp\/?page_id=1024"},"modified":"2021-11-03T14:19:04","modified_gmt":"2021-11-03T13:19:04","slug":"dr-hab-paulina-poczeta","status":"publish","type":"page","link":"https:\/\/us.edu.pl\/instytut\/isp\/wykladowcy\/dr-hab-paulina-poczeta\/","title":{"rendered":"dr hab. Paulina Pocz\u0119ta, prof. U\u015a"},"content":{"rendered":"<p>[vc_row][vc_column]\r\n                <div class=\"text-modules\">\r\n                    <div class=\"container\">\r\n                        <h3 class=\"page-title text__title\">dr hab. Paulina Pocz\u0119ta, prof. U\u015a<\/h3>\r\n                        <div class=\"text-modules__content\"><p>Urodzona w 1980 przez matk\u0119 Zofi\u0119 w Zawierciu, wychowana w du\u017cej mierze przez babci\u0119 Helen\u0119, kt\u00f3ra nauczy\u0142a j\u0105 szy\u0107. Pochodzi ze wsi Chruszczobr\u00f3d, gdzie stawia\u0142a pierwsze kroki, tak\u017ce te w tworzeniu, lepi\u0105c figury z okolicznej gliny. Enfant terrible tamtejszej Podstaw\u00f3wki i uczennica d\u0105browskiego Plastyka. Absolwentka Instytutu Sztuki w Cieszynie na kierunku Edukacja Plastyczna w Zakresie Sztuk Plastycznych (2005). Od 2007 wyk\u0142adowczyni na macierzystej uczelni, prowadzi zaj\u0119cia w Pracowni Rysunku i od 2017 autorsk\u0105 Pracowni\u0119 Dzia\u0142a\u0144 Unikatowych. Doktorat w dziedzinie sztuk plastycznych (dyscyplina sztuki pi\u0119kne) w 2013, habilitacja w 2020. Autorka ponad dwudziestu wystaw indywidualnych, uczestniczka licznych wystaw zbiorowych w kraju i za granic\u0105. Bielszczanka. Tworzy prace w obr\u0119bie szeroko poj\u0119tej tkaniny eksperymentalnej, obiektu i rysunku. Fascynatka recyklizacji w sztuce i kolekcjonerka dziwno\u015bci pracuj\u0105ca w oparciu o potoczne przedmioty znalezione i materia\u0142y codziennego u\u017cytku, fotografie analogowe oraz cyfrowe. Jej artystyczne ingerencje pojawiaj\u0105 si\u0119 tam, gdzie redefiniowane relacje pomi\u0119dzy natur\u0105 i kultur\u0105, tym co wrodzone, a tym co nabyte i wpojone. Jej tw\u00f3rcze poszukiwania zogniskowane s\u0105 na najbli\u017csze jej otoczenie, codzienne praktyki dzi\u0119ki kt\u00f3rym projektuje w\u0142asny sentyment odkrywaj\u0105c mikrosensy i bezsensy swojego otoczenia. \u015awiadomo\u015b\u0107 swojego miejsca w \u015bwiecie, w\u0142asnych czasem wyimaginowanych ogranicze\u0144 i narzucanych wzorc\u00f3w staje si\u0119 dla niej punktem wyj\u015bcia ka\u017cdej powstaj\u0105cej pracy. Cz\u0119sto pracuje cyklicznie rozbudowuj\u0105c i przetwarzaj\u0105c poszczeg\u00f3lne elementy ca\u0142o\u015bci danego projektu posi\u0142kuj\u0105c si\u0119 tak\u017ce technikami autokreacyjnymi. Blogerka.<\/p>\n<\/div>\r\n                    <\/div>\r\n                <\/div>[\/vc_column][\/vc_row][vc_row][vc_column]            \r\n                    <div class=\"container\">\r\n                        <div class=\"gallery gallery_2\" data-images-in-row=\"2\">\r\n                            \r\n                            <div class=\"row m-0\">\r\n                                <a data-fancybox-group=\"button\" title=\"Deathproof Makeup (frag.29)_2019\" data-fancybox=\"4109\" href=\"https:\/\/us.edu.pl\/instytut\/isp\/wp-content\/uploads\/sites\/46\/Nieprzypisane\/net_Deathproof-Makeup-frag.29_2019.jpg\" class=\"gallery__item thumbnail\"\r\n                                    style=\"background-image: url(https:\/\/us.edu.pl\/instytut\/isp\/wp-content\/uploads\/sites\/46\/Nieprzypisane\/net_Deathproof-Makeup-frag.29_2019.jpg)\"> <span class=\"d-none\">https:\/\/us.edu.pl\/instytut\/isp\/wp-content\/uploads\/sites\/46\/Nieprzypisane\/net_Deathproof-Makeup-frag.29_2019.jpg<\/span> <\/a><a data-fancybox-group=\"button\" title=\"Hate Love_2019\" data-fancybox=\"4109\" href=\"https:\/\/us.edu.pl\/instytut\/isp\/wp-content\/uploads\/sites\/46\/Nieprzypisane\/net_Hate-Love_2019.jpg\" class=\"gallery__item thumbnail\"\r\n                                    style=\"background-image: url(https:\/\/us.edu.pl\/instytut\/isp\/wp-content\/uploads\/sites\/46\/Nieprzypisane\/net_Hate-Love_2019.jpg)\"> <span class=\"d-none\">https:\/\/us.edu.pl\/instytut\/isp\/wp-content\/uploads\/sites\/46\/Nieprzypisane\/net_Hate-Love_2019.jpg<\/span> <\/a><a data-fancybox-group=\"button\" title=\"Kontrowersyjne_dekoracje_2018_2019\" data-fancybox=\"4109\" href=\"https:\/\/us.edu.pl\/instytut\/isp\/wp-content\/uploads\/sites\/46\/Nieprzypisane\/net_Kontrowersyjne_dekoracje_2018_2019.jpg\" class=\"gallery__item thumbnail\"\r\n                                    style=\"background-image: url(https:\/\/us.edu.pl\/instytut\/isp\/wp-content\/uploads\/sites\/46\/Nieprzypisane\/net_Kontrowersyjne_dekoracje_2018_2019.jpg)\"> <span class=\"d-none\">https:\/\/us.edu.pl\/instytut\/isp\/wp-content\/uploads\/sites\/46\/Nieprzypisane\/net_Kontrowersyjne_dekoracje_2018_2019.jpg<\/span> <\/a><a data-fancybox-group=\"button\" title=\"Korpus niepokoju_2020\" data-fancybox=\"4109\" href=\"https:\/\/us.edu.pl\/instytut\/isp\/wp-content\/uploads\/sites\/46\/Nieprzypisane\/net_Korpus-niepokoju_2020.jpg\" class=\"gallery__item thumbnail\"\r\n                                    style=\"background-image: url(https:\/\/us.edu.pl\/instytut\/isp\/wp-content\/uploads\/sites\/46\/Nieprzypisane\/net_Korpus-niepokoju_2020.jpg)\"> <span class=\"d-none\">https:\/\/us.edu.pl\/instytut\/isp\/wp-content\/uploads\/sites\/46\/Nieprzypisane\/net_Korpus-niepokoju_2020.jpg<\/span> <\/a><a data-fancybox-group=\"button\" title=\"portret\" data-fancybox=\"4109\" href=\"https:\/\/us.edu.pl\/instytut\/isp\/wp-content\/uploads\/sites\/46\/Nieprzypisane\/net_portret.jpg\" class=\"gallery__item thumbnail\"\r\n                                    style=\"background-image: url(https:\/\/us.edu.pl\/instytut\/isp\/wp-content\/uploads\/sites\/46\/Nieprzypisane\/net_portret.jpg)\"> <span class=\"d-none\">https:\/\/us.edu.pl\/instytut\/isp\/wp-content\/uploads\/sites\/46\/Nieprzypisane\/net_portret.jpg<\/span> <\/a><a data-fancybox-group=\"button\" title=\"Ragdoll1_2019\" data-fancybox=\"4109\" href=\"https:\/\/us.edu.pl\/instytut\/isp\/wp-content\/uploads\/sites\/46\/Nieprzypisane\/net_Ragdoll1_2019.jpg\" class=\"gallery__item thumbnail\"\r\n                                    style=\"background-image: url(https:\/\/us.edu.pl\/instytut\/isp\/wp-content\/uploads\/sites\/46\/Nieprzypisane\/net_Ragdoll1_2019.jpg)\"> <span class=\"d-none\">https:\/\/us.edu.pl\/instytut\/isp\/wp-content\/uploads\/sites\/46\/Nieprzypisane\/net_Ragdoll1_2019.jpg<\/span> <\/a><a data-fancybox-group=\"button\" title=\"Ty szmato_2020\" data-fancybox=\"4109\" href=\"https:\/\/us.edu.pl\/instytut\/isp\/wp-content\/uploads\/sites\/46\/Nieprzypisane\/net_Ty-szmato_2020.jpg\" class=\"gallery__item thumbnail\"\r\n                                    style=\"background-image: url(https:\/\/us.edu.pl\/instytut\/isp\/wp-content\/uploads\/sites\/46\/Nieprzypisane\/net_Ty-szmato_2020.jpg)\"> <span class=\"d-none\">https:\/\/us.edu.pl\/instytut\/isp\/wp-content\/uploads\/sites\/46\/Nieprzypisane\/net_Ty-szmato_2020.jpg<\/span> <\/a>\r\n                            <\/div>\r\n                    <\/div>\r\n                <\/div>[\/vc_column][\/vc_row]<\/p>","protected":false},"excerpt":{"rendered":"<p>[vc_row][vc_column][\/vc_column][\/vc_row][vc_row][vc_column][\/vc_column][\/vc_row] [&#8230;]<\/p>\n<p><a class=\"btn btn-secondary understrap-read-more-link\" href=\"https:\/\/us.edu.pl\/instytut\/isp\/wykladowcy\/dr-hab-paulina-poczeta\/\">Read More&#8230;<\/a><\/p>\n","protected":false},"author":110,"featured_media":0,"parent":995,"menu_order":0,"comment_status":"closed","ping_status":"closed","template":"","meta":{"_expiration-date-status":"saved","_expiration-date":0,"_expiration-date-type":"","_expiration-date-categories":[],"_expiration-date-options":[]},"acf":[],"_links":{"self":[{"href":"https:\/\/us.edu.pl\/instytut\/isp\/wp-json\/wp\/v2\/pages\/1024"}],"collection":[{"href":"https:\/\/us.edu.pl\/instytut\/isp\/wp-json\/wp\/v2\/pages"}],"about":[{"href":"https:\/\/us.edu.pl\/instytut\/isp\/wp-json\/wp\/v2\/types\/page"}],"author":[{"embeddable":true,"href":"https:\/\/us.edu.pl\/instytut\/isp\/wp-json\/wp\/v2\/users\/110"}],"replies":[{"embeddable":true,"href":"https:\/\/us.edu.pl\/instytut\/isp\/wp-json\/wp\/v2\/comments?post=1024"}],"version-history":[{"count":3,"href":"https:\/\/us.edu.pl\/instytut\/isp\/wp-json\/wp\/v2\/pages\/1024\/revisions"}],"predecessor-version":[{"id":2224,"href":"https:\/\/us.edu.pl\/instytut\/isp\/wp-json\/wp\/v2\/pages\/1024\/revisions\/2224"}],"up":[{"embeddable":true,"href":"https:\/\/us.edu.pl\/instytut\/isp\/wp-json\/wp\/v2\/pages\/995"}],"wp:attachment":[{"href":"https:\/\/us.edu.pl\/instytut\/isp\/wp-json\/wp\/v2\/media?parent=1024"}],"curies":[{"name":"wp","href":"https:\/\/api.w.org\/{rel}","templated":true}]}}

dr hab. Paulina Poczęta, prof. UŚ

<p>[vc_row][vc_column]
                <div class="text-modules">
                    <div class="container">
                        <h3 class="page-title text__title">dr hab. Paulina Poczęta, prof. UŚ</h3>
                        <div class="text-modules__content"><p>Urodzona w 1980 przez matkę Zofię w Zawierciu, wychowana w dużej mierze przez babcię Helenę, która nauczyła ją szyć. Pochodzi ze wsi Chruszczobród, gdzie stawiała pierwsze kroki, także te w tworzeniu, lepiąc figury z okolicznej gliny. Enfant terrible tamtejszej Podstawówki i uczennica dąbrowskiego Plastyka. Absolwentka Instytutu Sztuki w Cieszynie na kierunku Edukacja Plastyczna w Zakresie Sztuk Plastycznych (2005). Od 2007 wykładowczyni na macierzystej uczelni, prowadzi zajęcia w Pracowni Rysunku i od 2017 autorską Pracownię Działań Unikatowych. Doktorat w dziedzinie sztuk plastycznych (dyscyplina sztuki piękne) w 2013, habilitacja w 2020. Autorka ponad dwudziestu wystaw indywidualnych, uczestniczka licznych wystaw zbiorowych w kraju i za granicą. Bielszczanka. Tworzy prace w obrębie szeroko pojętej tkaniny eksperymentalnej, obiektu i rysunku. Fascynatka recyklizacji w sztuce i kolekcjonerka dziwności pracująca w oparciu o potoczne przedmioty znalezione i materiały codziennego użytku, fotografie analogowe oraz cyfrowe. Jej artystyczne ingerencje pojawiają się tam, gdzie redefiniowane relacje pomiędzy naturą i kulturą, tym co wrodzone, a tym co nabyte i wpojone. Jej twórcze poszukiwania zogniskowane są na najbliższe jej otoczenie, codzienne praktyki dzięki którym projektuje własny sentyment odkrywając mikrosensy i bezsensy swojego otoczenia. Świadomość swojego miejsca w świecie, własnych czasem wyimaginowanych ograniczeń i narzucanych wzorców staje się dla niej punktem wyjścia każdej powstającej pracy. Często pracuje cyklicznie rozbudowując i przetwarzając poszczególne elementy całości danego projektu posiłkując się także technikami autokreacyjnymi. Blogerka.</p>
</div>
                    </div>
                </div>[/vc_column][/vc_row][vc_row][vc_column]            
                    <div class="container">
                        <div class="gallery gallery_2" data-images-in-row="2">
                            
                            <div class="row m-0">
                                <a data-fancybox-group="button" title="Deathproof Makeup (frag.29)_2019" data-fancybox="4109" href="https://us.edu.pl/instytut/isp/wp-content/uploads/sites/46/Nieprzypisane/net_Deathproof-Makeup-frag.29_2019.jpg" class="gallery__item thumbnail"
                                    style="background-image: url(https://us.edu.pl/instytut/isp/wp-content/uploads/sites/46/Nieprzypisane/net_Deathproof-Makeup-frag.29_2019.jpg)"> <span class="d-none">https://us.edu.pl/instytut/isp/wp-content/uploads/sites/46/Nieprzypisane/net_Deathproof-Makeup-frag.29_2019.jpg</span> </a><a data-fancybox-group="button" title="Hate Love_2019" data-fancybox="4109" href="https://us.edu.pl/instytut/isp/wp-content/uploads/sites/46/Nieprzypisane/net_Hate-Love_2019.jpg" class="gallery__item thumbnail"
                                    style="background-image: url(https://us.edu.pl/instytut/isp/wp-content/uploads/sites/46/Nieprzypisane/net_Hate-Love_2019.jpg)"> <span class="d-none">https://us.edu.pl/instytut/isp/wp-content/uploads/sites/46/Nieprzypisane/net_Hate-Love_2019.jpg</span> </a><a data-fancybox-group="button" title="Kontrowersyjne_dekoracje_2018_2019" data-fancybox="4109" href="https://us.edu.pl/instytut/isp/wp-content/uploads/sites/46/Nieprzypisane/net_Kontrowersyjne_dekoracje_2018_2019.jpg" class="gallery__item thumbnail"
                                    style="background-image: url(https://us.edu.pl/instytut/isp/wp-content/uploads/sites/46/Nieprzypisane/net_Kontrowersyjne_dekoracje_2018_2019.jpg)"> <span class="d-none">https://us.edu.pl/instytut/isp/wp-content/uploads/sites/46/Nieprzypisane/net_Kontrowersyjne_dekoracje_2018_2019.jpg</span> </a><a data-fancybox-group="button" title="Korpus niepokoju_2020" data-fancybox="4109" href="https://us.edu.pl/instytut/isp/wp-content/uploads/sites/46/Nieprzypisane/net_Korpus-niepokoju_2020.jpg" class="gallery__item thumbnail"
                                    style="background-image: url(https://us.edu.pl/instytut/isp/wp-content/uploads/sites/46/Nieprzypisane/net_Korpus-niepokoju_2020.jpg)"> <span class="d-none">https://us.edu.pl/instytut/isp/wp-content/uploads/sites/46/Nieprzypisane/net_Korpus-niepokoju_2020.jpg</span> </a><a data-fancybox-group="button" title="portret" data-fancybox="4109" href="https://us.edu.pl/instytut/isp/wp-content/uploads/sites/46/Nieprzypisane/net_portret.jpg" class="gallery__item thumbnail"
                                    style="background-image: url(https://us.edu.pl/instytut/isp/wp-content/uploads/sites/46/Nieprzypisane/net_portret.jpg)"> <span class="d-none">https://us.edu.pl/instytut/isp/wp-content/uploads/sites/46/Nieprzypisane/net_portret.jpg</span> </a><a data-fancybox-group="button" title="Ragdoll1_2019" data-fancybox="4109" href="https://us.edu.pl/instytut/isp/wp-content/uploads/sites/46/Nieprzypisane/net_Ragdoll1_2019.jpg" class="gallery__item thumbnail"
                                    style="background-image: url(https://us.edu.pl/instytut/isp/wp-content/uploads/sites/46/Nieprzypisane/net_Ragdoll1_2019.jpg)"> <span class="d-none">https://us.edu.pl/instytut/isp/wp-content/uploads/sites/46/Nieprzypisane/net_Ragdoll1_2019.jpg</span> </a><a data-fancybox-group="button" title="Ty szmato_2020" data-fancybox="4109" href="https://us.edu.pl/instytut/isp/wp-content/uploads/sites/46/Nieprzypisane/net_Ty-szmato_2020.jpg" class="gallery__item thumbnail"
                                    style="background-image: url(https://us.edu.pl/instytut/isp/wp-content/uploads/sites/46/Nieprzypisane/net_Ty-szmato_2020.jpg)"> <span class="d-none">https://us.edu.pl/instytut/isp/wp-content/uploads/sites/46/Nieprzypisane/net_Ty-szmato_2020.jpg</span> </a>
                            </div>
                    </div>
                </div>[/vc_column][/vc_row]</p>
