{"id":1038,"date":"2020-11-10T14:23:05","date_gmt":"2020-11-10T13:23:05","guid":{"rendered":"https:\/\/us.edu.pl\/instytut\/isp\/?page_id=1038"},"modified":"2020-11-18T14:23:04","modified_gmt":"2020-11-18T13:23:04","slug":"prof-dr-hab-roman-maciuszkiewicz","status":"publish","type":"page","link":"https:\/\/us.edu.pl\/instytut\/isp\/wykladowcy\/prof-dr-hab-roman-maciuszkiewicz\/","title":{"rendered":"Prof. dr hab. Roman Maciuszkiewicz"},"content":{"rendered":"<p>[vc_row][vc_column]\r\n                <div class=\"text-modules\">\r\n                    <div class=\"container\">\r\n                        <h3 class=\"page-title text__title\">Prof. dr hab. Roman Maciuszkiewicz<\/h3>\r\n                        <div class=\"text-modules__content\"><p>Uko\u0144czy\u0142 Akademi\u0119 Sztuk Pi\u0119knych w Krakowie, Wydzia\u0142 Grafiki w Katowicach (1980). Zorganizowa\u0142 45 wystaw indywidualnych, bra\u0142 udzia\u0142 w ponad 100 pokazach zbiorowych, na kt\u00f3rych otrzyma\u0142 kilkana\u015bcie nagr\u00f3d i wyr\u00f3\u017cnie\u0144. Zajmuje si\u0119 g\u0142\u00f3wnie malarstwem, od pewnego czasu, realizuj\u0105c prezentacje indywidualne, konstruuje je tematycznie zamykaj\u0105c prace w cykle. Wa\u017cniejsze z nich to: \u201eMetropolis\u201d, \u201eFabryka sn\u00f3w\u201d, \u201eMiasto r\u00f3\u017cne\u201d, \u201eTam&#8230;\u201d, \u201ePrzysta\u0144\u201d , \u201e\u015awiat bez nas\u201d. W latach 90. kr\u00f3tko zajmowa\u0142 si\u0119 performance i obiektami sztuki wsp\u00f3\u0142pracuj\u0105c z grup\u0105 \u201e 4\u201d (M. Kamie\u0144ski, R. Kalarus, L. Jaszczuk). Obok praktyki artystycznej i dydaktycznej w kr\u0119gu jego zainteresowa\u0144 jest teoria sztuki. W latach 1993\u20132001 wsp\u00f3\u0142redagowa\u0142 pismo kulturalne \u201eOpcje\u201d publikuj\u0105c zar\u00f3wno w nim, jak i w kilku innych periodykach o zasi\u0119gu og\u00f3lnopolskim (\u201eExit \u2013 Nowa Sztuka w Polsce\u201d) i regionalnym (\u201e\u015al\u0105sk\u201d) liczne teksty o sztuce, dotycz\u0105ce jej historii i wsp\u00f3\u0142czesno\u015bci. W 2010 opublikowa\u0142 w Wydawnictwie Uniwersyteckim U\u015a zbi\u00f3r esej\u00f3w zatytu\u0142owany \u201eObrazy. Intuicje. Imaginacje\u201d. W dorobku artystycznym ma tak\u017ce opowiadania i poezje publikowane w og\u00f3lnopolskich pismach literackich oraz s\u0142uchowiska radiowe. Jedno z nich pt.: \u201eSze\u015b\u0107 dni tygodnia\u201d zakwalifikowano do fina\u0142u II Krajowego Festiwalu Teatru Polskiego Radia i TV (Sopot, 2002). W 2006 zrealizowa\u0142 scenografi\u0119 do \u201eMakbeta\u201d W. Shakespeare&#8217;a dla Teatru im. St. Wyspia\u0144skiego w Katowicach, za kt\u00f3r\u0105 otrzyma\u0142 doroczn\u0105 nagrod\u0119 \u201eZ\u0142ota Maska\u201d (wsp\u00f3lnie z re\u017cyserem Henrykiem Baranowskim). W latach 2002\u20132009 pracownik ASP w Katowicach. W Instytucie Sztuk Plastycznych na Wydziale Sztuki i Nauk o Edukacji Uniwersytetu \u015al\u0105skiego pracuje od 2002, od 2015 na stanowisku Profesora.<\/p>\n<\/div>\r\n                    <\/div>\r\n                <\/div>[\/vc_column][\/vc_row][vc_row][vc_column]            \r\n                    <div class=\"container\">\r\n                        <div class=\"gallery gallery_2\" data-images-in-row=\"2\">\r\n                            \r\n                            <div class=\"row m-0\">\r\n                                <a data-fancybox-group=\"button\" title=\"S\u0301wiat bez nas (13), ol. pl. 2020 r\" data-fancybox=\"1536\" href=\"https:\/\/us.edu.pl\/instytut\/isp\/wp-content\/uploads\/sites\/46\/Nieprzypisane\/net-S\u0301wiat-bez-nas-13-ol.-pl.-2020-r.jpg\" class=\"gallery__item thumbnail\"\r\n                                    style=\"background-image: url(https:\/\/us.edu.pl\/instytut\/isp\/wp-content\/uploads\/sites\/46\/Nieprzypisane\/net-S\u0301wiat-bez-nas-13-ol.-pl.-2020-r-928x1024.jpg)\"> <span class=\"d-none\">https:\/\/us.edu.pl\/instytut\/isp\/wp-content\/uploads\/sites\/46\/Nieprzypisane\/net-S\u0301wiat-bez-nas-13-ol.-pl.-2020-r.jpg<\/span> <\/a><a data-fancybox-group=\"button\" title=\"S\u0301wiat bez nas (14), ol. pl. 2020 r\" data-fancybox=\"1536\" href=\"https:\/\/us.edu.pl\/instytut\/isp\/wp-content\/uploads\/sites\/46\/Nieprzypisane\/net-S\u0301wiat-bez-nas-14-ol.-pl.-2020-r.jpg\" class=\"gallery__item thumbnail\"\r\n                                    style=\"background-image: url(https:\/\/us.edu.pl\/instytut\/isp\/wp-content\/uploads\/sites\/46\/Nieprzypisane\/net-S\u0301wiat-bez-nas-14-ol.-pl.-2020-r-918x1024.jpg)\"> <span class=\"d-none\">https:\/\/us.edu.pl\/instytut\/isp\/wp-content\/uploads\/sites\/46\/Nieprzypisane\/net-S\u0301wiat-bez-nas-14-ol.-pl.-2020-r.jpg<\/span> <\/a><a data-fancybox-group=\"button\" title=\"S\u0301wiat bez nas (16), ol., pl 2020\" data-fancybox=\"1536\" href=\"https:\/\/us.edu.pl\/instytut\/isp\/wp-content\/uploads\/sites\/46\/Nieprzypisane\/net-S\u0301wiat-bez-nas-16-ol.-pl-2020.jpg\" class=\"gallery__item thumbnail\"\r\n                                    style=\"background-image: url(https:\/\/us.edu.pl\/instytut\/isp\/wp-content\/uploads\/sites\/46\/Nieprzypisane\/net-S\u0301wiat-bez-nas-16-ol.-pl-2020.jpg)\"> <span class=\"d-none\">https:\/\/us.edu.pl\/instytut\/isp\/wp-content\/uploads\/sites\/46\/Nieprzypisane\/net-S\u0301wiat-bez-nas-16-ol.-pl-2020.jpg<\/span> <\/a><a data-fancybox-group=\"button\" title=\"S\u0301wiat bez nas, ol,pl. 2019\" data-fancybox=\"1536\" href=\"https:\/\/us.edu.pl\/instytut\/isp\/wp-content\/uploads\/sites\/46\/Nieprzypisane\/net-S\u0301wiat-bez-nas-olpl.-2019.jpg\" class=\"gallery__item thumbnail\"\r\n                                    style=\"background-image: url(https:\/\/us.edu.pl\/instytut\/isp\/wp-content\/uploads\/sites\/46\/Nieprzypisane\/net-S\u0301wiat-bez-nas-olpl.-2019.jpg)\"> <span class=\"d-none\">https:\/\/us.edu.pl\/instytut\/isp\/wp-content\/uploads\/sites\/46\/Nieprzypisane\/net-S\u0301wiat-bez-nas-olpl.-2019.jpg<\/span> <\/a><a data-fancybox-group=\"button\" title=\"Tryptyk s\u0301la\u0328ski. (Miejsce III), ol. p\u0142. 2019\" data-fancybox=\"1536\" href=\"https:\/\/us.edu.pl\/instytut\/isp\/wp-content\/uploads\/sites\/46\/Nieprzypisane\/net-Tryptyk-s\u0301la\u0328ski.-Miejsce-III-ol.-p\u0142.-2019.jpg\" class=\"gallery__item thumbnail\"\r\n                                    style=\"background-image: url(https:\/\/us.edu.pl\/instytut\/isp\/wp-content\/uploads\/sites\/46\/Nieprzypisane\/net-Tryptyk-s\u0301la\u0328ski.-Miejsce-III-ol.-p\u0142.-2019-843x1024.jpg)\"> <span class=\"d-none\">https:\/\/us.edu.pl\/instytut\/isp\/wp-content\/uploads\/sites\/46\/Nieprzypisane\/net-Tryptyk-s\u0301la\u0328ski.-Miejsce-III-ol.-p\u0142.-2019.jpg<\/span> <\/a>\r\n                            <\/div>\r\n                    <\/div>\r\n                <\/div>[\/vc_column][\/vc_row]<\/p>","protected":false},"excerpt":{"rendered":"<p>[vc_row][vc_column][\/vc_column][\/vc_row][vc_row][vc_column][\/vc_column][\/vc_row] [&#8230;]<\/p>\n<p><a class=\"btn btn-secondary understrap-read-more-link\" href=\"https:\/\/us.edu.pl\/instytut\/isp\/wykladowcy\/prof-dr-hab-roman-maciuszkiewicz\/\">Read More&#8230;<\/a><\/p>\n","protected":false},"author":110,"featured_media":0,"parent":995,"menu_order":0,"comment_status":"closed","ping_status":"closed","template":"","meta":{"_expiration-date-status":"saved","_expiration-date":0,"_expiration-date-type":"","_expiration-date-categories":[],"_expiration-date-options":[]},"acf":[],"_links":{"self":[{"href":"https:\/\/us.edu.pl\/instytut\/isp\/wp-json\/wp\/v2\/pages\/1038"}],"collection":[{"href":"https:\/\/us.edu.pl\/instytut\/isp\/wp-json\/wp\/v2\/pages"}],"about":[{"href":"https:\/\/us.edu.pl\/instytut\/isp\/wp-json\/wp\/v2\/types\/page"}],"author":[{"embeddable":true,"href":"https:\/\/us.edu.pl\/instytut\/isp\/wp-json\/wp\/v2\/users\/110"}],"replies":[{"embeddable":true,"href":"https:\/\/us.edu.pl\/instytut\/isp\/wp-json\/wp\/v2\/comments?post=1038"}],"version-history":[{"count":2,"href":"https:\/\/us.edu.pl\/instytut\/isp\/wp-json\/wp\/v2\/pages\/1038\/revisions"}],"predecessor-version":[{"id":1230,"href":"https:\/\/us.edu.pl\/instytut\/isp\/wp-json\/wp\/v2\/pages\/1038\/revisions\/1230"}],"up":[{"embeddable":true,"href":"https:\/\/us.edu.pl\/instytut\/isp\/wp-json\/wp\/v2\/pages\/995"}],"wp:attachment":[{"href":"https:\/\/us.edu.pl\/instytut\/isp\/wp-json\/wp\/v2\/media?parent=1038"}],"curies":[{"name":"wp","href":"https:\/\/api.w.org\/{rel}","templated":true}]}}