{"id":1054,"date":"2020-11-10T14:33:23","date_gmt":"2020-11-10T13:33:23","guid":{"rendered":"https:\/\/us.edu.pl\/instytut\/isp\/?page_id=1054"},"modified":"2021-03-01T14:08:08","modified_gmt":"2021-03-01T13:08:08","slug":"prof-us-dr-hab-sebastian-kubica","status":"publish","type":"page","link":"https:\/\/us.edu.pl\/instytut\/isp\/wykladowcy\/prof-us-dr-hab-sebastian-kubica\/","title":{"rendered":"dr hab. Sebastian Kubica, prof. U\u015a"},"content":{"rendered":"<p>[vc_row][vc_column]\r\n                <div class=\"text-modules\">\r\n                    <div class=\"container\">\r\n                        <h3 class=\"page-title text__title\">dr hab. Sebastian Kubica, prof. U\u015a<\/h3>\r\n                        <div class=\"text-modules__content\"><p>Urodzony w \u017bywcu w 1975 roku, absolwent PLSP w Bielsku Bia\u0142ej i ASP w Katowicach.<\/p>\n<p>&nbsp;<\/p>\n<p><strong>Mieczys\u0142aw Wasilewski, profesor Akademii Sztuk Pi\u0119knych w Warszawie m\u00f3wi o Sebastianie Kubicy tak:<\/strong><\/p>\n<p>\u201eSebastian Kubica jest artyst\u0105 o wyra\u017anie ukszta\u0142towanej osobowo\u015bci. Styl jego prac w dziedzinie plakatu i grafiki artystycznej jest doskonale rozpoznawalny i stanowi jedno z najbardziej oryginalnych zjawisk w ci\u0105gu ostatnich lat nie tylko na terenie Polski. Potwierdzaj\u0105 to mi\u0119dzy innymi nagrody w dyscyplinach grafiki artystycznej oraz wiele innych sukces\u00f3w plakatowych.<\/p>\n<p>Klimat i charakter jego tw\u00f3rczo\u015bci jest na pierwszy rzut \u201eoka\u201d prymitywny ze wzgl\u0119du na prostot\u0119 i \u201eub\u00f3stwo\u201d u\u017cytych \u015brodk\u00f3w. W rzeczywisto\u015bci to bardzo wyrafinowany warsztat operuj\u0105cy precyzyjnie skr\u00f3towym obrazowaniem po\u0142\u0105czonym organicznie z elementami typografii (\u2026). Kubica nawi\u0105zuje w swojej tw\u00f3rczo\u015bci do najlepszych tradycji &#8211; do dawnych mistrz\u00f3w \u201ePolskiej Szko\u0142y Plakatu\u201d do Lenicy, Tomaszewskiego, M\u0142odo\u017ce\u0144ca\u201d.<\/p>\n<p><strong><a href=\"http:\/\/sebastiankubica.pl\/\">http:\/\/sebastiankubica.pl\/\u00a0<\/a><\/strong><\/p>\n<p><strong><a href=\"http:\/\/www.instagram.com\/plakat_kubica\/\">www.instagram.com\/plakat_kubica\/<\/a><\/strong><\/p>\n<\/div>\r\n                    <\/div>\r\n                <\/div>[\/vc_column][\/vc_row]<\/p>","protected":false},"excerpt":{"rendered":"<p>[vc_row][vc_column][\/vc_column][\/vc_row] [&#8230;]<\/p>\n<p><a class=\"btn btn-secondary understrap-read-more-link\" href=\"https:\/\/us.edu.pl\/instytut\/isp\/wykladowcy\/prof-us-dr-hab-sebastian-kubica\/\">Read More&#8230;<\/a><\/p>\n","protected":false},"author":110,"featured_media":0,"parent":995,"menu_order":0,"comment_status":"closed","ping_status":"closed","template":"","meta":{"_expiration-date-status":"saved","_expiration-date":0,"_expiration-date-type":"","_expiration-date-categories":[],"_expiration-date-options":[]},"acf":[],"_links":{"self":[{"href":"https:\/\/us.edu.pl\/instytut\/isp\/wp-json\/wp\/v2\/pages\/1054"}],"collection":[{"href":"https:\/\/us.edu.pl\/instytut\/isp\/wp-json\/wp\/v2\/pages"}],"about":[{"href":"https:\/\/us.edu.pl\/instytut\/isp\/wp-json\/wp\/v2\/types\/page"}],"author":[{"embeddable":true,"href":"https:\/\/us.edu.pl\/instytut\/isp\/wp-json\/wp\/v2\/users\/110"}],"replies":[{"embeddable":true,"href":"https:\/\/us.edu.pl\/instytut\/isp\/wp-json\/wp\/v2\/comments?post=1054"}],"version-history":[{"count":6,"href":"https:\/\/us.edu.pl\/instytut\/isp\/wp-json\/wp\/v2\/pages\/1054\/revisions"}],"predecessor-version":[{"id":1723,"href":"https:\/\/us.edu.pl\/instytut\/isp\/wp-json\/wp\/v2\/pages\/1054\/revisions\/1723"}],"up":[{"embeddable":true,"href":"https:\/\/us.edu.pl\/instytut\/isp\/wp-json\/wp\/v2\/pages\/995"}],"wp:attachment":[{"href":"https:\/\/us.edu.pl\/instytut\/isp\/wp-json\/wp\/v2\/media?parent=1054"}],"curies":[{"name":"wp","href":"https:\/\/api.w.org\/{rel}","templated":true}]}}