{"id":1269,"date":"2020-11-19T11:07:37","date_gmt":"2020-11-19T10:07:37","guid":{"rendered":"https:\/\/us.edu.pl\/instytut\/isp\/?page_id=1269"},"modified":"2022-10-25T09:55:57","modified_gmt":"2022-10-25T07:55:57","slug":"dr-agnieszka-jaworska","status":"publish","type":"page","link":"https:\/\/us.edu.pl\/instytut\/isp\/wykladowcy\/dr-agnieszka-jaworska\/","title":{"rendered":"dr Agnieszka Jaworska"},"content":{"rendered":"<p>[vc_row][vc_column]\r\n                <div class=\"text-modules\">\r\n                    <div class=\"container\">\r\n                        <h3 class=\"page-title text__title\">dr Agnieszka Jaworska<\/h3>\r\n                        <div class=\"text-modules__content\"><p>Urodzona w 1979 r. w Bielsku \u2013 Bia\u0142ej. W latach 1994-1999 by\u0142a uczennic\u0105 Pa\u0144stwowego Liceum Sztuk Plastycznych w Bielsku &#8211; Bia\u0142ej, kt\u00f3re uko\u0144czy\u0142a z wyr\u00f3\u017cnieniem na specjalizacji Tkactwo Artystyczne. W 2004 r. uko\u0144czy\u0142a Edukacj\u0119 Artystyczn\u0105 na Wydziale Artystycznym Uniwersytetu \u015al\u0105skiego w Katowicach. Dyplom artystyczny z wyr\u00f3\u017cnieniem, z grafiki warsztatowej uzyska\u0142a w pracowni prof.zw. Andrzeja Pietscha wraz z aneksem z fotografii w pracowni prof.zw. Witolda Jacykowa. Od 2004 r. pracuje na macierzystej uczelni, od 2012 roku na stanowisku adiunkta prowadz\u0105c zaj\u0119cia z fotografii. W 2011 r. zrealizowa\u0142a przew\u00f3d doktorski z fotografii na Wydziale Operatorskim i Realizacji Telewizyjnej PWSFTviT w \u0141odzi. Autorka kilkunastu wystaw indywidualnych, bra\u0142a udzia\u0142 w ponad 40 wystawach zbiorowych w kraju i za granic\u0105. Zajmuje si\u0119 fotografi\u0105 kreacyjn\u0105, portretem i fotoreporta\u017cem. W roku akademickim 2019\/20 by\u0142a dyrektorem kierunk\u00f3w studi\u00f3w w Instytucie Sztuk Plastycznych. Obecnie pe\u0142ni funkcj\u0119 prodziekana ds. rozwoju na Wydziale Sztuki i Nauk o Edukacji.<\/p>\n<\/div>\r\n                    <\/div>\r\n                <\/div>[\/vc_column][\/vc_row][vc_row][vc_column]            \r\n                    <div class=\"container\">\r\n                        <div class=\"gallery gallery_2\" data-images-in-row=\"2\">\r\n                            \r\n                            <div class=\"row m-0\">\r\n                                <a data-fancybox-group=\"button\" title=\"50\u2070N 20\u2070E_Multiversum\" data-fancybox=\"56\" href=\"https:\/\/us.edu.pl\/instytut\/isp\/wp-content\/uploads\/sites\/46\/Bez-kategorii\/01_50\u2070N-20\u2070E_Multiversum.jpg\" class=\"gallery__item thumbnail\"\r\n                                    style=\"background-image: url(https:\/\/us.edu.pl\/instytut\/isp\/wp-content\/uploads\/sites\/46\/Bez-kategorii\/01_50\u2070N-20\u2070E_Multiversum.jpg)\"> <span class=\"d-none\">https:\/\/us.edu.pl\/instytut\/isp\/wp-content\/uploads\/sites\/46\/Bez-kategorii\/01_50\u2070N-20\u2070E_Multiversum.jpg<\/span> <\/a><a data-fancybox-group=\"button\" title=\"54\u2070N 17\u2070E_Multiversum\" data-fancybox=\"56\" href=\"https:\/\/us.edu.pl\/instytut\/isp\/wp-content\/uploads\/sites\/46\/Bez-kategorii\/02_54\u2070N-17\u2070E_Multiversum.jpg\" class=\"gallery__item thumbnail\"\r\n                                    style=\"background-image: url(https:\/\/us.edu.pl\/instytut\/isp\/wp-content\/uploads\/sites\/46\/Bez-kategorii\/02_54\u2070N-17\u2070E_Multiversum.jpg)\"> <span class=\"d-none\">https:\/\/us.edu.pl\/instytut\/isp\/wp-content\/uploads\/sites\/46\/Bez-kategorii\/02_54\u2070N-17\u2070E_Multiversum.jpg<\/span> <\/a><a data-fancybox-group=\"button\" title=\"48\u2070N 107\u2070E_Multiversum\" data-fancybox=\"56\" href=\"https:\/\/us.edu.pl\/instytut\/isp\/wp-content\/uploads\/sites\/46\/Bez-kategorii\/03_48\u2070N-107\u2070E_Multiversum.jpg\" class=\"gallery__item thumbnail\"\r\n                                    style=\"background-image: url(https:\/\/us.edu.pl\/instytut\/isp\/wp-content\/uploads\/sites\/46\/Bez-kategorii\/03_48\u2070N-107\u2070E_Multiversum.jpg)\"> <span class=\"d-none\">https:\/\/us.edu.pl\/instytut\/isp\/wp-content\/uploads\/sites\/46\/Bez-kategorii\/03_48\u2070N-107\u2070E_Multiversum.jpg<\/span> <\/a><a data-fancybox-group=\"button\" title=\"20\u2070N 66\u2070E_Multiversum\" data-fancybox=\"56\" href=\"https:\/\/us.edu.pl\/instytut\/isp\/wp-content\/uploads\/sites\/46\/Bez-kategorii\/04_20\u2070N-66\u2070E_Multiversum.jpg\" class=\"gallery__item thumbnail\"\r\n                                    style=\"background-image: url(https:\/\/us.edu.pl\/instytut\/isp\/wp-content\/uploads\/sites\/46\/Bez-kategorii\/04_20\u2070N-66\u2070E_Multiversum.jpg)\"> <span class=\"d-none\">https:\/\/us.edu.pl\/instytut\/isp\/wp-content\/uploads\/sites\/46\/Bez-kategorii\/04_20\u2070N-66\u2070E_Multiversum.jpg<\/span> <\/a><a data-fancybox-group=\"button\" title=\"\" data-fancybox=\"56\" href=\"https:\/\/us.edu.pl\/instytut\/isp\/wp-content\/uploads\/sites\/46\/Bez-kategorii\/05_40\u2070N-4\u2070E_Multiversum.jpg\" class=\"gallery__item thumbnail\"\r\n                                    style=\"background-image: url(https:\/\/us.edu.pl\/instytut\/isp\/wp-content\/uploads\/sites\/46\/Bez-kategorii\/05_40\u2070N-4\u2070E_Multiversum.jpg)\"> <span class=\"d-none\">https:\/\/us.edu.pl\/instytut\/isp\/wp-content\/uploads\/sites\/46\/Bez-kategorii\/05_40\u2070N-4\u2070E_Multiversum.jpg<\/span> <\/a>\r\n                            <\/div>\r\n                    <\/div>\r\n                <\/div>[\/vc_column][\/vc_row]<\/p>","protected":false},"excerpt":{"rendered":"<p>[vc_row][vc_column][\/vc_column][\/vc_row][vc_row][vc_column][\/vc_column][\/vc_row] [&#8230;]<\/p>\n<p><a class=\"btn btn-secondary understrap-read-more-link\" href=\"https:\/\/us.edu.pl\/instytut\/isp\/wykladowcy\/dr-agnieszka-jaworska\/\">Read More&#8230;<\/a><\/p>\n","protected":false},"author":110,"featured_media":0,"parent":995,"menu_order":0,"comment_status":"closed","ping_status":"closed","template":"","meta":{"_expiration-date-status":"","_expiration-date":0,"_expiration-date-type":"","_expiration-date-categories":[],"_expiration-date-options":[]},"acf":[],"_links":{"self":[{"href":"https:\/\/us.edu.pl\/instytut\/isp\/wp-json\/wp\/v2\/pages\/1269"}],"collection":[{"href":"https:\/\/us.edu.pl\/instytut\/isp\/wp-json\/wp\/v2\/pages"}],"about":[{"href":"https:\/\/us.edu.pl\/instytut\/isp\/wp-json\/wp\/v2\/types\/page"}],"author":[{"embeddable":true,"href":"https:\/\/us.edu.pl\/instytut\/isp\/wp-json\/wp\/v2\/users\/110"}],"replies":[{"embeddable":true,"href":"https:\/\/us.edu.pl\/instytut\/isp\/wp-json\/wp\/v2\/comments?post=1269"}],"version-history":[{"count":8,"href":"https:\/\/us.edu.pl\/instytut\/isp\/wp-json\/wp\/v2\/pages\/1269\/revisions"}],"predecessor-version":[{"id":2680,"href":"https:\/\/us.edu.pl\/instytut\/isp\/wp-json\/wp\/v2\/pages\/1269\/revisions\/2680"}],"up":[{"embeddable":true,"href":"https:\/\/us.edu.pl\/instytut\/isp\/wp-json\/wp\/v2\/pages\/995"}],"wp:attachment":[{"href":"https:\/\/us.edu.pl\/instytut\/isp\/wp-json\/wp\/v2\/media?parent=1269"}],"curies":[{"name":"wp","href":"https:\/\/api.w.org\/{rel}","templated":true}]}}