{"id":1393,"date":"2020-12-08T14:05:14","date_gmt":"2020-12-08T13:05:14","guid":{"rendered":"https:\/\/us.edu.pl\/instytut\/isp\/?page_id=1393"},"modified":"2020-12-08T14:15:58","modified_gmt":"2020-12-08T13:15:58","slug":"dr-hab-ryszard-pielesz-prof-us","status":"publish","type":"page","link":"https:\/\/us.edu.pl\/instytut\/isp\/wykladowcy\/dr-hab-ryszard-pielesz-prof-us\/","title":{"rendered":"dr hab. Ryszard Pielesz, prof. U\u015a"},"content":{"rendered":"<p>[vc_row][vc_column]\r\n                <div class=\"text-modules\">\r\n                    <div class=\"container\">\r\n                        <h3 class=\"page-title text__title\">dr hab. Ryszard Pielesz, prof. U\u015a<\/h3>\r\n                        <div class=\"text-modules__content\"><p>Urodzi\u0142 sie\u0328 w 1961 roku w Tarnowskich G\u00f3rach.<\/p>\n<p>Mieszka w Bielsku-Bia\u0142ej. Jest absolwentem Wydzia\u0142u Grafiki Akademii Sztuk Pie\u0328knych w Katowicach. Dyplom z medalem w 1990 roku.<\/p>\n<p>Od 1998 roku pracuje w Instytucie Sztuk Plastycznych na Wydziale Sztuki i Nauk o Edukacji w Cieszynie, Uniwersytetu S\u0301la\u0328skiego w Katowicach.<\/p>\n<p>W latach 1992\u20131997 by\u0142 cz\u0142onkiem Mie\u0328dzynarodowego Salonu Sztuki w Tokio.<\/p>\n<p>Obecnie prowadzi pracownie\u0328 grafiki projektowej.<\/p>\n<p>W roku 2005 sfinalizowa\u0142 przew\u00f3d habilitacyjny, kt\u00f3rego przedmiotem by\u0142y cykle grafik pod tytu\u0142em: Trawers, Przestrzenie i S\u0301wiat\u0142o, inspirowane natura\u0328.<\/p>\n<p>Prezentowa\u0142 swoje prace na wielu wystawach mie\u0328dzynarodowych, mie\u0328dzy innymi na:<\/p>\n<p>\u2013 Mie\u0328dzynarodowym Triennale Grafiki \u201eCuprum\u201d w Lubinie,<\/p>\n<p>\u2013 Og\u00f3lnopolskim Konkursie \u201eWobec Wartos\u0301ci\u201d w Muzeum Archidiecezjalnym w Katowicach,<\/p>\n<p>\u2013 Mie\u0328dzynarodowym Triennale Grafiki w Krakowie, Triennale Grafiki Polskiej w Katowicach,<\/p>\n<p>\u2013 Mie\u0328dzynarodowym Triennale Grafiki \u201ePrzeciw Wojnie\u201d na Majdanku,<\/p>\n<p>\u2013 Mie\u0328dzynarodowym Triennale Grafiki w Opawie, \u2013 Mie\u0328dzynarodowym Biennale Grafiki i Rysunku na Tajwanie.<\/p>\n<p>Zorganizowa\u0142 kilkadziesia\u0328t wystaw indywidualnych mie\u0328dzy innymi: w Tokio, Londynie, Berlinie, Maastricht, Aalborgu i Kopenhadze.<\/p>\n<p><strong>Wybrane nagrody i wyr\u00f3\u017cnienia:<\/strong><\/p>\n<p>Na\u00adgro\u00adda w dzie\u00addzi\u00adnie gra\u00adfi\u00adki, Biennale Sztuki; \u201eWsp\u00f3l\u00adno\u00adta II\u201d,\u00a0Ga\u00adle\u00adria \u201eFra An\u00adge\u00adli\u00adco\u201d, Ka\u00adto\u00adwi\u00adce.<\/p>\n<p>I na\u00adgro\u00adda, O\u00adg\u00f3l\u00adno\u00adpol\u00ads\u00adkie Bien\u00adna\u00adle Ry\u00adsun\u00adku Stu\u00adden\u00adckie\u00adgo,\u00a0\u201eGa\u00adle\u00adria ASP\u201d, Ka\u00adto\u00adwi\u00adce.<\/p>\n<p>Na\u00adgro\u00adda r\u00f3w\u00adno\u00adrz\u0119\u00add\u00adna, O\u00adg\u00f3l\u00adno\u00adpol\u00ads\u00adki Kon\u00adkurs na Gra\u00adfi\u00adk\u0119 Ar\u00adty\u00ads\u00adty\u00adcz\u00adn\u0105,\u00a0\u201eWo\u00adbec War\u00adto\u00ad\u015b\u00adci III\u201d, Mu\u00adzeum Ar\u00adchi\u00addie\u00adcez\u00adjal\u00adne w\u00a0Ka\u00adto\u00adwi\u00adcach.<\/p>\n<p>Na\u00adgro\u00adda fun\u00addo\u00adwa\u00adna, Trien\u00adna\u00adle Gra\u00adfi\u00adki Pol\u00ads\u00adkiej, Ga\u00adle\u00adria Sztu\u00adki Wsp\u00f3\u0142\u00adczes\u00adnej\u00a0BWA Ka\u00adto\u00adwi\u00adce.<\/p>\n<p>Me\u00addal ho\u00adno\u00adro\u00adwy, Mi\u0119\u00addzy\u00adna\u00adro\u00addo\u00adwe Trien\u00adna\u00adle Gra\u00adfi\u00adki \u201eCuprum\u201d,\u00a0Centrum Mie\u00addzio\u00adry\u00adtu, Lu\u00adbin.<\/p>\n<p>II nagroda, International Exhibition of Computer Graphics, Opava.<\/p>\n<p>Nagroda r\u00f3w\u00adno\u00adrz\u0119\u00add\u00adna w konkursie na projekt znaku graficznego\u00a0dla \u015al\u0105skiego Zamku Sztuki i Przedsi\u0119biorczo\u015bci w Cieszynie.<\/p>\n<p>24 Og\u00f3lnopolskie Triennale Plakatu w Katowicach, Nagroda Rektora Akademii Sztuk Pi\u0119knych w Katowicach.<\/p>\n<p><strong>Prace autora znajduj\u0105 si\u0119 w zbiorach polskich i\u00a0zagranicznych, m.in.:<\/strong><\/p>\n<p>Muzeum Archidiecezjalnym w Katowicach,<\/p>\n<p>Pa\u0144stwowym Muzeum na Majdanku,<\/p>\n<p>Muzeum w Bielsku-Bia\u0142ej,<\/p>\n<p>Kolekcji \u201eUnibank\u201d w Kopenhadze,<\/p>\n<p>Kolekcji Mi\u0119dzynarodowego Salonu Sztuki w Tokio,<\/p>\n<p>Kolekcji Vogel Publishing we Wroc\u0142awiu.<\/p>\n<p>Muzeum Archidiecezjalnym im Karola Wojty\u0142y w Krakowie,<\/p>\n<p>W kolekcjach prywatnych (oko\u0142o 120 prac graficznych i malarskich).<\/p>\n<p>W malarstwie i grafice Inspiruje si\u0119 pejzaz\u0307em g\u00f3rskim i motywami ska\u0142. Najnowsze prace malarskie z roku 2020 prezentuje na wystawie w galerii \u201eHot Bed Press\u201d w Manchester.<\/p>\n<p>W zakresie sztuki uz\u0307ytkowej zajmuje sie\u0328 projektowaniem plakat\u00f3w, publikacji wydawniczych i znak\u00f3w graficznych.<\/p>\n<\/div>\r\n                    <\/div>\r\n                <\/div>[\/vc_column][\/vc_row][vc_row][vc_column]            \r\n                    <div class=\"container\">\r\n                        <div class=\"gallery gallery_2\" data-images-in-row=\"2\">\r\n                            \r\n                            <div class=\"row m-0\">\r\n                                <a data-fancybox-group=\"button\" title=\"Bratu.., 100 \u00d7 70 cm, druk cyfrowy, 2001r.\" data-fancybox=\"6635\" href=\"https:\/\/us.edu.pl\/instytut\/isp\/wp-content\/uploads\/sites\/46\/Nieprzypisane\/Bratu..-100-\u00d7-70-cm-druk-cyfrowy-2001r..jpg\" class=\"gallery__item thumbnail\"\r\n                                    style=\"background-image: url(https:\/\/us.edu.pl\/instytut\/isp\/wp-content\/uploads\/sites\/46\/Nieprzypisane\/Bratu..-100-\u00d7-70-cm-druk-cyfrowy-2001r..jpg)\"> <span class=\"d-none\">https:\/\/us.edu.pl\/instytut\/isp\/wp-content\/uploads\/sites\/46\/Nieprzypisane\/Bratu..-100-\u00d7-70-cm-druk-cyfrowy-2001r..jpg<\/span> <\/a><a data-fancybox-group=\"button\" title=\"Brzask, 100 \u00d7 68 cm, technika mieszana, papier, 2020r.\" data-fancybox=\"6635\" href=\"https:\/\/us.edu.pl\/instytut\/isp\/wp-content\/uploads\/sites\/46\/Nieprzypisane\/Brzask-100-\u00d7-68-cm-technika-mieszana-papier-2020r..jpg\" class=\"gallery__item thumbnail\"\r\n                                    style=\"background-image: url(https:\/\/us.edu.pl\/instytut\/isp\/wp-content\/uploads\/sites\/46\/Nieprzypisane\/Brzask-100-\u00d7-68-cm-technika-mieszana-papier-2020r..jpg)\"> <span class=\"d-none\">https:\/\/us.edu.pl\/instytut\/isp\/wp-content\/uploads\/sites\/46\/Nieprzypisane\/Brzask-100-\u00d7-68-cm-technika-mieszana-papier-2020r..jpg<\/span> <\/a><a data-fancybox-group=\"button\" title=\"Dotkni\u0119cie Pustki, 99 \u00d7 70 cm, technika mieszana, papier, 2020r.\" data-fancybox=\"6635\" href=\"https:\/\/us.edu.pl\/instytut\/isp\/wp-content\/uploads\/sites\/46\/Nieprzypisane\/Dotkni\u0119cie-Pustki-99-\u00d7-70-cm-technika-mieszana-papier-2020r..jpg\" class=\"gallery__item thumbnail\"\r\n                                    style=\"background-image: url(https:\/\/us.edu.pl\/instytut\/isp\/wp-content\/uploads\/sites\/46\/Nieprzypisane\/Dotkni\u0119cie-Pustki-99-\u00d7-70-cm-technika-mieszana-papier-2020r..jpg)\"> <span class=\"d-none\">https:\/\/us.edu.pl\/instytut\/isp\/wp-content\/uploads\/sites\/46\/Nieprzypisane\/Dotkni\u0119cie-Pustki-99-\u00d7-70-cm-technika-mieszana-papier-2020r..jpg<\/span> <\/a><a data-fancybox-group=\"button\" title=\"dyptyk Mistyka G\u00f3r V, 200 \u00d7 70 cm, druk cyfrowy, 2015\" data-fancybox=\"6635\" href=\"https:\/\/us.edu.pl\/instytut\/isp\/wp-content\/uploads\/sites\/46\/Nieprzypisane\/dyptyk-Mistyka-G\u00f3r-V-200-\u00d7-70-cm-druk-cyfrowy-2015.jpg\" class=\"gallery__item thumbnail\"\r\n                                    style=\"background-image: url(https:\/\/us.edu.pl\/instytut\/isp\/wp-content\/uploads\/sites\/46\/Nieprzypisane\/dyptyk-Mistyka-G\u00f3r-V-200-\u00d7-70-cm-druk-cyfrowy-2015.jpg)\"> <span class=\"d-none\">https:\/\/us.edu.pl\/instytut\/isp\/wp-content\/uploads\/sites\/46\/Nieprzypisane\/dyptyk-Mistyka-G\u00f3r-V-200-\u00d7-70-cm-druk-cyfrowy-2015.jpg<\/span> <\/a><a data-fancybox-group=\"button\" title=\"Imaginacja cienia, 98 \u00d7 64 cm, technika mieszana, papier, 2020r.\" data-fancybox=\"6635\" href=\"https:\/\/us.edu.pl\/instytut\/isp\/wp-content\/uploads\/sites\/46\/Nieprzypisane\/Imaginacja-cienia-98-\u00d7-64-cm-technika-mieszana-papier-2020r..jpg\" class=\"gallery__item thumbnail\"\r\n                                    style=\"background-image: url(https:\/\/us.edu.pl\/instytut\/isp\/wp-content\/uploads\/sites\/46\/Nieprzypisane\/Imaginacja-cienia-98-\u00d7-64-cm-technika-mieszana-papier-2020r..jpg)\"> <span class=\"d-none\">https:\/\/us.edu.pl\/instytut\/isp\/wp-content\/uploads\/sites\/46\/Nieprzypisane\/Imaginacja-cienia-98-\u00d7-64-cm-technika-mieszana-papier-2020r..jpg<\/span> <\/a><a data-fancybox-group=\"button\" title=\"Misterium \u015awiat\u0142a, 100 \u00d7 66 cm, technika mieszana, papier, 2020r.\u2028\" data-fancybox=\"6635\" href=\"https:\/\/us.edu.pl\/instytut\/isp\/wp-content\/uploads\/sites\/46\/Nieprzypisane\/Misterium-\u015awiat\u0142a-100-\u00d7-66-cm-technika-mieszana-papier-2020r.\u2028.jpg\" class=\"gallery__item thumbnail\"\r\n                                    style=\"background-image: url(https:\/\/us.edu.pl\/instytut\/isp\/wp-content\/uploads\/sites\/46\/Nieprzypisane\/Misterium-\u015awiat\u0142a-100-\u00d7-66-cm-technika-mieszana-papier-2020r.\u2028.jpg)\"> <span class=\"d-none\">https:\/\/us.edu.pl\/instytut\/isp\/wp-content\/uploads\/sites\/46\/Nieprzypisane\/Misterium-\u015awiat\u0142a-100-\u00d7-66-cm-technika-mieszana-papier-2020r.\u2028.jpg<\/span> <\/a>\r\n                            <\/div>\r\n                    <\/div>\r\n                <\/div>[\/vc_column][\/vc_row]<\/p>","protected":false},"excerpt":{"rendered":"<p>[vc_row][vc_column][\/vc_column][\/vc_row][vc_row][vc_column][\/vc_column][\/vc_row] [&#8230;]<\/p>\n<p><a class=\"btn btn-secondary understrap-read-more-link\" href=\"https:\/\/us.edu.pl\/instytut\/isp\/wykladowcy\/dr-hab-ryszard-pielesz-prof-us\/\">Read More&#8230;<\/a><\/p>\n","protected":false},"author":110,"featured_media":0,"parent":995,"menu_order":0,"comment_status":"closed","ping_status":"closed","template":"","meta":{"_expiration-date-status":"saved","_expiration-date":0,"_expiration-date-type":"","_expiration-date-categories":[],"_expiration-date-options":[]},"acf":[],"_links":{"self":[{"href":"https:\/\/us.edu.pl\/instytut\/isp\/wp-json\/wp\/v2\/pages\/1393"}],"collection":[{"href":"https:\/\/us.edu.pl\/instytut\/isp\/wp-json\/wp\/v2\/pages"}],"about":[{"href":"https:\/\/us.edu.pl\/instytut\/isp\/wp-json\/wp\/v2\/types\/page"}],"author":[{"embeddable":true,"href":"https:\/\/us.edu.pl\/instytut\/isp\/wp-json\/wp\/v2\/users\/110"}],"replies":[{"embeddable":true,"href":"https:\/\/us.edu.pl\/instytut\/isp\/wp-json\/wp\/v2\/comments?post=1393"}],"version-history":[{"count":2,"href":"https:\/\/us.edu.pl\/instytut\/isp\/wp-json\/wp\/v2\/pages\/1393\/revisions"}],"predecessor-version":[{"id":1411,"href":"https:\/\/us.edu.pl\/instytut\/isp\/wp-json\/wp\/v2\/pages\/1393\/revisions\/1411"}],"up":[{"embeddable":true,"href":"https:\/\/us.edu.pl\/instytut\/isp\/wp-json\/wp\/v2\/pages\/995"}],"wp:attachment":[{"href":"https:\/\/us.edu.pl\/instytut\/isp\/wp-json\/wp\/v2\/media?parent=1393"}],"curies":[{"name":"wp","href":"https:\/\/api.w.org\/{rel}","templated":true}]}}